flight 121303 linux-3.18 real [real]
http://logs.test-lab.xenproject.org/osstest/logs/121303/

Regressions :-(

Tests which did not succeed and are blocking,
including tests which could not be run:
 build-armhf-libvirt             <job status>                 broken  in 121268
 build-armhf-libvirt           6 libvirt-build            fail REGR. vs. 121099
 build-armhf-libvirt          5 host-build-prep fail in 121268 REGR. vs. 121099

Tests which are failing intermittently (not blocking):
 test-amd64-amd64-xl-qemut-debianhvm-amd64-xsm 16 guest-localmigrate/x10 fail 
pass in 121268

Tests which did not succeed, but are not blocking:
 test-arm64-arm64-xl-credit2   1 build-check(1)               blocked  n/a
 test-arm64-arm64-xl-xsm       1 build-check(1)               blocked  n/a
 test-arm64-arm64-examine      1 build-check(1)               blocked  n/a
 test-arm64-arm64-libvirt-xsm  1 build-check(1)               blocked  n/a
 test-armhf-armhf-libvirt-raw  1 build-check(1)               blocked  n/a
 test-armhf-armhf-libvirt      1 build-check(1)               blocked  n/a
 test-arm64-arm64-xl           1 build-check(1)               blocked  n/a
 test-armhf-armhf-libvirt-xsm  1 build-check(1)               blocked  n/a
 test-amd64-i386-xl-qemuu-win7-amd64 17 guest-stop             fail like 121099
 test-amd64-amd64-xl-qemuu-win7-amd64 17 guest-stop            fail like 121099
 test-amd64-amd64-xl-qemut-win7-amd64 17 guest-stop            fail like 121099
 test-amd64-i386-xl-qemut-win7-amd64 17 guest-stop             fail like 121099
 test-amd64-amd64-xl-pvhv2-intel 12 guest-start                 fail never pass
 test-amd64-amd64-xl-pvhv2-amd 12 guest-start                  fail  never pass
 test-amd64-i386-xl-pvshim    12 guest-start                  fail   never pass
 test-amd64-amd64-libvirt     13 migrate-support-check        fail   never pass
 test-amd64-i386-libvirt-xsm  13 migrate-support-check        fail   never pass
 test-amd64-i386-libvirt      13 migrate-support-check        fail   never pass
 test-amd64-amd64-libvirt-xsm 13 migrate-support-check        fail   never pass
 build-arm64-pvops             6 kernel-build                 fail   never pass
 test-amd64-i386-libvirt-qemuu-debianhvm-amd64-xsm 11 migrate-support-check 
fail never pass
 test-amd64-amd64-libvirt-qemuu-debianhvm-amd64-xsm 11 migrate-support-check 
fail never pass
 test-amd64-amd64-qemuu-nested-amd 17 debian-hvm-install/l1/l2  fail never pass
 test-amd64-amd64-libvirt-vhd 12 migrate-support-check        fail   never pass
 test-armhf-armhf-xl          13 migrate-support-check        fail   never pass
 test-armhf-armhf-xl          14 saverestore-support-check    fail   never pass
 test-armhf-armhf-xl-xsm      13 migrate-support-check        fail   never pass
 test-armhf-armhf-xl-xsm      14 saverestore-support-check    fail   never pass
 test-armhf-armhf-xl-multivcpu 13 migrate-support-check        fail  never pass
 test-armhf-armhf-xl-multivcpu 14 saverestore-support-check    fail  never pass
 test-armhf-armhf-xl-cubietruck 13 migrate-support-check        fail never pass
 test-armhf-armhf-xl-cubietruck 14 saverestore-support-check    fail never pass
 test-armhf-armhf-xl-credit2  13 migrate-support-check        fail   never pass
 test-armhf-armhf-xl-credit2  14 saverestore-support-check    fail   never pass
 test-armhf-armhf-xl-rtds     13 migrate-support-check        fail   never pass
 test-armhf-armhf-xl-rtds     14 saverestore-support-check    fail   never pass
 test-armhf-armhf-xl-arndale  13 migrate-support-check        fail   never pass
 test-amd64-i386-xl-qemut-ws16-amd64 17 guest-stop              fail never pass
 test-armhf-armhf-xl-arndale  14 saverestore-support-check    fail   never pass
 test-amd64-amd64-xl-qemuu-ws16-amd64 17 guest-stop             fail never pass
 test-amd64-i386-xl-qemuu-ws16-amd64 17 guest-stop              fail never pass
 test-amd64-amd64-xl-qemut-ws16-amd64 17 guest-stop             fail never pass
 test-armhf-armhf-xl-vhd      12 migrate-support-check        fail   never pass
 test-armhf-armhf-xl-vhd      13 saverestore-support-check    fail   never pass
 test-amd64-i386-xl-qemuu-win10-i386 10 windows-install         fail never pass
 test-amd64-i386-xl-qemut-win10-i386 10 windows-install         fail never pass
 test-amd64-amd64-xl-qemuu-win10-i386 10 windows-install        fail never pass
 test-amd64-amd64-xl-qemut-win10-i386 10 windows-install        fail never pass

version targeted for testing:
 linux                9764536dc592144beee43c987fef45d2e91ca55c
baseline version:
 linux                44ec71c0cd728e8cbd346e135eef9b43b03654ab

Last test of basis   121099  2018-03-23 23:27:33 Z    4 days
Testing same since   121268  2018-03-25 10:19:05 Z    2 days    2 attempts

------------------------------------------------------------
People who touched revisions under test:
  Aaron Brown <aaron.f.br...@intel.com>
  Alexandre Belloni <alexandre.bell...@free-electrons.com>
  Alexey Kardashevskiy <a...@ozlabs.ru>
  Alexey Khoroshilov <khoroshi...@ispras.ru>
  Anthony Brandon <anth...@amarulasolutions.com>
  Bartlomiej Zolnierkiewicz <b.zolnier...@samsung.com>
  Bernd Faust <berndfa...@gmail.com>
  Bjorn Helgaas <bhelg...@google.com>
  Christophe JAILLET <christophe.jail...@wanadoo.fr>
  Corey Minyard <cminy...@mvista.com>
  Dan Carpenter <dan.carpen...@oracle.com>
  Daniel Drake <dr...@endlessm.com>
  Darren Hart (VMware) <dvh...@infradead.org>
  David Ahern <d...@cumulusnetworks.com>
  David Gibson <da...@gibson.dropbear.id.au>
  David S. Miller <da...@davemloft.net>
  Dick Kennedy <dick.kenn...@broadcom.com>
  Dmitry Torokhov <dmitry.torok...@gmail.com>
  Doug Ledford <dledf...@redhat.com>
  Edgar Cherkasov <echerka...@dev.rtsoft.ru>
  Emmanuel Grumbach <emmanuel.grumb...@intel.com>
  Erez Shitrit <ere...@mellanox.com>
  Eric Dumazet <eduma...@google.com>
  Feras Daoud <fera...@mellanox.com>
  Filipe Manana <fdman...@suse.com>
  Finn Thain <fth...@telegraphics.com.au>
  Florian Fainelli <f.faine...@gmail.com>
  Greg Kroah-Hartman <gre...@linuxfoundation.org>
  Hannes Frederic Sowa <han...@stressinduktion.org>
  Hans de Goede <hdego...@redhat.com>
  Jacob Keller <jacob.e.kel...@intel.com>
  James Smart <james.sm...@broadcom.com>
  James Smart <jsmart2...@gmail.com>
  Jasmin J <jas...@anw.at>
  Jasmin jessich <jas...@anw.at>
  Jason Gunthorpe <j...@mellanox.com>
  Jeff Kirsher <jeffrey.t.kirs...@intel.com>
  Johannes Berg <johannes.b...@intel.com>
  Kalle Valo <kv...@codeaurora.org>
  Kalle Valo <kv...@qca.qualcomm.com>
  Keerthy <j-keer...@ti.com>
  Kishon Vijay Abraham I <kis...@ti.com>
  Lee Jones <lee.jo...@linaro.org>
  Leon Romanovsky <l...@kernel.org>
  Leon Romanovsky <leo...@mellanox.com>
  Linus Torvalds <torva...@linux-foundation.org>
  Linus Walleij <linus.wall...@linaro.org>
  Luca Coelho <luciano.coe...@intel.com>
  Maksim Salau <maksim.sa...@gmail.com>
  Marc Zyngier <marc.zyng...@arm.com>
  Marek Vasut <ma...@denx.de>
  Mark Brown <broo...@kernel.org>
  Martin K. Petersen <martin.peter...@oracle.com>
  Martin Kepplinger <martin.kepplin...@ginzinger.com>
  Mauro Carvalho Chehab <mche...@s-opensource.com>
  Michael Brunner <michael.brun...@kontron.com>
  Michael Trimarchi <mich...@amarulasolutions.com>
  Mikhail Paulyshka <m...@mixaill.tk>
  Mohammed Shafi Shajakhan <moham...@qti.qualcomm.com>
  Pan Bian <bianpan2...@163.com>
  Paolo Bonzini <pbonz...@redhat.com>
  Parav Pandit <pa...@mellanox.com>
  Paul Mackerras <pau...@ozlabs.org>
  Peter Ujfalusi <peter.ujfal...@ti.com>
  Prakash Kamliya <pkaml...@codeaurora.org>
  Ralph Metzler <r...@metzlerbros.de>
  Rob Clark <robdcl...@gmail.com>
  Robert Lippert <rlipp...@google.com>
  Robert Lippert <rob...@gmail.com>
  Ron Economos <w...@comcast.net>
  Santeri Toivonen <santeri.toivo...@vatsul.com>
  Sasha Levin <alexander.le...@microsoft.com>
  Sasha Neftin <sasha.nef...@intel.com>
  Scott Wood <sw...@redhat.com>
  Sebastian Reichel <sebastian.reic...@collabora.co.uk>
  Sebastian Reichel <s...@kernel.org>
  Sergei Trofimovich <sly...@gentoo.org>
  Sergej Sawazki <ser...@taudac.com>
  Shaohua Li <s...@fb.com>
  Sharat Masetty <smase...@codeaurora.org>
  Stephen Boyd <sb...@codeaurora.org>
  Steve French <smfre...@gmail.com>
  Takashi Iwai <ti...@suse.de>
  Thomas Gleixner <t...@linutronix.de>
  Tomi Valkeinen <tomi.valkei...@ti.com>
  Tony Lindgren <t...@atomide.com>
  Tony Luck <tony.l...@intel.com>
  Ulf Hansson <ulf.hans...@linaro.org>
  Viktor Krasnov <vkras...@dev.rtsoft.ru>
  Viresh Kumar <viresh.ku...@linaro.org>
  Wolfram Sang <w...@the-dreams.de>
  Yuchung Cheng <ych...@google.com>
  Émeric MASCHINO <emeric.masch...@gmail.com>

jobs:
 build-amd64-xsm                                              pass    
 build-arm64-xsm                                              pass    
 build-armhf-xsm                                              pass    
 build-i386-xsm                                               pass    
 build-amd64                                                  pass    
 build-arm64                                                  pass    
 build-armhf                                                  pass    
 build-i386                                                   pass    
 build-amd64-libvirt                                          pass    
 build-arm64-libvirt                                          pass    
 build-armhf-libvirt                                          fail    
 build-i386-libvirt                                           pass    
 build-amd64-pvops                                            pass    
 build-arm64-pvops                                            fail    
 build-armhf-pvops                                            pass    
 build-i386-pvops                                             pass    
 build-amd64-rumprun                                          pass    
 build-i386-rumprun                                           pass    
 test-amd64-amd64-xl                                          pass    
 test-arm64-arm64-xl                                          blocked 
 test-armhf-armhf-xl                                          pass    
 test-amd64-i386-xl                                           pass    
 test-amd64-amd64-xl-qemut-debianhvm-amd64-xsm                fail    
 test-amd64-i386-xl-qemut-debianhvm-amd64-xsm                 pass    
 test-amd64-amd64-libvirt-qemuu-debianhvm-amd64-xsm           pass    
 test-amd64-i386-libvirt-qemuu-debianhvm-amd64-xsm            pass    
 test-amd64-amd64-xl-qemuu-debianhvm-amd64-xsm                pass    
 test-amd64-i386-xl-qemuu-debianhvm-amd64-xsm                 pass    
 test-amd64-amd64-xl-qemut-stubdom-debianhvm-amd64-xsm        pass    
 test-amd64-i386-xl-qemut-stubdom-debianhvm-amd64-xsm         pass    
 test-amd64-amd64-libvirt-xsm                                 pass    
 test-arm64-arm64-libvirt-xsm                                 blocked 
 test-armhf-armhf-libvirt-xsm                                 blocked 
 test-amd64-i386-libvirt-xsm                                  pass    
 test-amd64-amd64-xl-xsm                                      pass    
 test-arm64-arm64-xl-xsm                                      blocked 
 test-armhf-armhf-xl-xsm                                      pass    
 test-amd64-i386-xl-xsm                                       pass    
 test-amd64-amd64-qemuu-nested-amd                            fail    
 test-amd64-amd64-xl-pvhv2-amd                                fail    
 test-amd64-i386-qemut-rhel6hvm-amd                           pass    
 test-amd64-i386-qemuu-rhel6hvm-amd                           pass    
 test-amd64-amd64-xl-qemut-debianhvm-amd64                    pass    
 test-amd64-i386-xl-qemut-debianhvm-amd64                     pass    
 test-amd64-amd64-xl-qemuu-debianhvm-amd64                    pass    
 test-amd64-i386-xl-qemuu-debianhvm-amd64                     pass    
 test-amd64-i386-freebsd10-amd64                              pass    
 test-amd64-amd64-xl-qemuu-ovmf-amd64                         pass    
 test-amd64-i386-xl-qemuu-ovmf-amd64                          pass    
 test-amd64-amd64-rumprun-amd64                               pass    
 test-amd64-amd64-xl-qemut-win7-amd64                         fail    
 test-amd64-i386-xl-qemut-win7-amd64                          fail    
 test-amd64-amd64-xl-qemuu-win7-amd64                         fail    
 test-amd64-i386-xl-qemuu-win7-amd64                          fail    
 test-amd64-amd64-xl-qemut-ws16-amd64                         fail    
 test-amd64-i386-xl-qemut-ws16-amd64                          fail    
 test-amd64-amd64-xl-qemuu-ws16-amd64                         fail    
 test-amd64-i386-xl-qemuu-ws16-amd64                          fail    
 test-armhf-armhf-xl-arndale                                  pass    
 test-amd64-amd64-xl-credit2                                  pass    
 test-arm64-arm64-xl-credit2                                  blocked 
 test-armhf-armhf-xl-credit2                                  pass    
 test-armhf-armhf-xl-cubietruck                               pass    
 test-amd64-amd64-examine                                     pass    
 test-arm64-arm64-examine                                     blocked 
 test-armhf-armhf-examine                                     pass    
 test-amd64-i386-examine                                      pass    
 test-amd64-i386-freebsd10-i386                               pass    
 test-amd64-i386-rumprun-i386                                 pass    
 test-amd64-amd64-xl-qemut-win10-i386                         fail    
 test-amd64-i386-xl-qemut-win10-i386                          fail    
 test-amd64-amd64-xl-qemuu-win10-i386                         fail    
 test-amd64-i386-xl-qemuu-win10-i386                          fail    
 test-amd64-amd64-qemuu-nested-intel                          pass    
 test-amd64-amd64-xl-pvhv2-intel                              fail    
 test-amd64-i386-qemut-rhel6hvm-intel                         pass    
 test-amd64-i386-qemuu-rhel6hvm-intel                         pass    
 test-amd64-amd64-libvirt                                     pass    
 test-armhf-armhf-libvirt                                     blocked 
 test-amd64-i386-libvirt                                      pass    
 test-amd64-amd64-xl-multivcpu                                pass    
 test-armhf-armhf-xl-multivcpu                                pass    
 test-amd64-amd64-pair                                        pass    
 test-amd64-i386-pair                                         pass    
 test-amd64-amd64-libvirt-pair                                pass    
 test-amd64-i386-libvirt-pair                                 pass    
 test-amd64-amd64-amd64-pvgrub                                pass    
 test-amd64-amd64-i386-pvgrub                                 pass    
 test-amd64-amd64-xl-pvshim                                   pass    
 test-amd64-i386-xl-pvshim                                    fail    
 test-amd64-amd64-pygrub                                      pass    
 test-amd64-amd64-xl-qcow2                                    pass    
 test-armhf-armhf-libvirt-raw                                 blocked 
 test-amd64-i386-xl-raw                                       pass    
 test-amd64-amd64-xl-rtds                                     pass    
 test-armhf-armhf-xl-rtds                                     pass    
 test-amd64-amd64-libvirt-vhd                                 pass    
 test-armhf-armhf-xl-vhd                                      pass    


------------------------------------------------------------
sg-report-flight on osstest.test-lab.xenproject.org
logs: /home/logs/logs
images: /home/logs/images

Logs, config files, etc. are available at
    http://logs.test-lab.xenproject.org/osstest/logs

Explanation of these reports, and of osstest in general, is at
    http://xenbits.xen.org/gitweb/?p=osstest.git;a=blob;f=README.email;hb=master
    http://xenbits.xen.org/gitweb/?p=osstest.git;a=blob;f=README;hb=master

Test harness code can be found at
    http://xenbits.xen.org/gitweb?p=osstest.git;a=summary

broken-job build-armhf-libvirt broken

Not pushing.

(No revision log; it would be 1453 lines long.)

_______________________________________________
Xen-devel mailing list
Xen-devel@lists.xenproject.org
https://lists.xenproject.org/mailman/listinfo/xen-devel

Reply via email to