flight 165974 linux-linus real [real]
http://logs.test-lab.xenproject.org/osstest/logs/165974/

Regressions :-(

Tests which did not succeed and are blocking,
including tests which could not be run:
 build-amd64-pvops             6 kernel-build             fail REGR. vs. 165965
 build-i386-pvops              6 kernel-build             fail REGR. vs. 165965
 build-armhf-pvops             6 kernel-build             fail REGR. vs. 165965

Tests which did not succeed, but are not blocking:
 test-armhf-armhf-xl-cubietruck  1 build-check(1)               blocked  n/a
 test-armhf-armhf-xl-multivcpu  1 build-check(1)               blocked  n/a
 test-armhf-armhf-xl-rtds      1 build-check(1)               blocked  n/a
 test-armhf-armhf-xl-vhd       1 build-check(1)               blocked  n/a
 test-amd64-coresched-amd64-xl  1 build-check(1)               blocked  n/a
 test-amd64-amd64-xl-xsm       1 build-check(1)               blocked  n/a
 test-amd64-amd64-xl-vhd       1 build-check(1)               blocked  n/a
 test-amd64-amd64-xl-shadow    1 build-check(1)               blocked  n/a
 test-amd64-amd64-xl-rtds      1 build-check(1)               blocked  n/a
 test-amd64-amd64-xl-qemuu-ws16-amd64  1 build-check(1)             blocked n/a
 test-amd64-amd64-xl-qemuu-win7-amd64  1 build-check(1)             blocked n/a
 test-amd64-amd64-xl-qemuu-ovmf-amd64  1 build-check(1)             blocked n/a
 test-amd64-amd64-xl-qemuu-dmrestrict-amd64-dmrestrict 1 build-check(1) blocked 
n/a
 test-amd64-amd64-xl-qemuu-debianhvm-i386-xsm  1 build-check(1)     blocked n/a
 test-amd64-amd64-xl-qemuu-debianhvm-amd64-shadow  1 build-check(1) blocked n/a
 test-amd64-amd64-xl-qemuu-debianhvm-amd64  1 build-check(1)        blocked n/a
 test-amd64-amd64-xl-qemut-ws16-amd64  1 build-check(1)             blocked n/a
 test-amd64-amd64-xl-qemut-win7-amd64  1 build-check(1)             blocked n/a
 test-amd64-amd64-xl-qemut-stubdom-debianhvm-amd64-xsm 1 build-check(1) blocked 
n/a
 test-amd64-amd64-xl-qemut-debianhvm-i386-xsm  1 build-check(1)     blocked n/a
 test-amd64-amd64-dom0pvh-xl-amd  1 build-check(1)               blocked  n/a
 test-amd64-amd64-xl-qemut-debianhvm-amd64  1 build-check(1)        blocked n/a
 test-amd64-amd64-dom0pvh-xl-intel  1 build-check(1)               blocked  n/a
 test-amd64-amd64-xl-pvshim    1 build-check(1)               blocked  n/a
 test-amd64-amd64-examine      1 build-check(1)               blocked  n/a
 test-amd64-amd64-freebsd11-amd64  1 build-check(1)               blocked  n/a
 test-amd64-amd64-freebsd12-amd64  1 build-check(1)               blocked  n/a
 test-amd64-amd64-xl-pvhv2-intel  1 build-check(1)               blocked  n/a
 test-amd64-amd64-libvirt      1 build-check(1)               blocked  n/a
 test-amd64-amd64-libvirt-pair  1 build-check(1)               blocked  n/a
 test-amd64-amd64-xl-pvhv2-amd  1 build-check(1)               blocked  n/a
 test-amd64-amd64-libvirt-qcow2  1 build-check(1)               blocked  n/a
 test-amd64-amd64-libvirt-qemuu-debianhvm-amd64-xsm 1 build-check(1) blocked n/a
 test-amd64-amd64-xl-multivcpu  1 build-check(1)               blocked  n/a
 test-amd64-amd64-libvirt-raw  1 build-check(1)               blocked  n/a
 test-amd64-amd64-libvirt-xsm  1 build-check(1)               blocked  n/a
 test-amd64-amd64-xl-credit2   1 build-check(1)               blocked  n/a
 test-amd64-amd64-pair         1 build-check(1)               blocked  n/a
 test-amd64-amd64-pygrub       1 build-check(1)               blocked  n/a
 test-amd64-amd64-xl-credit1   1 build-check(1)               blocked  n/a
 test-amd64-amd64-qemuu-nested-amd  1 build-check(1)               blocked  n/a
 test-amd64-amd64-qemuu-nested-intel  1 build-check(1)              blocked n/a
 test-amd64-amd64-xl           1 build-check(1)               blocked  n/a
 test-armhf-armhf-examine      1 build-check(1)               blocked  n/a
 test-armhf-armhf-libvirt      1 build-check(1)               blocked  n/a
 test-armhf-armhf-libvirt-qcow2  1 build-check(1)               blocked  n/a
 test-armhf-armhf-libvirt-raw  1 build-check(1)               blocked  n/a
 test-armhf-armhf-xl           1 build-check(1)               blocked  n/a
 test-armhf-armhf-xl-arndale   1 build-check(1)               blocked  n/a
 test-armhf-armhf-xl-credit1   1 build-check(1)               blocked  n/a
 test-armhf-armhf-xl-credit2   1 build-check(1)               blocked  n/a
 test-arm64-arm64-xl-seattle  15 migrate-support-check        fail   never pass
 test-arm64-arm64-xl-seattle  16 saverestore-support-check    fail   never pass
 test-arm64-arm64-xl          15 migrate-support-check        fail   never pass
 test-arm64-arm64-xl          16 saverestore-support-check    fail   never pass
 test-arm64-arm64-xl-xsm      15 migrate-support-check        fail   never pass
 test-arm64-arm64-xl-xsm      16 saverestore-support-check    fail   never pass
 test-arm64-arm64-xl-thunderx 15 migrate-support-check        fail   never pass
 test-arm64-arm64-xl-credit2  15 migrate-support-check        fail   never pass
 test-arm64-arm64-xl-thunderx 16 saverestore-support-check    fail   never pass
 test-arm64-arm64-xl-credit2  16 saverestore-support-check    fail   never pass
 test-arm64-arm64-libvirt-xsm 15 migrate-support-check        fail   never pass
 test-arm64-arm64-libvirt-xsm 16 saverestore-support-check    fail   never pass
 test-arm64-arm64-libvirt-raw 14 migrate-support-check        fail   never pass
 test-arm64-arm64-libvirt-raw 15 saverestore-support-check    fail   never pass
 test-arm64-arm64-xl-vhd      14 migrate-support-check        fail   never pass
 test-arm64-arm64-xl-vhd      15 saverestore-support-check    fail   never pass
 test-arm64-arm64-xl-credit1  15 migrate-support-check        fail   never pass
 test-arm64-arm64-xl-credit1  16 saverestore-support-check    fail   never pass

version targeted for testing:
 linux                19901165d90fdca1e57c9baa0d5b4c63d15c476a
baseline version:
 linux                8bb7eca972ad531c9b149c0a51ab43a417385813

Last test of basis   165965  2021-11-01 01:11:29 Z    0 days
Testing same since   165974  2021-11-01 17:40:47 Z    0 days    1 attempts

------------------------------------------------------------
People who touched revisions under test:
  Anders Roxell <anders.rox...@linaro.org>
  Andrea Righi <andrea.ri...@canonical.com>
  Anton Altaparmakov <an...@tuxera.com>
  Arnd Bergmann <a...@arndb.de>
  Bart Van Assche <bvanass...@acm.org>
  Bixuan Cui <cuibix...@huawei.com>
  Cai Huoqing <caihuoq...@baidu.com>
  Changcheng Deng <deng.changch...@zte.com.cn>
  Chao Yu <yuch...@huawei.com>
  Christoph Hellwig <h...@lst.de>
  Christophe JAILLET <christophe.jail...@wanadoo.fr>
  Coly Li <col...@suse.de>
  Damien Le Moal <damien.lem...@wdc.com>
  Dan Carpenter <dan.carpen...@oracle.com>
  Dave Kleikamp <dave.kleik...@oracle.com>
  David Sterba <dste...@suse.com>
  Dennis Zhou <den...@kernel.org>
  Ding Senjie <dingsen...@yulong.com>
  Eric Biggers <ebigg...@google.com>
  Geert Uytterhoeven <ge...@linux-m68k.org>
  Greg Kroah-Hartman <gre...@linuxfoundation.org>
  Guoqing Jiang <guoqing.ji...@linux.dev>
  Hannes Reinecke <h...@suse.de>
  Hao Wu <hao...@rubrik.com>
  Hao Xu <ha...@linux.alibaba.com>
  Heiko Carstens <h...@linux.ibm.com>
  Israel Rukshin <isra...@nvidia.com>
  J. Bruce Fields <bfie...@redhat.com>
  Jack Wang <jinpu.w...@ionos.com>
  Jackie Liu <liuyu...@kylinos.cn>
  Jan Höppner <hoepp...@linux.ibm.com>
  Jarkko Sakkinen <jar...@kernel.org>
  Jeff Layton <jlay...@kernel.org>
  Jens Axboe <ax...@kernel.dk>
  Jiapeng Chong <jiapeng.ch...@linux.alibaba.com>
  Johannes Weiner <han...@cmpxchg.org>
  John Garry <john.ga...@huawei.com>
  John Levon <john.le...@nutanix.com>
  Kashyap Desai <kashyap.de...@broadcom.com>
  Kees Cook <keesc...@chromium.org>
  Keith Busch <kbu...@kernel.org>
  Kirill A. Shutemov <kirill.shute...@linux.intel.com>
  Len Baker <len.ba...@gmx.com>
  Lin Feng <l...@wangsu.com>
  Linus Torvalds <torva...@linux-foundation.org>
  Luis Chamberlain <mcg...@kernel.org>
  Lukas Prediger <lu...@lumip.de>
  luo penghao <luo.peng...@zte.com.cn>
  Marco Elver <el...@google.com>
  Mark Brown <broo...@kernel.org>
  Mark Wunderlich <mark.wunderl...@intel.com>
  Masahiro Yamada <masahi...@kernel.org>
  Matthew Wilcox (Oracle) <wi...@infradead.org>
  Mauro Carvalho Chehab <mchehab+hua...@kernel.org>
  Max Filippov <jcmvb...@gmail.com>
  Max Gurtovoy <mgurto...@nvidia.com>
  Michael S. Tsirkin <m...@redhat.com>
  Michael Schmitz <schmitz...@gmail.com>
  Michal Hocko <mho...@suse.com>
  Mike Rapoport <r...@linux.ibm.com>
  Mike Snitzer <snit...@redhat.com>
  Ming Lei <ming....@redhat.com>
  Miquel Raynal <miquel.ray...@bootlin.com>
  Nilesh Javali <njav...@marvell.com>
  Noah Goldstein <goldstein....@gmail.com>
  Pavel Begunkov <asml.sile...@gmail.com>
  Phillip Lougher <phil...@squashfs.org.uk>
  Phillip Potter <p...@philpotter.co.uk>
  Qing Wang <wangq...@vivo.com>
  Randy Dunlap <rdun...@infradead.org> # build-tested
  Ryusuke Konishi <konishi.ryus...@gmail.com>
  Saurav Kashyap <skash...@marvell.com>
  Shin'ichiro Kawasaki <shinichiro.kawas...@wdc.com>
  Song Liu <s...@kernel.org>
  Song Liu <songliubrav...@fb.com>
  Stefan Haberland <s...@linux.ibm.com>
  Tejun Heo <t...@kernel.org>
  Theodore Ts'o <ty...@mit.edu>
  Ulf Hansson <ulf.hans...@linaro.org> # For MMC
  Vlastimil Babka <vba...@suse.cz>
  Xiao Ni <x...@redhat.com>
  Xie Yongji <xieyon...@bytedance.com>
  Ye Bin <yebi...@huawei.com>
  Ye Guojin <ye.guo...@zte.com.cn>
  Yu Kuai <yuku...@huawei.com>
  Zheng Liang <zhenglia...@huawei.com>

jobs:
 build-amd64-xsm                                              pass    
 build-arm64-xsm                                              pass    
 build-i386-xsm                                               pass    
 build-amd64                                                  pass    
 build-arm64                                                  pass    
 build-armhf                                                  pass    
 build-i386                                                   pass    
 build-amd64-libvirt                                          pass    
 build-arm64-libvirt                                          pass    
 build-armhf-libvirt                                          pass    
 build-i386-libvirt                                           pass    
 build-amd64-pvops                                            fail    
 build-arm64-pvops                                            pass    
 build-armhf-pvops                                            fail    
 build-i386-pvops                                             fail    
 test-amd64-amd64-xl                                          blocked 
 test-amd64-coresched-amd64-xl                                blocked 
 test-arm64-arm64-xl                                          pass    
 test-armhf-armhf-xl                                          blocked 
 test-amd64-amd64-libvirt-qemuu-debianhvm-amd64-xsm           blocked 
 test-amd64-amd64-xl-qemut-stubdom-debianhvm-amd64-xsm        blocked 
 test-amd64-amd64-xl-qemut-debianhvm-i386-xsm                 blocked 
 test-amd64-amd64-xl-qemuu-debianhvm-i386-xsm                 blocked 
 test-amd64-amd64-libvirt-xsm                                 blocked 
 test-arm64-arm64-libvirt-xsm                                 pass    
 test-amd64-amd64-xl-xsm                                      blocked 
 test-arm64-arm64-xl-xsm                                      pass    
 test-amd64-amd64-qemuu-nested-amd                            blocked 
 test-amd64-amd64-xl-pvhv2-amd                                blocked 
 test-amd64-amd64-dom0pvh-xl-amd                              blocked 
 test-amd64-amd64-xl-qemut-debianhvm-amd64                    blocked 
 test-amd64-amd64-xl-qemuu-debianhvm-amd64                    blocked 
 test-amd64-amd64-freebsd11-amd64                             blocked 
 test-amd64-amd64-freebsd12-amd64                             blocked 
 test-amd64-amd64-xl-qemuu-ovmf-amd64                         blocked 
 test-amd64-amd64-xl-qemut-win7-amd64                         blocked 
 test-amd64-amd64-xl-qemuu-win7-amd64                         blocked 
 test-amd64-amd64-xl-qemut-ws16-amd64                         blocked 
 test-amd64-amd64-xl-qemuu-ws16-amd64                         blocked 
 test-armhf-armhf-xl-arndale                                  blocked 
 test-amd64-amd64-xl-credit1                                  blocked 
 test-arm64-arm64-xl-credit1                                  pass    
 test-armhf-armhf-xl-credit1                                  blocked 
 test-amd64-amd64-xl-credit2                                  blocked 
 test-arm64-arm64-xl-credit2                                  pass    
 test-armhf-armhf-xl-credit2                                  blocked 
 test-armhf-armhf-xl-cubietruck                               blocked 
 test-amd64-amd64-xl-qemuu-dmrestrict-amd64-dmrestrict        blocked 
 test-amd64-amd64-examine                                     blocked 
 test-arm64-arm64-examine                                     pass    
 test-armhf-armhf-examine                                     blocked 
 test-amd64-amd64-qemuu-nested-intel                          blocked 
 test-amd64-amd64-xl-pvhv2-intel                              blocked 
 test-amd64-amd64-dom0pvh-xl-intel                            blocked 
 test-amd64-amd64-libvirt                                     blocked 
 test-armhf-armhf-libvirt                                     blocked 
 test-amd64-amd64-xl-multivcpu                                blocked 
 test-armhf-armhf-xl-multivcpu                                blocked 
 test-amd64-amd64-pair                                        blocked 
 test-amd64-amd64-libvirt-pair                                blocked 
 test-amd64-amd64-xl-pvshim                                   blocked 
 test-amd64-amd64-pygrub                                      blocked 
 test-amd64-amd64-libvirt-qcow2                               blocked 
 test-armhf-armhf-libvirt-qcow2                               blocked 
 test-amd64-amd64-libvirt-raw                                 blocked 
 test-arm64-arm64-libvirt-raw                                 pass    
 test-armhf-armhf-libvirt-raw                                 blocked 
 test-amd64-amd64-xl-rtds                                     blocked 
 test-armhf-armhf-xl-rtds                                     blocked 
 test-arm64-arm64-xl-seattle                                  pass    
 test-amd64-amd64-xl-qemuu-debianhvm-amd64-shadow             blocked 
 test-amd64-amd64-xl-shadow                                   blocked 
 test-arm64-arm64-xl-thunderx                                 pass    
 test-amd64-amd64-xl-vhd                                      blocked 
 test-arm64-arm64-xl-vhd                                      pass    
 test-armhf-armhf-xl-vhd                                      blocked 


------------------------------------------------------------
sg-report-flight on osstest.test-lab.xenproject.org
logs: /home/logs/logs
images: /home/logs/images

Logs, config files, etc. are available at
    http://logs.test-lab.xenproject.org/osstest/logs

Explanation of these reports, and of osstest in general, is at
    http://xenbits.xen.org/gitweb/?p=osstest.git;a=blob;f=README.email;hb=master
    http://xenbits.xen.org/gitweb/?p=osstest.git;a=blob;f=README;hb=master

Test harness code can be found at
    http://xenbits.xen.org/gitweb?p=osstest.git;a=summary


Not pushing.

(No revision log; it would be 10070 lines long.)

Reply via email to