flight 165696 linux-5.4 real [real]
http://logs.test-lab.xenproject.org/osstest/logs/165696/

Failures :-/ but no regressions.

Tests which did not succeed, but are not blocking:
 test-amd64-i386-xl-qemut-win7-amd64 19 guest-stop             fail like 165616
 test-amd64-amd64-xl-qemut-win7-amd64 19 guest-stop            fail like 165616
 test-amd64-amd64-xl-qemuu-win7-amd64 19 guest-stop            fail like 165616
 test-amd64-amd64-qemuu-nested-amd 20 debian-hvm-install/l1/l2 fail like 165616
 test-armhf-armhf-libvirt     16 saverestore-support-check    fail  like 165616
 test-amd64-amd64-xl-qemuu-ws16-amd64 19 guest-stop            fail like 165616
 test-amd64-amd64-xl-qemut-ws16-amd64 19 guest-stop            fail like 165616
 test-amd64-i386-xl-qemuu-win7-amd64 19 guest-stop             fail like 165616
 test-amd64-i386-xl-qemut-ws16-amd64 19 guest-stop             fail like 165616
 test-armhf-armhf-libvirt-qcow2 15 saverestore-support-check   fail like 165616
 test-amd64-i386-xl-qemuu-ws16-amd64 19 guest-stop             fail like 165616
 test-armhf-armhf-libvirt-raw 15 saverestore-support-check    fail  like 165616
 test-arm64-arm64-xl-seattle  15 migrate-support-check        fail   never pass
 test-arm64-arm64-xl-seattle  16 saverestore-support-check    fail   never pass
 test-amd64-i386-libvirt-xsm  15 migrate-support-check        fail   never pass
 test-amd64-i386-xl-pvshim    14 guest-start                  fail   never pass
 test-amd64-i386-libvirt      15 migrate-support-check        fail   never pass
 test-amd64-amd64-libvirt     15 migrate-support-check        fail   never pass
 test-amd64-amd64-libvirt-xsm 15 migrate-support-check        fail   never pass
 test-arm64-arm64-libvirt-xsm 15 migrate-support-check        fail   never pass
 test-arm64-arm64-libvirt-xsm 16 saverestore-support-check    fail   never pass
 test-arm64-arm64-xl-credit1  15 migrate-support-check        fail   never pass
 test-arm64-arm64-xl-xsm      15 migrate-support-check        fail   never pass
 test-arm64-arm64-xl-credit1  16 saverestore-support-check    fail   never pass
 test-arm64-arm64-xl-xsm      16 saverestore-support-check    fail   never pass
 test-arm64-arm64-xl          15 migrate-support-check        fail   never pass
 test-arm64-arm64-xl          16 saverestore-support-check    fail   never pass
 test-arm64-arm64-xl-credit2  15 migrate-support-check        fail   never pass
 test-arm64-arm64-xl-credit2  16 saverestore-support-check    fail   never pass
 test-arm64-arm64-xl-thunderx 15 migrate-support-check        fail   never pass
 test-arm64-arm64-xl-thunderx 16 saverestore-support-check    fail   never pass
 test-amd64-i386-libvirt-qemuu-debianhvm-amd64-xsm 13 migrate-support-check 
fail never pass
 test-amd64-amd64-libvirt-qemuu-debianhvm-amd64-xsm 13 migrate-support-check 
fail never pass
 test-armhf-armhf-xl-arndale  15 migrate-support-check        fail   never pass
 test-armhf-armhf-xl-arndale  16 saverestore-support-check    fail   never pass
 test-amd64-amd64-libvirt-vhd 14 migrate-support-check        fail   never pass
 test-arm64-arm64-libvirt-raw 14 migrate-support-check        fail   never pass
 test-arm64-arm64-libvirt-raw 15 saverestore-support-check    fail   never pass
 test-amd64-i386-libvirt-raw  14 migrate-support-check        fail   never pass
 test-armhf-armhf-xl-credit1  15 migrate-support-check        fail   never pass
 test-armhf-armhf-xl-credit1  16 saverestore-support-check    fail   never pass
 test-armhf-armhf-xl-credit2  15 migrate-support-check        fail   never pass
 test-armhf-armhf-xl-credit2  16 saverestore-support-check    fail   never pass
 test-armhf-armhf-xl-multivcpu 15 migrate-support-check        fail  never pass
 test-armhf-armhf-xl-multivcpu 16 saverestore-support-check    fail  never pass
 test-armhf-armhf-xl-cubietruck 15 migrate-support-check        fail never pass
 test-armhf-armhf-xl-cubietruck 16 saverestore-support-check    fail never pass
 test-arm64-arm64-xl-vhd      14 migrate-support-check        fail   never pass
 test-arm64-arm64-xl-vhd      15 saverestore-support-check    fail   never pass
 test-armhf-armhf-xl-rtds     15 migrate-support-check        fail   never pass
 test-armhf-armhf-xl-rtds     16 saverestore-support-check    fail   never pass
 test-armhf-armhf-libvirt     15 migrate-support-check        fail   never pass
 test-armhf-armhf-xl          15 migrate-support-check        fail   never pass
 test-armhf-armhf-xl          16 saverestore-support-check    fail   never pass
 test-armhf-armhf-libvirt-qcow2 14 migrate-support-check        fail never pass
 test-armhf-armhf-xl-vhd      14 migrate-support-check        fail   never pass
 test-armhf-armhf-xl-vhd      15 saverestore-support-check    fail   never pass
 test-armhf-armhf-libvirt-raw 14 migrate-support-check        fail   never pass

version targeted for testing:
 linux                4f508aa9dd3bde7a1c5e4e6de72abb8a03fd504a
baseline version:
 linux                ce061ef43f1dede7ee2bd907d2bf38402831e30d

Last test of basis   165616  2021-10-17 09:11:05 Z    3 days
Testing same since   165687  2021-10-20 10:13:27 Z    0 days    2 attempts

------------------------------------------------------------
People who touched revisions under test:
  Al Viro <v...@zeniv.linux.org.uk>
  Aleksander Morgado <aleksan...@aleksander.es>
  Alex Deucher <alexander.deuc...@amd.com>
  Andy Shevchenko <andriy.shevche...@linux.intel.com>
  Ard Biesheuvel <a...@kernel.org>
  Arnd Bergmann <a...@arndb.de>
  Aya Levin <a...@nvidia.com>
  Bartosz Golaszewski <b...@bgdev.pl>
  Billy Tsai <billy_t...@aspeedtech.com>
  Borislav Petkov <b...@suse.de>
  Catalin Marinas <catalin.mari...@arm.com>
  chongjiapeng <jiapeng.ch...@linux.alibaba.com>
  Chris Packham <chris.pack...@alliedtelesis.co.nz>
  Christophe JAILLET <christophe.jail...@wanadoo.fr>
  Colin Ian King <colin.k...@canonical.com>
  Cédric Le Goater <c...@kaod.org>
  Damien Le Moal <damien.lem...@wdc.com>
  Dan Carpenter <dan.carpen...@oracle.com>
  Daniele Palmas <dnl...@gmail.com>
  Dave Airlie <airl...@redhat.com>
  David S. Miller <da...@davemloft.net>
  David Sterba <dste...@suse.com>
  Dmitry Baryshkov <dmitry.barysh...@linaro.org>
  Dmitry Torokhov <dmitry.torok...@gmail.com>
  Eiichi Tsukata <eiichi.tsuk...@nutanix.com>
  Filipe Manana <fdman...@suse.com>
  Florian fainelli <f.faine...@gmail.com>
  Greentime Hu <green...@gmail.com>
  Greg Kroah-Hartman <gre...@linuxfoundation.org>
  Guenter Roeck <li...@roeck-us.net>
  Guo Ren <guo...@kernel.org>
  Guo Ren <guo...@linux.alibaba.com>
  Halil Pasic <pa...@linux.ibm.com>
  Hanjun Guo <guohan...@huawei.com>
  Hans de Goede <hdego...@redhat.com>
  Hans Potsch <hans.pot...@nokia.com>
  Heiko Carstens <h...@linux.ibm.com>
  Herve Codina <herve.cod...@bootlin.com>
  Hui Liu <hui....@mediatek.com>
  Hui Wang <hui.w...@canonical.com>
  Hulk Robot <hulkro...@huawei.com>
  Ido Schimmel <ido...@nvidia.com>
  Jackie Liu <liuyu...@kylinos.cn>
  Jakub Kicinski <k...@kernel.org>
  James Morse <james.mo...@arm.com>
  Jiri Valek - 2N <va...@2n.cz>
  Johan Hovold <jo...@kernel.org>
  Jon Hunter <jonath...@nvidia.com>
  Jonas Hahnfeld <hah...@hahnjo.de>
  Jonathan Bell <jonat...@raspberrypi.com>
  Jonathan Cameron <jonathan.came...@huawei.com>
  Kai-Heng Feng <kai.heng.f...@canonical.com>
  Kailang Yang <kail...@realtek.com>
  Linux Kernel Functional Testing <l...@linaro.org>
  Marcelo Ricardo Leitner <marcelo.leit...@gmail.com>
  Marcelo Ricardo Leitner <mleit...@redhat.com>
  Marek Behún <ka...@kernel.org>
  Mathias Nyman <mathias.ny...@linux.intel.com>
  Michael Cullen <mich...@michaelcullen.name>
  Michael Ellerman <m...@ellerman.id.au>
  Michael S. Tsirkin <m...@redhat.com>
  Miklos Szeredi <mszer...@redhat.com>
  Miquel Raynal <miquel.ray...@bootlin.com>
  Nanyong Sun <sunnany...@huawei.com>
  Nikolay Martynov <mar.ko...@gmail.com>
  Pavankumar Kondeti <pkond...@codeaurora.org>
  Qu Wenruo <w...@suse.com>
  Reinette Chatre <reinette.cha...@intel.com>
  Rob Clark <robdcl...@chromium.org>
  Roberto Sassu <roberto.sa...@huawei.com>
  Saeed Mahameed <sae...@nvidia.com>
  Sam Ravnborg <s...@ravnborg.org>
  Sebastian Andrzej Siewior <bige...@linutronix.de>
  seeteena <s1see...@linux.vnet.ibm.com>
  Shannon Nelson <snel...@pensando.io>
  Shuah Khan <sk...@linuxfoundation.org>
  Srinivas Kandagatla <srinivas.kandaga...@linaro.org>
  Stephen Boyd <swb...@chromium.org>
  Steven Rostedt (VMware) <rost...@goodmis.org>
  Steven Rostedt <rost...@goodmis.org>
  Sudip Mukherjee <sudip.mukher...@codethink.co.uk>
  Takashi Iwai <ti...@suse.de>
  Tom Lendacky <thomas.lenda...@amd.com>
  Tomaz Solc <tomaz.s...@tablix.org>
  Vadim Pasternak <vad...@nvidia.com>
  Vasily Gorbik <g...@linux.ibm.com>
  Vegard Nossum <vegard.nos...@oracle.com>
  Wang Hai <wangha...@huawei.com>
  Werner Sembach <w...@tuxedocomputers.com>
  Wim Van Sebroeck <w...@linux-watchdog.org>
  Yu-Tung Chang <mtw...@gmail.com>
  Zhang Jianhua <chris....@huawei.com>
  Ziyang Xuan <william.xuanziy...@huawei.com>

jobs:
 build-amd64-xsm                                              pass    
 build-arm64-xsm                                              pass    
 build-i386-xsm                                               pass    
 build-amd64                                                  pass    
 build-arm64                                                  pass    
 build-armhf                                                  pass    
 build-i386                                                   pass    
 build-amd64-libvirt                                          pass    
 build-arm64-libvirt                                          pass    
 build-armhf-libvirt                                          pass    
 build-i386-libvirt                                           pass    
 build-amd64-pvops                                            pass    
 build-arm64-pvops                                            pass    
 build-armhf-pvops                                            pass    
 build-i386-pvops                                             pass    
 test-amd64-amd64-xl                                          pass    
 test-amd64-coresched-amd64-xl                                pass    
 test-arm64-arm64-xl                                          pass    
 test-armhf-armhf-xl                                          pass    
 test-amd64-i386-xl                                           pass    
 test-amd64-coresched-i386-xl                                 pass    
 test-amd64-amd64-libvirt-qemuu-debianhvm-amd64-xsm           pass    
 test-amd64-i386-libvirt-qemuu-debianhvm-amd64-xsm            pass    
 test-amd64-amd64-xl-qemut-stubdom-debianhvm-amd64-xsm        pass    
 test-amd64-i386-xl-qemut-stubdom-debianhvm-amd64-xsm         pass    
 test-amd64-amd64-xl-qemut-debianhvm-i386-xsm                 pass    
 test-amd64-i386-xl-qemut-debianhvm-i386-xsm                  pass    
 test-amd64-amd64-xl-qemuu-debianhvm-i386-xsm                 pass    
 test-amd64-i386-xl-qemuu-debianhvm-i386-xsm                  pass    
 test-amd64-amd64-libvirt-xsm                                 pass    
 test-arm64-arm64-libvirt-xsm                                 pass    
 test-amd64-i386-libvirt-xsm                                  pass    
 test-amd64-amd64-xl-xsm                                      pass    
 test-arm64-arm64-xl-xsm                                      pass    
 test-amd64-i386-xl-xsm                                       pass    
 test-amd64-amd64-qemuu-nested-amd                            fail    
 test-amd64-amd64-xl-pvhv2-amd                                pass    
 test-amd64-i386-qemut-rhel6hvm-amd                           pass    
 test-amd64-i386-qemuu-rhel6hvm-amd                           pass    
 test-amd64-amd64-dom0pvh-xl-amd                              pass    
 test-amd64-amd64-xl-qemut-debianhvm-amd64                    pass    
 test-amd64-i386-xl-qemut-debianhvm-amd64                     pass    
 test-amd64-amd64-xl-qemuu-debianhvm-amd64                    pass    
 test-amd64-i386-xl-qemuu-debianhvm-amd64                     pass    
 test-amd64-i386-freebsd10-amd64                              pass    
 test-amd64-amd64-qemuu-freebsd11-amd64                       pass    
 test-amd64-amd64-qemuu-freebsd12-amd64                       pass    
 test-amd64-amd64-xl-qemuu-ovmf-amd64                         pass    
 test-amd64-i386-xl-qemuu-ovmf-amd64                          pass    
 test-amd64-amd64-xl-qemut-win7-amd64                         fail    
 test-amd64-i386-xl-qemut-win7-amd64                          fail    
 test-amd64-amd64-xl-qemuu-win7-amd64                         fail    
 test-amd64-i386-xl-qemuu-win7-amd64                          fail    
 test-amd64-amd64-xl-qemut-ws16-amd64                         fail    
 test-amd64-i386-xl-qemut-ws16-amd64                          fail    
 test-amd64-amd64-xl-qemuu-ws16-amd64                         fail    
 test-amd64-i386-xl-qemuu-ws16-amd64                          fail    
 test-armhf-armhf-xl-arndale                                  pass    
 test-amd64-amd64-xl-credit1                                  pass    
 test-arm64-arm64-xl-credit1                                  pass    
 test-armhf-armhf-xl-credit1                                  pass    
 test-amd64-amd64-xl-credit2                                  pass    
 test-arm64-arm64-xl-credit2                                  pass    
 test-armhf-armhf-xl-credit2                                  pass    
 test-armhf-armhf-xl-cubietruck                               pass    
 test-amd64-amd64-xl-qemuu-dmrestrict-amd64-dmrestrict        pass    
 test-amd64-i386-xl-qemuu-dmrestrict-amd64-dmrestrict         pass    
 test-amd64-amd64-examine                                     pass    
 test-arm64-arm64-examine                                     pass    
 test-armhf-armhf-examine                                     pass    
 test-amd64-i386-examine                                      pass    
 test-amd64-i386-freebsd10-i386                               pass    
 test-amd64-amd64-qemuu-nested-intel                          pass    
 test-amd64-amd64-xl-pvhv2-intel                              pass    
 test-amd64-i386-qemut-rhel6hvm-intel                         pass    
 test-amd64-i386-qemuu-rhel6hvm-intel                         pass    
 test-amd64-amd64-dom0pvh-xl-intel                            pass    
 test-amd64-amd64-libvirt                                     pass    
 test-armhf-armhf-libvirt                                     pass    
 test-amd64-i386-libvirt                                      pass    
 test-amd64-amd64-xl-multivcpu                                pass    
 test-armhf-armhf-xl-multivcpu                                pass    
 test-amd64-amd64-pair                                        pass    
 test-amd64-i386-pair                                         pass    
 test-amd64-amd64-libvirt-pair                                pass    
 test-amd64-i386-libvirt-pair                                 pass    
 test-amd64-amd64-xl-pvshim                                   pass    
 test-amd64-i386-xl-pvshim                                    fail    
 test-amd64-amd64-pygrub                                      pass    
 test-armhf-armhf-libvirt-qcow2                               pass    
 test-amd64-amd64-xl-qcow2                                    pass    
 test-arm64-arm64-libvirt-raw                                 pass    
 test-armhf-armhf-libvirt-raw                                 pass    
 test-amd64-i386-libvirt-raw                                  pass    
 test-amd64-amd64-xl-rtds                                     pass    
 test-armhf-armhf-xl-rtds                                     pass    
 test-arm64-arm64-xl-seattle                                  pass    
 test-amd64-amd64-xl-qemuu-debianhvm-amd64-shadow             pass    
 test-amd64-i386-xl-qemuu-debianhvm-amd64-shadow              pass    
 test-amd64-amd64-xl-shadow                                   pass    
 test-amd64-i386-xl-shadow                                    pass    
 test-arm64-arm64-xl-thunderx                                 pass    
 test-amd64-amd64-libvirt-vhd                                 pass    
 test-arm64-arm64-xl-vhd                                      pass    
 test-armhf-armhf-xl-vhd                                      pass    
 test-amd64-i386-xl-vhd                                       pass    


------------------------------------------------------------
sg-report-flight on osstest.test-lab.xenproject.org
logs: /home/logs/logs
images: /home/logs/images

Logs, config files, etc. are available at
    http://logs.test-lab.xenproject.org/osstest/logs

Explanation of these reports, and of osstest in general, is at
    http://xenbits.xen.org/gitweb/?p=osstest.git;a=blob;f=README.email;hb=master
    http://xenbits.xen.org/gitweb/?p=osstest.git;a=blob;f=README;hb=master

Test harness code can be found at
    http://xenbits.xen.org/gitweb?p=osstest.git;a=summary


Pushing revision :

hint: The 'hooks/update' hook was ignored because it's not set as executable.
hint: You can disable this warning with `git config advice.ignoredHook false`.
hint: The 'hooks/post-receive' hook was ignored because it's not set as 
executable.
hint: You can disable this warning with `git config advice.ignoredHook false`.
hint: The 'hooks/post-update' hook was ignored because it's not set as 
executable.
hint: You can disable this warning with `git config advice.ignoredHook false`.
To xenbits.xen.org:/home/xen/git/linux-pvops.git
   ce061ef43f1d..4f508aa9dd3b  4f508aa9dd3bde7a1c5e4e6de72abb8a03fd504a -> 
tested/linux-5.4

Reply via email to