flight 121053 linux-3.18 real [real] http://logs.test-lab.xenproject.org/osstest/logs/121053/
Regressions :-( Tests which did not succeed and are blocking, including tests which could not be run: test-armhf-armhf-xl-vhd 18 leak-check/check fail REGR. vs. 120977 Tests which did not succeed, but are not blocking: test-arm64-arm64-examine 1 build-check(1) blocked n/a test-arm64-arm64-xl-credit2 1 build-check(1) blocked n/a test-arm64-arm64-libvirt-xsm 1 build-check(1) blocked n/a test-arm64-arm64-xl 1 build-check(1) blocked n/a test-arm64-arm64-xl-xsm 1 build-check(1) blocked n/a test-armhf-armhf-libvirt 14 saverestore-support-check fail like 120977 test-armhf-armhf-libvirt-xsm 14 saverestore-support-check fail like 120977 test-armhf-armhf-libvirt-raw 13 saverestore-support-check fail like 120977 test-amd64-amd64-xl-qemut-win7-amd64 17 guest-stop fail like 120977 test-amd64-i386-xl-qemut-win7-amd64 17 guest-stop fail like 120977 test-amd64-i386-xl-qemuu-win7-amd64 17 guest-stop fail like 120977 test-amd64-amd64-xl-qemuu-win7-amd64 17 guest-stop fail like 120977 test-amd64-amd64-xl-pvhv2-intel 12 guest-start fail never pass test-amd64-amd64-xl-pvhv2-amd 12 guest-start fail never pass test-amd64-amd64-libvirt 13 migrate-support-check fail never pass test-amd64-i386-libvirt-xsm 13 migrate-support-check fail never pass test-amd64-i386-xl-pvshim 12 guest-start fail never pass test-amd64-i386-libvirt 13 migrate-support-check fail never pass test-amd64-amd64-libvirt-xsm 13 migrate-support-check fail never pass build-arm64-pvops 6 kernel-build fail never pass test-amd64-i386-libvirt-qemuu-debianhvm-amd64-xsm 11 migrate-support-check fail never pass test-amd64-amd64-libvirt-qemuu-debianhvm-amd64-xsm 11 migrate-support-check fail never pass test-amd64-amd64-qemuu-nested-amd 17 debian-hvm-install/l1/l2 fail never pass test-amd64-amd64-libvirt-vhd 12 migrate-support-check fail never pass test-armhf-armhf-libvirt 13 migrate-support-check fail never pass test-armhf-armhf-xl-rtds 13 migrate-support-check fail never pass test-armhf-armhf-xl-rtds 14 saverestore-support-check fail never pass test-armhf-armhf-xl-xsm 13 migrate-support-check fail never pass test-armhf-armhf-xl-xsm 14 saverestore-support-check fail never pass test-armhf-armhf-libvirt-xsm 13 migrate-support-check fail never pass test-armhf-armhf-xl 13 migrate-support-check fail never pass test-armhf-armhf-xl 14 saverestore-support-check fail never pass test-armhf-armhf-xl-multivcpu 13 migrate-support-check fail never pass test-armhf-armhf-xl-multivcpu 14 saverestore-support-check fail never pass test-armhf-armhf-xl-cubietruck 13 migrate-support-check fail never pass test-armhf-armhf-xl-cubietruck 14 saverestore-support-check fail never pass test-armhf-armhf-libvirt-raw 12 migrate-support-check fail never pass test-armhf-armhf-xl-vhd 12 migrate-support-check fail never pass test-armhf-armhf-xl-vhd 13 saverestore-support-check fail never pass test-armhf-armhf-xl-credit2 13 migrate-support-check fail never pass test-armhf-armhf-xl-credit2 14 saverestore-support-check fail never pass test-armhf-armhf-xl-arndale 13 migrate-support-check fail never pass test-armhf-armhf-xl-arndale 14 saverestore-support-check fail never pass test-amd64-i386-xl-qemut-ws16-amd64 17 guest-stop fail never pass test-amd64-amd64-xl-qemuu-ws16-amd64 17 guest-stop fail never pass test-amd64-i386-xl-qemuu-ws16-amd64 17 guest-stop fail never pass test-amd64-amd64-xl-qemut-ws16-amd64 17 guest-stop fail never pass test-amd64-i386-xl-qemut-win10-i386 10 windows-install fail never pass test-amd64-i386-xl-qemuu-win10-i386 10 windows-install fail never pass test-amd64-amd64-xl-qemuu-win10-i386 10 windows-install fail never pass test-amd64-amd64-xl-qemut-win10-i386 10 windows-install fail never pass version targeted for testing: linux 44ec71c0cd728e8cbd346e135eef9b43b03654ab baseline version: linux 5fcd9374919e35f015c283d6900a1f0fca00477e Last test of basis 120977 2018-03-19 23:54:00 Z 3 days Testing same since 121053 2018-03-22 08:45:13 Z 1 days 1 attempts ------------------------------------------------------------ People who touched revisions under test: Akinobu Mita <akinobu.m...@gmail.com> Al Viro <v...@zeniv.linux.org.uk> Alan Stern <st...@rowland.harvard.edu> Alex Deucher <alexander.deuc...@amd.com> Alexander Potapenko <gli...@google.com> Andreas Pape <ap...@phoenixcontact.com> Andrew F. Davis <a...@ti.com> Andrew Lunn <and...@lunn.ch> Anton Blanchard <an...@samba.org> Arnaldo Carvalho de Melo <a...@redhat.com> Bartlomiej Zolnierkiewicz <b.zolnier...@samsung.com> Benjamin Tissoires <benjamin.tissoi...@redhat.com> Bjorn Helgaas <bhelg...@google.com> Boris Brezillon <boris.brezil...@free-electrons.com> Brian King <brk...@linux.vnet.ibm.com> Chris Clayton <chris2...@googlemail.com> Chris Wilson <ch...@chris-wilson.co.uk> Christopher James Halse Rogers <christopher.halse.rog...@canonical.com> Dan Carpenter <dan.carpen...@oracle.com> Daniel Vetter <daniel.vet...@ffwll.ch> David Carrillo-Cisneros <davi...@google.com> David Daney <david.da...@cavium.com> David Engraf <david.eng...@sysgo.com> David S. Miller <da...@davemloft.net> Davide Caratti <dcara...@redhat.com> Dedy Lansky <qca_dlan...@qca.qualcomm.com> Dmitry Torokhov <dmitry.torok...@gmail.com> Douglas Gilbert <dgilb...@interlog.com> Eric Dumazet <eduma...@google.com> Felipe Balbi <felipe.ba...@linux.intel.com> Gao Feng <f...@ikuai8.com> Geert Uytterhoeven <geert+rene...@glider.be> Greg Kroah-Hartman <gre...@linuxfoundation.org> Guennadi Liakhovetski <g.liakhovet...@gmx.de> H. Nikolaus Schaller <h...@goldelico.com> Hannes Reinecke <h...@suse.com> Hannes Reinecke <h...@suse.de> Hans Verkuil <hans.verk...@cisco.com> Ingo Molnar <mi...@kernel.org> Iyappan Subramanian <isubraman...@apm.com> James Morris <james.l.mor...@oracle.com> Jan Kara <j...@suse.cz> Janusz Krzysztofik <jmkrzy...@gmail.com> Jason L Tibbitts III <ti...@math.uh.edu> Jeff Kirsher <jeffrey.t.kirs...@intel.com> Jens Axboe <ax...@fb.com> Jiri Kosina <jkos...@suse.cz> Jiri Olsa <jo...@kernel.org> Jiri Olsa <jo...@redhat.com> Joerg Roedel <jroe...@suse.de> Johannes Berg <johannes.b...@intel.com> Johannes Thumshirn <jthumsh...@suse.de> John Johansen <john.johan...@canonical.com> John Stultz <john.stu...@linaro.org> Jonas Jensen <jonas.jen...@gmail.com> Julien BOIBESSOT <julien.boibes...@armadeus.com> Kalle Valo <kv...@qca.qualcomm.com> Kirill A. Shutemov <kirill.shute...@linux.intel.com> Krishneil Singh <krishneil.k.si...@intel.com> Liam Beguin <lbeg...@tycoint.com> Linus Walleij <linus.wall...@linaro.org> Lorenzo Colitti <lore...@google.com> Luca Coelho <luciano.coe...@intel.com> Mark Brown <broo...@kernel.org> Martin K. Petersen <martin.peter...@oracle.com> Masami Hiramatsu <mhira...@kernel.org> Mauro Carvalho Chehab <mche...@s-opensource.com> Maxime Ripard <maxime.rip...@free-electrons.com> Maya Erez <qca_me...@qca.qualcomm.com> Michael Ellerman <m...@ellerman.id.au> Mimi Zohar <zo...@linux.vnet.ibm.com> Miquel Raynal <miquel.ray...@free-electrons.com> Mohammed Shafi Shajakhan <moham...@qti.qualcomm.com> Nate Watterson <nwatt...@codeaurora.org> Olof Johansson <o...@lixom.net> Paul E. McKenney <paul...@linux.vnet.ibm.com> Paul Moore <p...@paul-moore.com> Petr Mladek <pmla...@suse.com> Phil Turnbull <phil.turnb...@oracle.com> Prarit Bhargava <pra...@redhat.com> Quan Nguyen <qngu...@apm.com> Ralf Baechle <r...@linux-mips.org> Rob Herring <r...@kernel.org> Samuel Thibault <samuel.thiba...@ens-lyon.org> Sasha Levin <alexander.le...@microsoft.com> SeongJae Park <sj38.p...@gmail.com> Shaohua Li <s...@fb.com> Shuah Khan <shua...@osg.samsung.com> Simon Horman <horms+rene...@verge.net.au> Simon Wunderlich <s...@simonwunderlich.de> Steffen Klassert <steffen.klass...@secunet.com> Stephane Eranian <eran...@google.com> Stephen Hemminger <step...@networkplumber.org> Stephen Hemminger <sthem...@microsoft.com> Sven Eckelmann <s...@narfation.org> Sylvain Lemieux <slemi...@tycoint.com> Takashi Iwai <ti...@suse.de> Tejun Heo <t...@kernel.org> Tobias Jordan <tobias.jor...@elektrobit.com> Tomasz Kramkowski <t...@the-tk.com> Tony Lindgren <t...@atomide.com> Valtteri Heikkilä <r...@nic.fi> Vincent Stehlé <vincent.ste...@laposte.net> Wendy Xiong <wenxi...@linux.vnet.ibm.com> Xose Vazquez Perez <xose.vazq...@gmail.com> Yuyang Du <yuyang...@intel.com> jobs: build-amd64-xsm pass build-arm64-xsm pass build-armhf-xsm pass build-i386-xsm pass build-amd64 pass build-arm64 pass build-armhf pass build-i386 pass build-amd64-libvirt pass build-arm64-libvirt pass build-armhf-libvirt pass build-i386-libvirt pass build-amd64-pvops pass build-arm64-pvops fail build-armhf-pvops pass build-i386-pvops pass build-amd64-rumprun pass build-i386-rumprun pass test-amd64-amd64-xl pass test-arm64-arm64-xl blocked test-armhf-armhf-xl pass test-amd64-i386-xl pass test-amd64-amd64-xl-qemut-debianhvm-amd64-xsm pass test-amd64-i386-xl-qemut-debianhvm-amd64-xsm pass test-amd64-amd64-libvirt-qemuu-debianhvm-amd64-xsm pass test-amd64-i386-libvirt-qemuu-debianhvm-amd64-xsm pass test-amd64-amd64-xl-qemuu-debianhvm-amd64-xsm pass test-amd64-i386-xl-qemuu-debianhvm-amd64-xsm pass test-amd64-amd64-xl-qemut-stubdom-debianhvm-amd64-xsm pass test-amd64-i386-xl-qemut-stubdom-debianhvm-amd64-xsm pass test-amd64-amd64-libvirt-xsm pass test-arm64-arm64-libvirt-xsm blocked test-armhf-armhf-libvirt-xsm pass test-amd64-i386-libvirt-xsm pass test-amd64-amd64-xl-xsm pass test-arm64-arm64-xl-xsm blocked test-armhf-armhf-xl-xsm pass test-amd64-i386-xl-xsm pass test-amd64-amd64-qemuu-nested-amd fail test-amd64-amd64-xl-pvhv2-amd fail test-amd64-i386-qemut-rhel6hvm-amd pass test-amd64-i386-qemuu-rhel6hvm-amd pass test-amd64-amd64-xl-qemut-debianhvm-amd64 pass test-amd64-i386-xl-qemut-debianhvm-amd64 pass test-amd64-amd64-xl-qemuu-debianhvm-amd64 pass test-amd64-i386-xl-qemuu-debianhvm-amd64 pass test-amd64-i386-freebsd10-amd64 pass test-amd64-amd64-xl-qemuu-ovmf-amd64 pass test-amd64-i386-xl-qemuu-ovmf-amd64 pass test-amd64-amd64-rumprun-amd64 pass test-amd64-amd64-xl-qemut-win7-amd64 fail test-amd64-i386-xl-qemut-win7-amd64 fail test-amd64-amd64-xl-qemuu-win7-amd64 fail test-amd64-i386-xl-qemuu-win7-amd64 fail test-amd64-amd64-xl-qemut-ws16-amd64 fail test-amd64-i386-xl-qemut-ws16-amd64 fail test-amd64-amd64-xl-qemuu-ws16-amd64 fail test-amd64-i386-xl-qemuu-ws16-amd64 fail test-armhf-armhf-xl-arndale pass test-amd64-amd64-xl-credit2 pass test-arm64-arm64-xl-credit2 blocked test-armhf-armhf-xl-credit2 pass test-armhf-armhf-xl-cubietruck pass test-amd64-amd64-examine pass test-arm64-arm64-examine blocked test-armhf-armhf-examine pass test-amd64-i386-examine pass test-amd64-i386-freebsd10-i386 pass test-amd64-i386-rumprun-i386 pass test-amd64-amd64-xl-qemut-win10-i386 fail test-amd64-i386-xl-qemut-win10-i386 fail test-amd64-amd64-xl-qemuu-win10-i386 fail test-amd64-i386-xl-qemuu-win10-i386 fail test-amd64-amd64-qemuu-nested-intel pass test-amd64-amd64-xl-pvhv2-intel fail test-amd64-i386-qemut-rhel6hvm-intel pass test-amd64-i386-qemuu-rhel6hvm-intel pass test-amd64-amd64-libvirt pass test-armhf-armhf-libvirt pass test-amd64-i386-libvirt pass test-amd64-amd64-xl-multivcpu pass test-armhf-armhf-xl-multivcpu pass test-amd64-amd64-pair pass test-amd64-i386-pair pass test-amd64-amd64-libvirt-pair pass test-amd64-i386-libvirt-pair pass test-amd64-amd64-amd64-pvgrub pass test-amd64-amd64-i386-pvgrub pass test-amd64-amd64-xl-pvshim pass test-amd64-i386-xl-pvshim fail test-amd64-amd64-pygrub pass test-amd64-amd64-xl-qcow2 pass test-armhf-armhf-libvirt-raw pass test-amd64-i386-xl-raw pass test-amd64-amd64-xl-rtds pass test-armhf-armhf-xl-rtds pass test-amd64-amd64-libvirt-vhd pass test-armhf-armhf-xl-vhd fail ------------------------------------------------------------ sg-report-flight on osstest.test-lab.xenproject.org logs: /home/logs/logs images: /home/logs/images Logs, config files, etc. are available at http://logs.test-lab.xenproject.org/osstest/logs Explanation of these reports, and of osstest in general, is at http://xenbits.xen.org/gitweb/?p=osstest.git;a=blob;f=README.email;hb=master http://xenbits.xen.org/gitweb/?p=osstest.git;a=blob;f=README;hb=master Test harness code can be found at http://xenbits.xen.org/gitweb?p=osstest.git;a=summary Not pushing. (No revision log; it would be 2018 lines long.)
_______________________________________________ Xen-devel mailing list Xen-devel@lists.xenproject.org https://lists.xenproject.org/mailman/listinfo/xen-devel