flight 165234 qemu-mainline real [real]
http://logs.test-lab.xenproject.org/osstest/logs/165234/

Regressions :-(

Tests which did not succeed and are blocking,
including tests which could not be run:
 test-armhf-armhf-xl             <job status>                 broken
 test-armhf-armhf-xl-credit2     <job status>                 broken
 test-armhf-armhf-xl-cubietruck    <job status>                 broken
 test-armhf-armhf-xl-multivcpu    <job status>                 broken
 test-armhf-armhf-xl-rtds        <job status>                 broken
 test-armhf-armhf-xl-vhd         <job status>                 broken
 test-amd64-i386-qemuu-rhel6hvm-amd    <job status>                 broken
 test-amd64-coresched-i386-xl    <job status>                 broken
 test-armhf-armhf-xl-credit1     <job status>                 broken
 test-armhf-armhf-xl-arndale     <job status>                 broken
 test-amd64-i386-xl-qemuu-debianhvm-i386-xsm    <job status>             broken
 test-amd64-i386-xl-vhd          <job status>                 broken
 test-armhf-armhf-xl-credit2   5 host-install(5)        broken REGR. vs. 164950
 test-armhf-armhf-xl-multivcpu  5 host-install(5)       broken REGR. vs. 164950
 test-armhf-armhf-xl-arndale   5 host-install(5)        broken REGR. vs. 164950
 test-armhf-armhf-xl-vhd       5 host-install(5)        broken REGR. vs. 164950
 test-amd64-i386-xl-qemuu-debianhvm-i386-xsm 5 host-install(5) broken REGR. vs. 
164950
 test-amd64-coresched-i386-xl  5 host-install(5)        broken REGR. vs. 164950
 test-amd64-i386-qemuu-rhel6hvm-amd  5 host-install(5)  broken REGR. vs. 164950
 test-armhf-armhf-xl-credit1   5 host-install(5)        broken REGR. vs. 164950
 test-armhf-armhf-xl           5 host-install(5)        broken REGR. vs. 164950
 test-armhf-armhf-xl-cubietruck  5 host-install(5)      broken REGR. vs. 164950
 test-amd64-i386-xl-xsm       12 debian-install           fail REGR. vs. 164950
 test-amd64-i386-xl-vhd       12 debian-di-install        fail REGR. vs. 164950
 test-arm64-arm64-libvirt-raw 17 guest-start/debian.repeat fail REGR. vs. 164950
 build-armhf-libvirt           6 libvirt-build            fail REGR. vs. 164950

Regressions which are regarded as allowable (not blocking):
 test-armhf-armhf-xl-rtds      5 host-install(5)        broken REGR. vs. 164950

Tests which did not succeed, but are not blocking:
 test-armhf-armhf-libvirt      1 build-check(1)               blocked  n/a
 test-armhf-armhf-libvirt-qcow2  1 build-check(1)               blocked  n/a
 test-armhf-armhf-libvirt-raw  1 build-check(1)               blocked  n/a
 test-amd64-i386-xl-vhd       13 capture-logs(13)             broken never pass
 test-amd64-amd64-xl-qemuu-win7-amd64 19 guest-stop            fail like 164950
 test-amd64-amd64-qemuu-nested-amd 20 debian-hvm-install/l1/l2 fail like 164950
 test-amd64-i386-xl-qemuu-win7-amd64 19 guest-stop             fail like 164950
 test-amd64-i386-xl-qemuu-ws16-amd64 19 guest-stop             fail like 164950
 test-amd64-amd64-xl-qemuu-ws16-amd64 19 guest-stop            fail like 164950
 test-amd64-i386-xl-pvshim    14 guest-start                  fail   never pass
 test-amd64-amd64-libvirt-xsm 15 migrate-support-check        fail   never pass
 test-amd64-amd64-libvirt     15 migrate-support-check        fail   never pass
 test-amd64-i386-libvirt      15 migrate-support-check        fail   never pass
 test-amd64-i386-libvirt-xsm  15 migrate-support-check        fail   never pass
 test-arm64-arm64-xl-seattle  15 migrate-support-check        fail   never pass
 test-arm64-arm64-xl-seattle  16 saverestore-support-check    fail   never pass
 test-arm64-arm64-xl-credit2  15 migrate-support-check        fail   never pass
 test-arm64-arm64-xl-credit2  16 saverestore-support-check    fail   never pass
 test-arm64-arm64-xl-xsm      15 migrate-support-check        fail   never pass
 test-arm64-arm64-xl-xsm      16 saverestore-support-check    fail   never pass
 test-arm64-arm64-xl          15 migrate-support-check        fail   never pass
 test-arm64-arm64-xl          16 saverestore-support-check    fail   never pass
 test-arm64-arm64-xl-thunderx 15 migrate-support-check        fail   never pass
 test-arm64-arm64-xl-thunderx 16 saverestore-support-check    fail   never pass
 test-arm64-arm64-libvirt-xsm 15 migrate-support-check        fail   never pass
 test-arm64-arm64-libvirt-xsm 16 saverestore-support-check    fail   never pass
 test-arm64-arm64-xl-credit1  15 migrate-support-check        fail   never pass
 test-arm64-arm64-xl-credit1  16 saverestore-support-check    fail   never pass
 test-amd64-i386-libvirt-qemuu-debianhvm-amd64-xsm 13 migrate-support-check 
fail never pass
 test-amd64-amd64-libvirt-qemuu-debianhvm-amd64-xsm 13 migrate-support-check 
fail never pass
 test-amd64-i386-libvirt-raw  14 migrate-support-check        fail   never pass
 test-arm64-arm64-libvirt-raw 14 migrate-support-check        fail   never pass
 test-arm64-arm64-libvirt-raw 15 saverestore-support-check    fail   never pass
 test-amd64-amd64-libvirt-vhd 14 migrate-support-check        fail   never pass
 test-arm64-arm64-xl-vhd      14 migrate-support-check        fail   never pass
 test-arm64-arm64-xl-vhd      15 saverestore-support-check    fail   never pass

version targeted for testing:
 qemuu                14f02d8a9ec1746823c106933a4c8f062f9e0f95
baseline version:
 qemuu                99c44988d5ba1866a411450c877ed818b1b70081

Last test of basis   164950  2021-09-11 18:57:22 Z   17 days
Failing since        164967  2021-09-13 13:06:52 Z   15 days   30 attempts
Testing same since   165234  2021-09-28 12:56:38 Z    0 days    1 attempts

------------------------------------------------------------
People who touched revisions under test:
  Alex Chen <alex.c...@huawei.com>
  Alexander Graf <ag...@csgraf.de>
  Alexandra Clifford <acliff...@draper.com>
  AlexChen <alex.c...@huawei.com>
  Alistair Francis <alistair.fran...@wdc.com>
  Amanda Strnad <astr...@draper.com>
  Andrew Jeffery <and...@aj.id.au>
  Anup Patel <anup.pa...@wdc.com>
  Bin Meng <bmeng...@gmail.com>
  Cai Huoqing <caihuoq...@baidu.com>
  Chris Rauer <cra...@google.com>
  Cleber Rosa <cr...@redhat.com>
  Cédric Le Goater <c...@kaod.org>
  Daniel P. Berrangé <berra...@redhat.com>
  David Gibson <da...@gibson.dropbear.id.au>
  Dongli Zhang <dongli.zh...@oracle.com>
  Dr. David Alan Gilbert <dgilb...@redhat.com>
  Eric Blake <ebl...@redhat.com>
  Frank Chang <frank.ch...@sifive.com>
  Gerd Hoffmann <kra...@redhat.com>
  Green Wan <green....@sifive.com>
  Guenter Roeck <li...@roeck-us.net>
  Hanna Reitz <hre...@redhat.com>
  Igor Mammedov <imamm...@redhat.com>
  Ilya Leoshkevich <i...@linux.ibm.com>
  Jason Wang <jasow...@redhat.com>
  Joel Stanley <j...@jms.id.au>
  John Arbuckle <programmingk...@gmail.com>
  John Snow <js...@redhat.com>
  Jose R. Ziviani <jzivi...@suse.de>
  Justin Restivo <jrest...@draper.com>
  Kirill Tkhai <ktk...@virtuozzo.com>
  Klaus Jensen <k.jen...@samsung.com>
  Lara Lazier <laramglaz...@gmail.com>
  Laurent Vivier <laur...@vivier.eu>
  LIU Zhiwei <zhiwei_...@c-sky.com>
  Luc Michel <lmic...@kalray.eu>
  Marc Zyngier <m...@kernel.org>
  Marc-André Lureau <marcandre.lur...@redhat.com>
  Markus Armbruster <arm...@redhat.com>
  Max Hsu <max....@sifive.com>
  Max Reitz <mre...@redhat.com>
  Michael Tokarev <m...@tls.msk.ru>
  Michal Privoznik <mpriv...@redhat.com>
  Naveen Nagar <naveen...@samsung.com>
  Neil Armstrong <narmstr...@baylibre.com>
  Pankaj Gupta <pankaj.gupta.li...@gmail.com>
  Pankaj Raghav <p.rag...@samsung.com>
  Paolo Bonzini <pbonz...@redhat.com>
  Pavel Dovgalyuk <pavel.dovga...@ispras.ru>
  Pavel Dovgalyuk <pavel.dovgal...@ispras.ru>
  Peter Collingbourne <p...@google.com>
  Peter Delevoryas <p...@fb.com>
  Peter Maydell <peter.mayd...@linaro.org>
  Peter Xu <pet...@redhat.com>
  Philippe Mathieu-Daudé <f4...@amsat.org>
  Philippe Mathieu-Daudé <phi...@redhat.com>
  Reinoud Zandijk <rein...@netbsd.org>
  Richard Henderson <richard.hender...@linaro.org>
  Richard W.M. Jones <rjo...@redhat.com>
  Roman Bolshakov <r.bolsha...@yadro.com>
  Roman Bolshakov <r.bolsha...@yadro.com> (x86 only)
  Sergio Lopez <s...@redhat.com>
  Shashi Mallela <shashi.mall...@linaro.org>
  Stefan Berger <stef...@linux.ibm.com>
  Stefan Weil <s...@weilnetz.de>
  Stefano Garzarella <sgarz...@redhat.com>
  Thomas Huth <th...@redhat.com>
  Viktor Prutyanov <viktor.prutya...@phystech.edu>
  Vivek Kasireddy <vivek.kasire...@intel.com>
  Vladimir Sementsov-Ogievskiy <vsement...@virtuozzo.com>
  Wainer dos Santos Moschetta <waine...@redhat.com>
  Willian Rampazzo <willi...@redhat.com>

jobs:
 build-amd64-xsm                                              pass    
 build-arm64-xsm                                              pass    
 build-i386-xsm                                               pass    
 build-amd64                                                  pass    
 build-arm64                                                  pass    
 build-armhf                                                  pass    
 build-i386                                                   pass    
 build-amd64-libvirt                                          pass    
 build-arm64-libvirt                                          pass    
 build-armhf-libvirt                                          fail    
 build-i386-libvirt                                           pass    
 build-amd64-pvops                                            pass    
 build-arm64-pvops                                            pass    
 build-armhf-pvops                                            pass    
 build-i386-pvops                                             pass    
 test-amd64-amd64-xl                                          pass    
 test-amd64-coresched-amd64-xl                                pass    
 test-arm64-arm64-xl                                          pass    
 test-armhf-armhf-xl                                          broken  
 test-amd64-i386-xl                                           pass    
 test-amd64-coresched-i386-xl                                 broken  
 test-amd64-amd64-libvirt-qemuu-debianhvm-amd64-xsm           pass    
 test-amd64-i386-libvirt-qemuu-debianhvm-amd64-xsm            pass    
 test-amd64-amd64-xl-qemuu-debianhvm-i386-xsm                 pass    
 test-amd64-i386-xl-qemuu-debianhvm-i386-xsm                  broken  
 test-amd64-amd64-libvirt-xsm                                 pass    
 test-arm64-arm64-libvirt-xsm                                 pass    
 test-amd64-i386-libvirt-xsm                                  pass    
 test-amd64-amd64-xl-xsm                                      pass    
 test-arm64-arm64-xl-xsm                                      pass    
 test-amd64-i386-xl-xsm                                       fail    
 test-amd64-amd64-qemuu-nested-amd                            fail    
 test-amd64-amd64-xl-pvhv2-amd                                pass    
 test-amd64-i386-qemuu-rhel6hvm-amd                           broken  
 test-amd64-amd64-dom0pvh-xl-amd                              pass    
 test-amd64-amd64-xl-qemuu-debianhvm-amd64                    pass    
 test-amd64-i386-xl-qemuu-debianhvm-amd64                     pass    
 test-amd64-i386-freebsd10-amd64                              pass    
 test-amd64-amd64-qemuu-freebsd11-amd64                       pass    
 test-amd64-amd64-qemuu-freebsd12-amd64                       pass    
 test-amd64-amd64-xl-qemuu-ovmf-amd64                         pass    
 test-amd64-i386-xl-qemuu-ovmf-amd64                          pass    
 test-amd64-amd64-xl-qemuu-win7-amd64                         fail    
 test-amd64-i386-xl-qemuu-win7-amd64                          fail    
 test-amd64-amd64-xl-qemuu-ws16-amd64                         fail    
 test-amd64-i386-xl-qemuu-ws16-amd64                          fail    
 test-armhf-armhf-xl-arndale                                  broken  
 test-amd64-amd64-xl-credit1                                  pass    
 test-arm64-arm64-xl-credit1                                  pass    
 test-armhf-armhf-xl-credit1                                  broken  
 test-amd64-amd64-xl-credit2                                  pass    
 test-arm64-arm64-xl-credit2                                  pass    
 test-armhf-armhf-xl-credit2                                  broken  
 test-armhf-armhf-xl-cubietruck                               broken  
 test-amd64-amd64-xl-qemuu-dmrestrict-amd64-dmrestrict        pass    
 test-amd64-i386-xl-qemuu-dmrestrict-amd64-dmrestrict         pass    
 test-amd64-i386-freebsd10-i386                               pass    
 test-amd64-amd64-qemuu-nested-intel                          pass    
 test-amd64-amd64-xl-pvhv2-intel                              pass    
 test-amd64-i386-qemuu-rhel6hvm-intel                         pass    
 test-amd64-amd64-dom0pvh-xl-intel                            pass    
 test-amd64-amd64-libvirt                                     pass    
 test-armhf-armhf-libvirt                                     blocked 
 test-amd64-i386-libvirt                                      pass    
 test-amd64-amd64-xl-multivcpu                                pass    
 test-armhf-armhf-xl-multivcpu                                broken  
 test-amd64-amd64-pair                                        pass    
 test-amd64-i386-pair                                         pass    
 test-amd64-amd64-libvirt-pair                                pass    
 test-amd64-i386-libvirt-pair                                 pass    
 test-amd64-amd64-xl-pvshim                                   pass    
 test-amd64-i386-xl-pvshim                                    fail    
 test-amd64-amd64-pygrub                                      pass    
 test-armhf-armhf-libvirt-qcow2                               blocked 
 test-amd64-amd64-xl-qcow2                                    pass    
 test-arm64-arm64-libvirt-raw                                 fail    
 test-armhf-armhf-libvirt-raw                                 blocked 
 test-amd64-i386-libvirt-raw                                  pass    
 test-amd64-amd64-xl-rtds                                     pass    
 test-armhf-armhf-xl-rtds                                     broken  
 test-arm64-arm64-xl-seattle                                  pass    
 test-amd64-amd64-xl-qemuu-debianhvm-amd64-shadow             pass    
 test-amd64-i386-xl-qemuu-debianhvm-amd64-shadow              pass    
 test-amd64-amd64-xl-shadow                                   pass    
 test-amd64-i386-xl-shadow                                    pass    
 test-arm64-arm64-xl-thunderx                                 pass    
 test-amd64-amd64-libvirt-vhd                                 pass    
 test-arm64-arm64-xl-vhd                                      pass    
 test-armhf-armhf-xl-vhd                                      broken  
 test-amd64-i386-xl-vhd                                       broken  


------------------------------------------------------------
sg-report-flight on osstest.test-lab.xenproject.org
logs: /home/logs/logs
images: /home/logs/images

Logs, config files, etc. are available at
    http://logs.test-lab.xenproject.org/osstest/logs

Explanation of these reports, and of osstest in general, is at
    http://xenbits.xen.org/gitweb/?p=osstest.git;a=blob;f=README.email;hb=master
    http://xenbits.xen.org/gitweb/?p=osstest.git;a=blob;f=README;hb=master

Test harness code can be found at
    http://xenbits.xen.org/gitweb?p=osstest.git;a=summary

broken-job test-armhf-armhf-xl broken
broken-job test-armhf-armhf-xl-credit2 broken
broken-job test-armhf-armhf-xl-cubietruck broken
broken-job test-armhf-armhf-xl-multivcpu broken
broken-job test-armhf-armhf-xl-rtds broken
broken-job test-armhf-armhf-xl-vhd broken
broken-job test-amd64-i386-qemuu-rhel6hvm-amd broken
broken-job test-amd64-coresched-i386-xl broken
broken-job test-armhf-armhf-xl-credit1 broken
broken-job test-armhf-armhf-xl-arndale broken
broken-job test-amd64-i386-xl-qemuu-debianhvm-i386-xsm broken
broken-job test-amd64-i386-xl-vhd broken
broken-step test-amd64-i386-xl-vhd capture-logs(13)
broken-step test-armhf-armhf-xl-credit2 host-install(5)
broken-step test-armhf-armhf-xl-multivcpu host-install(5)
broken-step test-armhf-armhf-xl-arndale host-install(5)
broken-step test-armhf-armhf-xl-rtds host-install(5)
broken-step test-armhf-armhf-xl-vhd host-install(5)
broken-step test-amd64-i386-xl-qemuu-debianhvm-i386-xsm host-install(5)
broken-step test-amd64-coresched-i386-xl host-install(5)
broken-step test-amd64-i386-qemuu-rhel6hvm-amd host-install(5)
broken-step test-armhf-armhf-xl-credit1 host-install(5)
broken-step test-armhf-armhf-xl host-install(5)
broken-step test-armhf-armhf-xl-cubietruck host-install(5)

Not pushing.

(No revision log; it would be 6138 lines long.)

Reply via email to