flight 165179 qemu-mainline real [real] http://logs.test-lab.xenproject.org/osstest/logs/165179/
Regressions :-( Tests which did not succeed and are blocking, including tests which could not be run: test-arm64-arm64-libvirt-raw 17 guest-start/debian.repeat fail REGR. vs. 164950 Tests which are failing intermittently (not blocking): test-amd64-amd64-xl-rtds 18 guest-localmigrate fail pass in 165171 test-amd64-i386-xl-shadow 20 guest-localmigrate/x10 fail pass in 165171 Tests which did not succeed, but are not blocking: test-amd64-amd64-xl-rtds 20 guest-localmigrate/x10 fail in 165171 like 164950 test-amd64-amd64-xl-qemuu-win7-amd64 19 guest-stop fail like 164950 test-armhf-armhf-libvirt 16 saverestore-support-check fail like 164950 test-amd64-amd64-qemuu-nested-amd 20 debian-hvm-install/l1/l2 fail like 164950 test-amd64-i386-xl-qemuu-win7-amd64 19 guest-stop fail like 164950 test-armhf-armhf-libvirt-qcow2 15 saverestore-support-check fail like 164950 test-armhf-armhf-libvirt-raw 15 saverestore-support-check fail like 164950 test-amd64-i386-xl-qemuu-ws16-amd64 19 guest-stop fail like 164950 test-amd64-amd64-xl-qemuu-ws16-amd64 19 guest-stop fail like 164950 test-amd64-amd64-libvirt-xsm 15 migrate-support-check fail never pass test-amd64-amd64-libvirt 15 migrate-support-check fail never pass test-amd64-i386-libvirt 15 migrate-support-check fail never pass test-amd64-i386-libvirt-xsm 15 migrate-support-check fail never pass test-amd64-i386-xl-pvshim 14 guest-start fail never pass test-arm64-arm64-xl 15 migrate-support-check fail never pass test-arm64-arm64-xl 16 saverestore-support-check fail never pass test-arm64-arm64-xl-xsm 15 migrate-support-check fail never pass test-arm64-arm64-xl-xsm 16 saverestore-support-check fail never pass test-arm64-arm64-xl-credit2 15 migrate-support-check fail never pass test-arm64-arm64-xl-credit2 16 saverestore-support-check fail never pass test-arm64-arm64-xl-thunderx 15 migrate-support-check fail never pass test-arm64-arm64-xl-thunderx 16 saverestore-support-check fail never pass test-arm64-arm64-xl-credit1 15 migrate-support-check fail never pass test-arm64-arm64-xl-credit1 16 saverestore-support-check fail never pass test-arm64-arm64-libvirt-xsm 15 migrate-support-check fail never pass test-arm64-arm64-libvirt-xsm 16 saverestore-support-check fail never pass test-armhf-armhf-xl-arndale 15 migrate-support-check fail never pass test-armhf-armhf-xl-arndale 16 saverestore-support-check fail never pass test-amd64-i386-libvirt-qemuu-debianhvm-amd64-xsm 13 migrate-support-check fail never pass test-amd64-amd64-libvirt-qemuu-debianhvm-amd64-xsm 13 migrate-support-check fail never pass test-amd64-i386-libvirt-raw 14 migrate-support-check fail never pass test-arm64-arm64-libvirt-raw 14 migrate-support-check fail never pass test-arm64-arm64-libvirt-raw 15 saverestore-support-check fail never pass test-amd64-amd64-libvirt-vhd 14 migrate-support-check fail never pass test-arm64-arm64-xl-vhd 14 migrate-support-check fail never pass test-arm64-arm64-xl-vhd 15 saverestore-support-check fail never pass test-armhf-armhf-xl-multivcpu 15 migrate-support-check fail never pass test-armhf-armhf-xl-multivcpu 16 saverestore-support-check fail never pass test-armhf-armhf-xl-cubietruck 15 migrate-support-check fail never pass test-armhf-armhf-xl-cubietruck 16 saverestore-support-check fail never pass test-armhf-armhf-libvirt 15 migrate-support-check fail never pass test-armhf-armhf-xl-rtds 15 migrate-support-check fail never pass test-armhf-armhf-xl-rtds 16 saverestore-support-check fail never pass test-armhf-armhf-xl 15 migrate-support-check fail never pass test-armhf-armhf-xl 16 saverestore-support-check fail never pass test-arm64-arm64-xl-seattle 15 migrate-support-check fail never pass test-arm64-arm64-xl-seattle 16 saverestore-support-check fail never pass test-armhf-armhf-libvirt-qcow2 14 migrate-support-check fail never pass test-armhf-armhf-xl-vhd 14 migrate-support-check fail never pass test-armhf-armhf-xl-vhd 15 saverestore-support-check fail never pass test-armhf-armhf-xl-credit2 15 migrate-support-check fail never pass test-armhf-armhf-xl-credit2 16 saverestore-support-check fail never pass test-armhf-armhf-xl-credit1 15 migrate-support-check fail never pass test-armhf-armhf-xl-credit1 16 saverestore-support-check fail never pass test-armhf-armhf-libvirt-raw 14 migrate-support-check fail never pass version targeted for testing: qemuu 2c3e83f92d93fbab071b8a96b8ab769b01902475 baseline version: qemuu 99c44988d5ba1866a411450c877ed818b1b70081 Last test of basis 164950 2021-09-11 18:57:22 Z 13 days Failing since 164967 2021-09-13 13:06:52 Z 11 days 22 attempts Testing same since 165160 2021-09-23 01:54:09 Z 1 days 4 attempts ------------------------------------------------------------ People who touched revisions under test: Alex Chen <alex.c...@huawei.com> Alexander Graf <ag...@csgraf.de> Alexandra Clifford <acliff...@draper.com> AlexChen <alex.c...@huawei.com> Alistair Francis <alistair.fran...@wdc.com> Amanda Strnad <astr...@draper.com> Andrew Jeffery <and...@aj.id.au> Anup Patel <anup.pa...@wdc.com> Bin Meng <bmeng...@gmail.com> Cai Huoqing <caihuoq...@baidu.com> Chris Rauer <cra...@google.com> Cédric Le Goater <c...@kaod.org> Daniel P. Berrangé <berra...@redhat.com> David Gibson <da...@gibson.dropbear.id.au> Dr. David Alan Gilbert <dgilb...@redhat.com> Eric Blake <ebl...@redhat.com> Frank Chang <frank.ch...@sifive.com> Gerd Hoffmann <kra...@redhat.com> Green Wan <green....@sifive.com> Guenter Roeck <li...@roeck-us.net> Hanna Reitz <hre...@redhat.com> Igor Mammedov <imamm...@redhat.com> Ilya Leoshkevich <i...@linux.ibm.com> Jason Wang <jasow...@redhat.com> Joel Stanley <j...@jms.id.au> John Arbuckle <programmingk...@gmail.com> John Snow <js...@redhat.com> Jose R. Ziviani <jzivi...@suse.de> Justin Restivo <jrest...@draper.com> Kirill Tkhai <ktk...@virtuozzo.com> Lara Lazier <laramglaz...@gmail.com> Laurent Vivier <laur...@vivier.eu> LIU Zhiwei <zhiwei_...@c-sky.com> Luc Michel <lmic...@kalray.eu> Marc Zyngier <m...@kernel.org> Marc-André Lureau <marcandre.lur...@redhat.com> Markus Armbruster <arm...@redhat.com> Max Hsu <max....@sifive.com> Max Reitz <mre...@redhat.com> Michael Tokarev <m...@tls.msk.ru> Michal Privoznik <mpriv...@redhat.com> Neil Armstrong <narmstr...@baylibre.com> Paolo Bonzini <pbonz...@redhat.com> Peter Collingbourne <p...@google.com> Peter Delevoryas <p...@fb.com> Peter Maydell <peter.mayd...@linaro.org> Peter Xu <pet...@redhat.com> Philippe Mathieu-Daudé <f4...@amsat.org> Philippe Mathieu-Daudé <phi...@redhat.com> Reinoud Zandijk <rein...@netbsd.org> Richard Henderson <richard.hender...@linaro.org> Richard W.M. Jones <rjo...@redhat.com> Roman Bolshakov <r.bolsha...@yadro.com> Roman Bolshakov <r.bolsha...@yadro.com> (x86 only) Sergio Lopez <s...@redhat.com> Shashi Mallela <shashi.mall...@linaro.org> Stefan Weil <s...@weilnetz.de> Stefano Garzarella <sgarz...@redhat.com> Thomas Huth <th...@redhat.com> Viktor Prutyanov <viktor.prutya...@phystech.edu> Vivek Kasireddy <vivek.kasire...@intel.com> Vladimir Sementsov-Ogievskiy <vsement...@virtuozzo.com> jobs: build-amd64-xsm pass build-arm64-xsm pass build-i386-xsm pass build-amd64 pass build-arm64 pass build-armhf pass build-i386 pass build-amd64-libvirt pass build-arm64-libvirt pass build-armhf-libvirt pass build-i386-libvirt pass build-amd64-pvops pass build-arm64-pvops pass build-armhf-pvops pass build-i386-pvops pass test-amd64-amd64-xl pass test-amd64-coresched-amd64-xl pass test-arm64-arm64-xl pass test-armhf-armhf-xl pass test-amd64-i386-xl pass test-amd64-coresched-i386-xl pass test-amd64-amd64-libvirt-qemuu-debianhvm-amd64-xsm pass test-amd64-i386-libvirt-qemuu-debianhvm-amd64-xsm pass test-amd64-amd64-xl-qemuu-debianhvm-i386-xsm pass test-amd64-i386-xl-qemuu-debianhvm-i386-xsm pass test-amd64-amd64-libvirt-xsm pass test-arm64-arm64-libvirt-xsm pass test-amd64-i386-libvirt-xsm pass test-amd64-amd64-xl-xsm pass test-arm64-arm64-xl-xsm pass test-amd64-i386-xl-xsm pass test-amd64-amd64-qemuu-nested-amd fail test-amd64-amd64-xl-pvhv2-amd pass test-amd64-i386-qemuu-rhel6hvm-amd pass test-amd64-amd64-dom0pvh-xl-amd pass test-amd64-amd64-xl-qemuu-debianhvm-amd64 pass test-amd64-i386-xl-qemuu-debianhvm-amd64 pass test-amd64-i386-freebsd10-amd64 pass test-amd64-amd64-qemuu-freebsd11-amd64 pass test-amd64-amd64-qemuu-freebsd12-amd64 pass test-amd64-amd64-xl-qemuu-ovmf-amd64 pass test-amd64-i386-xl-qemuu-ovmf-amd64 pass test-amd64-amd64-xl-qemuu-win7-amd64 fail test-amd64-i386-xl-qemuu-win7-amd64 fail test-amd64-amd64-xl-qemuu-ws16-amd64 fail test-amd64-i386-xl-qemuu-ws16-amd64 fail test-armhf-armhf-xl-arndale pass test-amd64-amd64-xl-credit1 pass test-arm64-arm64-xl-credit1 pass test-armhf-armhf-xl-credit1 pass test-amd64-amd64-xl-credit2 pass test-arm64-arm64-xl-credit2 pass test-armhf-armhf-xl-credit2 pass test-armhf-armhf-xl-cubietruck pass test-amd64-amd64-xl-qemuu-dmrestrict-amd64-dmrestrict pass test-amd64-i386-xl-qemuu-dmrestrict-amd64-dmrestrict pass test-amd64-i386-freebsd10-i386 pass test-amd64-amd64-qemuu-nested-intel pass test-amd64-amd64-xl-pvhv2-intel pass test-amd64-i386-qemuu-rhel6hvm-intel pass test-amd64-amd64-dom0pvh-xl-intel pass test-amd64-amd64-libvirt pass test-armhf-armhf-libvirt pass test-amd64-i386-libvirt pass test-amd64-amd64-xl-multivcpu pass test-armhf-armhf-xl-multivcpu pass test-amd64-amd64-pair pass test-amd64-i386-pair pass test-amd64-amd64-libvirt-pair pass test-amd64-i386-libvirt-pair pass test-amd64-amd64-xl-pvshim pass test-amd64-i386-xl-pvshim fail test-amd64-amd64-pygrub pass test-armhf-armhf-libvirt-qcow2 pass test-amd64-amd64-xl-qcow2 pass test-arm64-arm64-libvirt-raw fail test-armhf-armhf-libvirt-raw pass test-amd64-i386-libvirt-raw pass test-amd64-amd64-xl-rtds fail test-armhf-armhf-xl-rtds pass test-arm64-arm64-xl-seattle pass test-amd64-amd64-xl-qemuu-debianhvm-amd64-shadow pass test-amd64-i386-xl-qemuu-debianhvm-amd64-shadow pass test-amd64-amd64-xl-shadow pass test-amd64-i386-xl-shadow fail test-arm64-arm64-xl-thunderx pass test-amd64-amd64-libvirt-vhd pass test-arm64-arm64-xl-vhd pass test-armhf-armhf-xl-vhd pass test-amd64-i386-xl-vhd pass ------------------------------------------------------------ sg-report-flight on osstest.test-lab.xenproject.org logs: /home/logs/logs images: /home/logs/images Logs, config files, etc. are available at http://logs.test-lab.xenproject.org/osstest/logs Explanation of these reports, and of osstest in general, is at http://xenbits.xen.org/gitweb/?p=osstest.git;a=blob;f=README.email;hb=master http://xenbits.xen.org/gitweb/?p=osstest.git;a=blob;f=README;hb=master Test harness code can be found at http://xenbits.xen.org/gitweb?p=osstest.git;a=summary Not pushing. (No revision log; it would be 4691 lines long.)