flight 164232 linux-5.4 real [real] http://logs.test-lab.xenproject.org/osstest/logs/164232/
Regressions :-( Tests which did not succeed and are blocking, including tests which could not be run: test-amd64-amd64-i386-pvgrub 12 debian-di-install fail REGR. vs. 164131 test-amd64-amd64-amd64-pvgrub 12 debian-di-install fail REGR. vs. 164131 Tests which are failing intermittently (not blocking): test-amd64-amd64-examine 4 memdisk-try-append fail in 164224 pass in 164232 test-amd64-amd64-xl-qemut-debianhvm-i386-xsm 12 debian-hvm-install fail pass in 164224 test-armhf-armhf-xl-rtds 18 guest-start/debian.repeat fail pass in 164224 test-amd64-i386-xl-qemut-debianhvm-i386-xsm 12 debian-hvm-install fail pass in 164224 Tests which did not succeed, but are not blocking: test-amd64-amd64-xl-qemuu-win7-amd64 19 guest-stop fail like 164131 test-amd64-i386-xl-qemut-win7-amd64 19 guest-stop fail like 164131 test-amd64-amd64-xl-qemut-win7-amd64 19 guest-stop fail like 164131 test-armhf-armhf-libvirt 16 saverestore-support-check fail like 164131 test-amd64-amd64-qemuu-nested-amd 20 debian-hvm-install/l1/l2 fail like 164131 test-amd64-amd64-xl-qemuu-ws16-amd64 19 guest-stop fail like 164131 test-amd64-amd64-xl-qemut-ws16-amd64 19 guest-stop fail like 164131 test-amd64-i386-xl-qemuu-win7-amd64 19 guest-stop fail like 164131 test-amd64-i386-xl-qemut-ws16-amd64 19 guest-stop fail like 164131 test-armhf-armhf-libvirt-raw 15 saverestore-support-check fail like 164131 test-amd64-i386-xl-qemuu-ws16-amd64 19 guest-stop fail like 164131 test-amd64-i386-xl-pvshim 14 guest-start fail never pass test-arm64-arm64-xl-seattle 15 migrate-support-check fail never pass test-arm64-arm64-xl-seattle 16 saverestore-support-check fail never pass test-amd64-i386-libvirt-xsm 15 migrate-support-check fail never pass test-amd64-amd64-libvirt 15 migrate-support-check fail never pass test-amd64-amd64-libvirt-xsm 15 migrate-support-check fail never pass test-amd64-i386-libvirt 15 migrate-support-check fail never pass test-arm64-arm64-xl 15 migrate-support-check fail never pass test-arm64-arm64-xl 16 saverestore-support-check fail never pass test-arm64-arm64-xl-credit1 15 migrate-support-check fail never pass test-arm64-arm64-xl-xsm 15 migrate-support-check fail never pass test-arm64-arm64-xl-credit1 16 saverestore-support-check fail never pass test-arm64-arm64-xl-xsm 16 saverestore-support-check fail never pass test-arm64-arm64-xl-thunderx 15 migrate-support-check fail never pass test-arm64-arm64-xl-thunderx 16 saverestore-support-check fail never pass test-arm64-arm64-libvirt-xsm 15 migrate-support-check fail never pass test-arm64-arm64-libvirt-xsm 16 saverestore-support-check fail never pass test-armhf-armhf-xl-arndale 15 migrate-support-check fail never pass test-armhf-armhf-xl-arndale 16 saverestore-support-check fail never pass test-amd64-amd64-libvirt-qemuu-debianhvm-amd64-xsm 13 migrate-support-check fail never pass test-amd64-i386-libvirt-qemuu-debianhvm-amd64-xsm 13 migrate-support-check fail never pass test-amd64-amd64-libvirt-vhd 14 migrate-support-check fail never pass test-armhf-armhf-xl-multivcpu 15 migrate-support-check fail never pass test-armhf-armhf-xl-multivcpu 16 saverestore-support-check fail never pass test-armhf-armhf-xl-credit2 15 migrate-support-check fail never pass test-armhf-armhf-xl-credit2 16 saverestore-support-check fail never pass test-armhf-armhf-xl 15 migrate-support-check fail never pass test-armhf-armhf-xl 16 saverestore-support-check fail never pass test-armhf-armhf-xl-credit1 15 migrate-support-check fail never pass test-armhf-armhf-xl-credit1 16 saverestore-support-check fail never pass test-armhf-armhf-xl-rtds 15 migrate-support-check fail never pass test-armhf-armhf-xl-rtds 16 saverestore-support-check fail never pass test-armhf-armhf-xl-cubietruck 15 migrate-support-check fail never pass test-armhf-armhf-xl-cubietruck 16 saverestore-support-check fail never pass test-armhf-armhf-libvirt 15 migrate-support-check fail never pass test-arm64-arm64-xl-credit2 15 migrate-support-check fail never pass test-arm64-arm64-xl-credit2 16 saverestore-support-check fail never pass test-armhf-armhf-libvirt-raw 14 migrate-support-check fail never pass test-armhf-armhf-xl-vhd 14 migrate-support-check fail never pass test-armhf-armhf-xl-vhd 15 saverestore-support-check fail never pass version targeted for testing: linux b704883aa8dc4d1d232d3a3cdc438a64889fcc6e baseline version: linux e350cd02e293be9a6b93398b2d3ff1edf7695ab2 Last test of basis 164131 2021-08-08 07:11:59 Z 10 days Failing since 164167 2021-08-12 11:47:56 Z 6 days 11 attempts Testing same since 164196 2021-08-15 18:44:07 Z 2 days 4 attempts ------------------------------------------------------------ People who touched revisions under test: Alan Stern <st...@rowland.harvard.edu> Alex Xu (Hello71) <alex_y...@yahoo.ca> Alexander Monakov <amona...@ispras.ru> Alexander Tsoy <alexan...@tsoy.me> Alexandre Courbot <gnu...@gmail.com> Alexei Starovoitov <a...@kernel.org> Anand Jain <anand.j...@oracle.com> Andy Shevchenko <andriy.shevche...@linux.intel.com> Anirudh Rayabharam <m...@anirudhrb.com> Antoine Tenart <aten...@kernel.org> Arnd Bergmann <a...@arndb.de> Bartosz Golaszewski <bgolaszew...@baylibre.com> Brian Norris <briannor...@chromium.org> Catalin Marinas <catalin.mari...@arm.com> Chanho Park <chanho61.p...@samsung.com> chihhao.chen <chihhao.c...@mediatek.com> Christoph Hellwig <h...@lst.de> Colin Ian King <colin.k...@canonical.com> Dan Carpenter <dan.carpen...@oracle.com> Daniel Borkmann <dan...@iogearbox.net> Daniele Palmas <dnl...@gmail.com> Dario Binacchi <dario...@libero.it> David Bauer <m...@david-bauer.net> David S. Miller <da...@davemloft.net> David Sterba <dste...@suse.com> Dmitry Osipenko <dig...@gmail.com> Dominik Brodowski <li...@dominikbrodowski.net> Dongliang Mu <mudonglianga...@gmail.com> Eero Lehtinen <debiangam...@gmail.com> Fei Qin <fei....@corigine.com> Felipe Balbi <ba...@kernel.org> Filipe Manana <fdman...@suse.com> Greg Kroah-Hartman <gre...@linuxfoundation.org> Gregory CLEMENT <gregory.clem...@bootlin.com> Guenter Roeck <li...@roeck-us.net> Guido Kiener <guido.kie...@rohde-schwarz.com> Guoqing Jiang <jiangguoq...@kylinos.cn> H. Nikolaus Schaller <h...@goldelico.com> Hans Verkuil <hverkuil-ci...@xs4all.nl> Hervé Codina <herve.cod...@bootlin.com> Hui Su <su...@zeku.com> Hulk Robot <hulkro...@huawei.com> Jakub Kicinski <k...@kernel.org> Jakub Sitnicki <ja...@cloudflare.com> Jan Kara <j...@suse.cz> Jarkko Sakkinen <jar...@kernel.org> Jens Axboe <ax...@kernel.dk> Jens Wiklander <jens.wiklan...@linaro.org> Johan Hovold <jo...@kernel.org> Johannes Berg <johannes.b...@intel.com> Jon Hunter <jonath...@nvidia.com> Juergen Borleis <j...@pengutronix.de> Kieran Bingham <kieran.bing...@ideasonboard.com> Kim Phillips <kim.phill...@amd.com> Lai Jiangshan <la...@linux.alibaba.com> Letu Ren <fantasq...@gmail.com> Li Manyi <lima...@uniontech.com> Liam Merwick <liam.merw...@oracle.com> Like Xu <lik...@tencent.com> Linus Torvalds <torva...@linux-foundation.org> Linus Walleij <linus.wall...@linaro.org> Linux Kernel Functional Testing <l...@linaro.org> Longfang Liu <liulongf...@huawei.com> Louis Peens <louis.pe...@corigine.com> Luis Chamberlain <mcg...@kernel.org> Luiz Augusto von Dentz <luiz.von.de...@intel.com> Luke D Jones <l...@ljones.dev> Maciej W. Rozycki <ma...@orcam.me.uk> Marek Szyprowski <m.szyprow...@samsung.com> Marek Vasut <ma...@denx.de> Mario Kleiner <mario.kleiner...@gmail.com> Mark Brown <broo...@kernel.org> Mark Rutland <mark.rutl...@arm.com> Martin K. Petersen <martin.peter...@oracle.com> Masahiro Yamada <masahi...@kernel.org> Masami Hiramatsu <mhira...@kernel.org> Matt Turner <matts...@gmail.com> Matteo Croce <mcr...@microsoft.com> Matthias Schiffer <matthias.schif...@ew.tq-group.com> Mauro Carvalho Chehab <mchehab+hua...@kernel.org> Maxim Devaev <mdev...@gmail.com> Maxime Chevallier <maxime.chevall...@bootlin.com> Michael Tretter <m.tret...@pengutronix.de> Miklos Szeredi <mszer...@redhat.com> Nikolay Borisov <nbori...@suse.com> Oleksandr Suvorov <oleksandr.suvo...@toradex.com> Ovidiu Panait <ovidiu.pan...@windriver.com> Pali Rohár <p...@kernel.org> Paolo Bonzini <pbonz...@redhat.com> Pavel Machek (CIP) <pa...@denx.de> Pavel Skripkin <paskrip...@gmail.com> Pawel Laszczak <paw...@cadence.com> Peter Chen <peter.c...@kernel.org> Peter Zijlstra (Intel) <pet...@infradead.org> Phil Elwell <p...@raspberrypi.com> Prarit Bhargava <pra...@redhat.com> Qiang.zhang <qiang.zh...@windriver.com> Qu Wenruo <w...@suse.com> Rafael J. Wysocki <rafael.j.wyso...@intel.com> Russell King (Oracle) <rmk+ker...@armlinux.org.uk> Sasha Levin <sas...@kernel.org> Sean Christopherson <sea...@google.com> Sean Young <s...@mess.org> Sebastian Andrzej Siewior <bige...@linutronix.de> Shawn Guo <shawn...@kernel.org> Shreyansh Chouhan <chouhan.shreyansh...@gmail.com> Shuah Khan <sk...@linuxfoundation.org> Simon Horman <simon.hor...@corigine.com> Song Liu <s...@kernel.org> Stas Sergeev <st...@yandex.ru> Stephen Boyd <sb...@kernel.org> Steve Bennett <ste...@workware.net.au> Steven Rostedt (VMware) <rost...@goodmis.org> Sudip Mukherjee <sudip.mukher...@codethink.co.uk> Sumit Garg <sumit.g...@linaro.org> syzbot+de271708674e20930...@syzkaller.appspotmail.com Takashi Iwai <ti...@suse.de> Tejun Heo <t...@kernel.org> Tetsuo Handa <penguin-ker...@i-love.sakura.ne.jp> Theodore Ts'o <ty...@mit.edu> Thierry Reding <tred...@nvidia.com> Thomas Gleixner <t...@linutronix.de> Tony Lindgren <t...@atomide.com> Tyler Hicks <tyhi...@linux.microsoft.com> Vinod Koul <vk...@kernel.org> Vladimir Oltean <vladimir.olt...@nxp.com> Wang Hai <wangha...@huawei.com> Wei Shuyu <w...@dogben.com> Wesley Cheng <wch...@codeaurora.org> Will Deacon <w...@kernel.org> Willy Tarreau <w...@1wt.eu> Xiangyang Zhang <xyz.sun...@gmail.com> Xin Long <lucien....@gmail.com> Yang Yingliang <yangyingli...@huawei.com> Yu Kuai <yuku...@huawei.com> YueHaibing <yuehaib...@huawei.com> Zheyu Ma <zheyum...@gmail.com> Zhiyong Tao <zhiyong....@mediatek.com> jobs: build-amd64-xsm pass build-arm64-xsm pass build-i386-xsm pass build-amd64 pass build-arm64 pass build-armhf pass build-i386 pass build-amd64-libvirt pass build-arm64-libvirt pass build-armhf-libvirt pass build-i386-libvirt pass build-amd64-pvops pass build-arm64-pvops pass build-armhf-pvops pass build-i386-pvops pass test-amd64-amd64-xl pass test-amd64-coresched-amd64-xl pass test-arm64-arm64-xl pass test-armhf-armhf-xl pass test-amd64-i386-xl pass test-amd64-coresched-i386-xl pass test-amd64-amd64-libvirt-qemuu-debianhvm-amd64-xsm pass test-amd64-i386-libvirt-qemuu-debianhvm-amd64-xsm pass test-amd64-amd64-xl-qemut-stubdom-debianhvm-amd64-xsm pass test-amd64-i386-xl-qemut-stubdom-debianhvm-amd64-xsm pass test-amd64-amd64-xl-qemut-debianhvm-i386-xsm fail test-amd64-i386-xl-qemut-debianhvm-i386-xsm fail test-amd64-amd64-xl-qemuu-debianhvm-i386-xsm pass test-amd64-i386-xl-qemuu-debianhvm-i386-xsm pass test-amd64-amd64-libvirt-xsm pass test-arm64-arm64-libvirt-xsm pass test-amd64-i386-libvirt-xsm pass test-amd64-amd64-xl-xsm pass test-arm64-arm64-xl-xsm pass test-amd64-i386-xl-xsm pass test-amd64-amd64-qemuu-nested-amd fail test-amd64-amd64-xl-pvhv2-amd pass test-amd64-i386-qemut-rhel6hvm-amd pass test-amd64-i386-qemuu-rhel6hvm-amd pass test-amd64-amd64-dom0pvh-xl-amd pass test-amd64-amd64-xl-qemut-debianhvm-amd64 pass test-amd64-i386-xl-qemut-debianhvm-amd64 pass test-amd64-amd64-xl-qemuu-debianhvm-amd64 pass test-amd64-i386-xl-qemuu-debianhvm-amd64 pass test-amd64-i386-freebsd10-amd64 pass test-amd64-amd64-qemuu-freebsd11-amd64 pass test-amd64-amd64-qemuu-freebsd12-amd64 pass test-amd64-amd64-xl-qemuu-ovmf-amd64 pass test-amd64-i386-xl-qemuu-ovmf-amd64 pass test-amd64-amd64-xl-qemut-win7-amd64 fail test-amd64-i386-xl-qemut-win7-amd64 fail test-amd64-amd64-xl-qemuu-win7-amd64 fail test-amd64-i386-xl-qemuu-win7-amd64 fail test-amd64-amd64-xl-qemut-ws16-amd64 fail test-amd64-i386-xl-qemut-ws16-amd64 fail test-amd64-amd64-xl-qemuu-ws16-amd64 fail test-amd64-i386-xl-qemuu-ws16-amd64 fail test-armhf-armhf-xl-arndale pass test-amd64-amd64-xl-credit1 pass test-arm64-arm64-xl-credit1 pass test-armhf-armhf-xl-credit1 pass test-amd64-amd64-xl-credit2 pass test-arm64-arm64-xl-credit2 pass test-armhf-armhf-xl-credit2 pass test-armhf-armhf-xl-cubietruck pass test-amd64-amd64-xl-qemuu-dmrestrict-amd64-dmrestrict pass test-amd64-i386-xl-qemuu-dmrestrict-amd64-dmrestrict pass test-amd64-amd64-examine pass test-arm64-arm64-examine pass test-armhf-armhf-examine pass test-amd64-i386-examine pass test-amd64-i386-freebsd10-i386 pass test-amd64-amd64-qemuu-nested-intel pass test-amd64-amd64-xl-pvhv2-intel pass test-amd64-i386-qemut-rhel6hvm-intel pass test-amd64-i386-qemuu-rhel6hvm-intel pass test-amd64-amd64-dom0pvh-xl-intel pass test-amd64-amd64-libvirt pass test-armhf-armhf-libvirt pass test-amd64-i386-libvirt pass test-amd64-amd64-xl-multivcpu pass test-armhf-armhf-xl-multivcpu pass test-amd64-amd64-pair pass test-amd64-i386-pair pass test-amd64-amd64-libvirt-pair pass test-amd64-i386-libvirt-pair pass test-amd64-amd64-amd64-pvgrub fail test-amd64-amd64-i386-pvgrub fail test-amd64-amd64-xl-pvshim pass test-amd64-i386-xl-pvshim fail test-amd64-amd64-pygrub pass test-amd64-amd64-xl-qcow2 pass test-armhf-armhf-libvirt-raw pass test-amd64-i386-xl-raw pass test-amd64-amd64-xl-rtds pass test-armhf-armhf-xl-rtds fail test-arm64-arm64-xl-seattle pass test-amd64-amd64-xl-qemuu-debianhvm-amd64-shadow pass test-amd64-i386-xl-qemuu-debianhvm-amd64-shadow pass test-amd64-amd64-xl-shadow pass test-amd64-i386-xl-shadow pass test-arm64-arm64-xl-thunderx pass test-amd64-amd64-libvirt-vhd pass test-armhf-armhf-xl-vhd pass ------------------------------------------------------------ sg-report-flight on osstest.test-lab.xenproject.org logs: /home/logs/logs images: /home/logs/images Logs, config files, etc. are available at http://logs.test-lab.xenproject.org/osstest/logs Explanation of these reports, and of osstest in general, is at http://xenbits.xen.org/gitweb/?p=osstest.git;a=blob;f=README.email;hb=master http://xenbits.xen.org/gitweb/?p=osstest.git;a=blob;f=README;hb=master Test harness code can be found at http://xenbits.xen.org/gitweb?p=osstest.git;a=summary Not pushing. (No revision log; it would be 3656 lines long.)