flight 163907 ovmf real [real] http://logs.test-lab.xenproject.org/osstest/logs/163907/
Regressions :-( Tests which did not succeed and are blocking, including tests which could not be run: test-amd64-i386-xl-qemuu-ovmf-amd64 12 debian-hvm-install fail REGR. vs. 162359 test-amd64-amd64-xl-qemuu-ovmf-amd64 12 debian-hvm-install fail REGR. vs. 162359 version targeted for testing: ovmf 2f5ad3f451031749f6dabf53960ab5ec18e3e843 baseline version: ovmf c410ad4da4b7785170d3d42a3ba190c2caac6feb Last test of basis 162359 2021-06-04 03:40:08 Z 48 days Failing since 162368 2021-06-04 15:42:59 Z 48 days 130 attempts Testing same since 163907 2021-07-22 13:41:32 Z 0 days 1 attempts ------------------------------------------------------------ People who touched revisions under test: Abner Chang <abner.ch...@hpe.com> Agrawal, Sachin <sachin.agra...@intel.com> Alexandru Elisei <alexandru.eli...@arm.com> Anthony PERARD <anthony.per...@citrix.com> Ard Biesheuvel <a...@kernel.org> Artem Kopotev <artem.kopo...@arm.com> Ashraf Ali S <ashraf.al...@intel.com> Bob Feng <bob.c.f...@intel.com> Bret Barkelew <bret.barke...@microsoft.com> Chen, Christine <yuwei.c...@intel.com> Corvin Köhne <c.koe...@beckhoff.com> Daniel Schaefer <daniel.schae...@hpe.com> Daoxiang Li <daoxiang...@intel.com> Dov Murik <dovmu...@linux.ibm.com> DunTan <dun....@intel.com> gaoliming <gaolim...@byosoft.com.cn> gthotala <gopi.thot...@intel.com> Guo Dong <guo.d...@intel.com> Hao A Wu <hao.a...@intel.com> Jian J Wang <jian.j.w...@intel.com> Jianyong Wu <jianyong...@arm.com> Kaaira Gupta <kaaira7...@gmail.com> Ken Lautner <klaut...@microsoft.com> Kenneth Lautner <kenlautn...@gmail.com> Kun Qin <kuqi...@gmail.com> Laszlo Ersek <ler...@redhat.com> Leif Lindholm <l...@nuviainc.com> Liming Gao <gaolim...@byosoft.com.cn> Liu, Zhiguang <zhiguang....@intel.com> Loo Tung Lun <tung.lun....@intel.com> Loo, Tung Lun <tung.lun....@intel.com> Manickavasakam Karpagavinayagam <manickavasak...@ami.com> Maurice Ma <maurice...@intel.com> Michael D Kinney <michael.d.kin...@intel.com> Neal Gompa <ngo...@fedoraproject.org> Ni, Ray <ray...@intel.com> Nickle Wang <nickle.w...@hpe.com> Patrick Rudolph <patrick.rudo...@9elements.com> Pierre Gondois <pierre.gond...@arm.com> Ray Ni <ray...@intel.com> Rebecca Cran <rebe...@bsdio.com> Rebecca Cran <rebe...@nuviainc.com> S, Ashraf Ali <ashraf.al...@intel.com> Sachin Agrawal <sachin.agra...@intel.com> Sami Mujawar <sami.muja...@arm.com> Scottie Kuo <scottie....@intel.com> Sean Brogan <sean.bro...@microsoft.com> Sean Brogan <spbro...@live.com> Sheng Wei <w.sh...@intel.com> Sumana Venur <sumana.ve...@intel.com> Sunil V L <suni...@ventanamicro.com> Tan, Dun <dun....@intel.com> Thiyagu Kesavan Balakrishnan <thiyagux.kesavan.balakrish...@intel.com> Thotala Gopi <gopi.thot...@intel.com> Trammell Hudson <hud...@trmm.net> xueshengfeng <xueshengf...@byosoft.com.cn> Yang Gang <yangg...@byosoft.com.cn> Yuwei Chen <yuwei.c...@intel.com> Zhiguang Liu <zhiguang....@intel.com> jobs: build-amd64-xsm pass build-i386-xsm pass build-amd64 pass build-i386 pass build-amd64-libvirt pass build-i386-libvirt pass build-amd64-pvops pass build-i386-pvops pass test-amd64-amd64-xl-qemuu-ovmf-amd64 fail test-amd64-i386-xl-qemuu-ovmf-amd64 fail ------------------------------------------------------------ sg-report-flight on osstest.test-lab.xenproject.org logs: /home/logs/logs images: /home/logs/images Logs, config files, etc. are available at http://logs.test-lab.xenproject.org/osstest/logs Explanation of these reports, and of osstest in general, is at http://xenbits.xen.org/gitweb/?p=osstest.git;a=blob;f=README.email;hb=master http://xenbits.xen.org/gitweb/?p=osstest.git;a=blob;f=README;hb=master Test harness code can be found at http://xenbits.xen.org/gitweb?p=osstest.git;a=summary Not pushing. (No revision log; it would be 4011 lines long.)