flight 163890 qemu-mainline real [real] http://logs.test-lab.xenproject.org/osstest/logs/163890/
Regressions :-( Tests which did not succeed and are blocking, including tests which could not be run: test-amd64-i386-xl-qemuu-dmrestrict-amd64-dmrestrict 12 debian-hvm-install fail REGR. vs. 163321 test-amd64-i386-xl-qemuu-debianhvm-amd64 12 debian-hvm-install fail REGR. vs. 163321 test-amd64-amd64-xl-qemuu-win7-amd64 12 windows-install fail REGR. vs. 163321 test-amd64-amd64-xl-qcow2 12 debian-di-install fail REGR. vs. 163321 test-amd64-amd64-xl-qemuu-debianhvm-i386-xsm 12 debian-hvm-install fail REGR. vs. 163321 test-amd64-amd64-xl-qemuu-debianhvm-amd64-shadow 12 debian-hvm-install fail REGR. vs. 163321 test-amd64-amd64-xl-qemuu-dmrestrict-amd64-dmrestrict 12 debian-hvm-install fail REGR. vs. 163321 test-amd64-amd64-xl-qemuu-debianhvm-amd64 12 debian-hvm-install fail REGR. vs. 163321 test-amd64-i386-qemuu-rhel6hvm-intel 12 redhat-install fail REGR. vs. 163321 test-amd64-amd64-xl-qemuu-ovmf-amd64 12 debian-hvm-install fail REGR. vs. 163321 test-amd64-i386-xl-qemuu-win7-amd64 12 windows-install fail REGR. vs. 163321 test-amd64-amd64-libvirt 14 guest-start fail REGR. vs. 163321 test-amd64-amd64-qemuu-nested-intel 12 debian-hvm-install fail REGR. vs. 163321 test-amd64-amd64-libvirt-xsm 14 guest-start fail REGR. vs. 163321 test-amd64-amd64-qemuu-freebsd11-amd64 13 guest-start fail REGR. vs. 163321 test-amd64-amd64-qemuu-nested-amd 12 debian-hvm-install fail REGR. vs. 163321 test-amd64-amd64-libvirt-vhd 12 debian-di-install fail REGR. vs. 163321 test-amd64-amd64-qemuu-freebsd12-amd64 13 guest-start fail REGR. vs. 163321 test-amd64-i386-libvirt-pair 25 guest-start/debian fail REGR. vs. 163321 test-amd64-i386-qemuu-rhel6hvm-amd 12 redhat-install fail REGR. vs. 163321 test-amd64-amd64-libvirt-qemuu-debianhvm-amd64-xsm 12 debian-hvm-install fail REGR. vs. 163321 test-amd64-i386-xl-qemuu-ws16-amd64 12 windows-install fail REGR. vs. 163321 test-amd64-i386-xl-qemuu-debianhvm-amd64-shadow 12 debian-hvm-install fail REGR. vs. 163321 test-amd64-i386-xl-qemuu-ovmf-amd64 12 debian-hvm-install fail REGR. vs. 163321 test-amd64-amd64-xl-qemuu-ws16-amd64 12 windows-install fail REGR. vs. 163321 test-amd64-i386-xl-qemuu-debianhvm-i386-xsm 12 debian-hvm-install fail REGR. vs. 163321 test-amd64-i386-libvirt-qemuu-debianhvm-amd64-xsm 12 debian-hvm-install fail REGR. vs. 163321 test-amd64-i386-freebsd10-i386 13 guest-start fail REGR. vs. 163321 test-amd64-i386-freebsd10-amd64 13 guest-start fail REGR. vs. 163321 test-arm64-arm64-libvirt-xsm 14 guest-start fail REGR. vs. 163321 test-amd64-amd64-libvirt-pair 25 guest-start/debian fail REGR. vs. 163321 test-armhf-armhf-xl-vhd 12 debian-di-install fail REGR. vs. 163321 test-amd64-i386-libvirt 14 guest-start fail REGR. vs. 163321 test-amd64-i386-libvirt-xsm 14 guest-start fail REGR. vs. 163321 test-armhf-armhf-libvirt 14 guest-start fail REGR. vs. 163321 test-armhf-armhf-libvirt-raw 12 debian-di-install fail REGR. vs. 163321 Tests which did not succeed, but are not blocking: test-amd64-i386-xl-pvshim 14 guest-start fail never pass test-arm64-arm64-xl-seattle 15 migrate-support-check fail never pass test-arm64-arm64-xl-seattle 16 saverestore-support-check fail never pass test-arm64-arm64-xl 15 migrate-support-check fail never pass test-arm64-arm64-xl 16 saverestore-support-check fail never pass test-arm64-arm64-xl-xsm 15 migrate-support-check fail never pass test-arm64-arm64-xl-xsm 16 saverestore-support-check fail never pass test-arm64-arm64-xl-credit1 15 migrate-support-check fail never pass test-arm64-arm64-xl-credit1 16 saverestore-support-check fail never pass test-arm64-arm64-xl-thunderx 15 migrate-support-check fail never pass test-arm64-arm64-xl-thunderx 16 saverestore-support-check fail never pass test-armhf-armhf-xl-arndale 15 migrate-support-check fail never pass test-armhf-armhf-xl-arndale 16 saverestore-support-check fail never pass test-arm64-arm64-xl-credit2 15 migrate-support-check fail never pass test-arm64-arm64-xl-credit2 16 saverestore-support-check fail never pass test-armhf-armhf-xl-credit2 15 migrate-support-check fail never pass test-armhf-armhf-xl-credit2 16 saverestore-support-check fail never pass test-armhf-armhf-xl-multivcpu 15 migrate-support-check fail never pass test-armhf-armhf-xl-multivcpu 16 saverestore-support-check fail never pass test-armhf-armhf-xl-credit1 15 migrate-support-check fail never pass test-armhf-armhf-xl-credit1 16 saverestore-support-check fail never pass test-armhf-armhf-xl 15 migrate-support-check fail never pass test-armhf-armhf-xl 16 saverestore-support-check fail never pass test-armhf-armhf-xl-cubietruck 15 migrate-support-check fail never pass test-armhf-armhf-xl-cubietruck 16 saverestore-support-check fail never pass test-armhf-armhf-xl-rtds 15 migrate-support-check fail never pass test-armhf-armhf-xl-rtds 16 saverestore-support-check fail never pass version targeted for testing: qemuu e77c8b8b8e933414ef07dbed04e02973fccffeb0 baseline version: qemuu 9bef7ea9d93ee6b6297a5be6cb5a557f7d1764c9 Last test of basis 163321 2021-07-06 00:39:14 Z 16 days Failing since 163327 2021-07-06 12:39:04 Z 16 days 28 attempts Testing same since 163880 2021-07-21 18:08:23 Z 0 days 2 attempts ------------------------------------------------------------ People who touched revisions under test: Akihiko Odaki <akihiko.od...@gmail.com> Alberto Garcia <be...@igalia.com> Alex Bennée <alex.ben...@linaro.org> Alex Williamson <alex.william...@redhat.com> Alexandre Iooss <erdn...@crans.org> Alexey Kardashevskiy <a...@ozlabs.ru> Alistair Francis <alistair.fran...@wdc.com> Andreas Schwab <sch...@suse.de> Andrew Melnychenko <and...@daynix.com> Arseny Krasnov <arseny.kras...@kaspersky.com> BALATON Zoltan <bala...@eik.bme.hu> Bharata B Rao <bhar...@linux.ibm.com> Bin Meng <bin.m...@windriver.com> Bin Meng <bmeng...@gmail.com> Brad Smith <b...@comstyle.com> Bruno Larsen (billionai) <bruno.lar...@eldorado.org.br> Cai Huoqing <caihuoq...@baidu.com> Cho, Yu-Chen <a...@suse.com> Christian Borntraeger <borntrae...@de.ibm.com> Claudio Fontana <cfont...@suse.de> Cleber Rosa <cr...@redhat.com> Connor Kuehl <cku...@redhat.com> Corey Minyard <cminy...@mvista.com> Cornelia Huck <coh...@redhat.com> Cédric Le Goater <c...@kaod.org> Daniel P. Berrangé <berra...@redhat.com> David Edmondson <david.edmond...@oracle.com> David Gibson <da...@gibson.dropbear.id.au> David Hildenbrand <da...@redhat.com> Dmitry Voronetskiy <davoronets...@gmail.com> Dov Murik <dovmu...@linux.ibm.com> Dr. David Alan Gilbert <dgilb...@redhat.com> Eduardo Habkost <ehabk...@redhat.com> Eduardo Otubo <ot...@redhat.com> Emanuele Giuseppe Esposito <eespo...@redhat.com> Eric Auger <eric.au...@redhat.com> Eric Blake <ebl...@redhat.com> Fabiano Rosas <faro...@linux.ibm.com> Finn Thain <fth...@linux-m68k.org> Gerd Hoffmann <kra...@redhat.com> Greg Kurz <gr...@kaod.org> Heinrich Schuchardt <xypron.g...@gmx.de> hn...@vmware.com <hn...@vmware.com> Hubert Jasudowicz <hubert.jasudow...@gmail.com> Hyman <huang...@chinatelecom.cn> Igor Mammedov <imamm...@redhat.com> Ilya Dryomov <idryo...@gmail.com> Jinhua Cao <caojinh...@huawei.com> John Arbuckle <programmingk...@gmail.com> John Snow <js...@redhat.com> John Sucaet <john.suc...@ekinops.com> Jose Martins <josemartin...@gmail.com> Jose R. Ziviani <jzivi...@suse.de> Julia Suvorova <jus...@redhat.com> Kevin Wolf <kw...@redhat.com> Kito Cheng <kito.ch...@sifive.com> Kostiantyn Kostiuk <konstan...@daynix.com> Lara Lazier <laramglaz...@gmail.com> Laszlo Ersek <ler...@redhat.com> Laurent Vivier <laur...@vivier.eu> Laurent Vivier <lviv...@redhat.com> Li Zhijian <lizhij...@cn.fujitsu.com> Liren Wei <lr...@bupt.edu.cn> Lucas Mateus Castro (alqotel) <lucas.ara...@eldorado.org.br> Lukas Straub <lukasstra...@web.de> Maciej S. Szmigiero <maciej.szmigi...@oracle.com> Mahmoud Mandour <ma.mando...@gmail.com> Marcel Apfelbaum <marcel.apfelb...@gmail.com> Mark Cave-Ayland <mark.cave-ayl...@ilande.co.uk> Mark Nelson <mdnels...@gmail.com> Markus Armbruster <arm...@redhat.com> Mathieu Poirier <mathieu.poir...@linaro.org> Max Filippov <jcmvb...@gmail.com> Max Reitz <mre...@redhat.com> Michael Roth <michael.r...@amd.com> Michael S. Tsirkin <m...@redhat.com> Michal Privoznik <mpriv...@redhat.com> Miroslav Rezanina <mreza...@redhat.com> Nicholas Piggin <npig...@gmail.com> Nick Hudson <hn...@vmware.com> Olaf Hering <o...@aepfle.de> Or Ozeri <o...@il.ibm.com> Owen Anderson <oande...@google.com> Paolo Bonzini <pbonz...@redhat.com> Pavel Dovgalyuk <pavel.dovgal...@ispras.ru> Peter Lieven <p...@kamp.de> Peter Maydell <peter.mayd...@linaro.org> Peter Xu <pet...@redhat.com> Philippe Mathieu-Daudé <f4...@amsat.org> Philippe Mathieu-Daudé <phi...@redhat.com> Rebecca Cran <rebe...@nuviainc.com> Ricardo Koller <ricar...@google.com> Richard Henderson <richard.hender...@linaro.org> Stefan Hajnoczi <stefa...@redhat.com> Stefano Garzarella <sgarz...@redhat.com> Thomas Huth <th...@redhat.com> Titus Rwantare <tit...@google.com> Ulrich Weigand <ulrich.weig...@de.ibm.com> Viktor Ashirov <vashi...@redhat.com> Vincent Bernat <vinc...@bernat.ch> Viresh Kumar <viresh.ku...@linaro.org> Vitaly Kuznetsov <vkuzn...@redhat.com> Vladimir Sementsov-Ogievskiy <vsement...@virtuozzo.com> Wainer dos Santos Moschetta <waine...@redhat.com> Willian Rampazzo <willi...@redhat.com> Xingang Wang <wangxinga...@huawei.com> Yang Zhong <yang.zh...@intel.com> zhenwei pi <pizhen...@bytedance.com> Ziqiao Kong <ziqiaok...@gmail.com> jobs: build-amd64-xsm pass build-arm64-xsm pass build-i386-xsm pass build-amd64 pass build-arm64 pass build-armhf pass build-i386 pass build-amd64-libvirt pass build-arm64-libvirt pass build-armhf-libvirt pass build-i386-libvirt pass build-amd64-pvops pass build-arm64-pvops pass build-armhf-pvops pass build-i386-pvops pass test-amd64-amd64-xl pass test-amd64-coresched-amd64-xl pass test-arm64-arm64-xl pass test-armhf-armhf-xl pass test-amd64-i386-xl pass test-amd64-coresched-i386-xl pass test-amd64-amd64-libvirt-qemuu-debianhvm-amd64-xsm fail test-amd64-i386-libvirt-qemuu-debianhvm-amd64-xsm fail test-amd64-amd64-xl-qemuu-debianhvm-i386-xsm fail test-amd64-i386-xl-qemuu-debianhvm-i386-xsm fail test-amd64-amd64-libvirt-xsm fail test-arm64-arm64-libvirt-xsm fail test-amd64-i386-libvirt-xsm fail test-amd64-amd64-xl-xsm pass test-arm64-arm64-xl-xsm pass test-amd64-i386-xl-xsm pass test-amd64-amd64-qemuu-nested-amd fail test-amd64-amd64-xl-pvhv2-amd pass test-amd64-i386-qemuu-rhel6hvm-amd fail test-amd64-amd64-dom0pvh-xl-amd pass test-amd64-amd64-xl-qemuu-debianhvm-amd64 fail test-amd64-i386-xl-qemuu-debianhvm-amd64 fail test-amd64-i386-freebsd10-amd64 fail test-amd64-amd64-qemuu-freebsd11-amd64 fail test-amd64-amd64-qemuu-freebsd12-amd64 fail test-amd64-amd64-xl-qemuu-ovmf-amd64 fail test-amd64-i386-xl-qemuu-ovmf-amd64 fail test-amd64-amd64-xl-qemuu-win7-amd64 fail test-amd64-i386-xl-qemuu-win7-amd64 fail test-amd64-amd64-xl-qemuu-ws16-amd64 fail test-amd64-i386-xl-qemuu-ws16-amd64 fail test-armhf-armhf-xl-arndale pass test-amd64-amd64-xl-credit1 pass test-arm64-arm64-xl-credit1 pass test-armhf-armhf-xl-credit1 pass test-amd64-amd64-xl-credit2 pass test-arm64-arm64-xl-credit2 pass test-armhf-armhf-xl-credit2 pass test-armhf-armhf-xl-cubietruck pass test-amd64-amd64-xl-qemuu-dmrestrict-amd64-dmrestrict fail test-amd64-i386-xl-qemuu-dmrestrict-amd64-dmrestrict fail test-amd64-i386-freebsd10-i386 fail test-amd64-amd64-qemuu-nested-intel fail test-amd64-amd64-xl-pvhv2-intel pass test-amd64-i386-qemuu-rhel6hvm-intel fail test-amd64-amd64-dom0pvh-xl-intel pass test-amd64-amd64-libvirt fail test-armhf-armhf-libvirt fail test-amd64-i386-libvirt fail test-amd64-amd64-xl-multivcpu pass test-armhf-armhf-xl-multivcpu pass test-amd64-amd64-pair pass test-amd64-i386-pair pass test-amd64-amd64-libvirt-pair fail test-amd64-i386-libvirt-pair fail test-amd64-amd64-amd64-pvgrub pass test-amd64-amd64-i386-pvgrub pass test-amd64-amd64-xl-pvshim pass test-amd64-i386-xl-pvshim fail test-amd64-amd64-pygrub pass test-amd64-amd64-xl-qcow2 fail test-armhf-armhf-libvirt-raw fail test-amd64-i386-xl-raw pass test-amd64-amd64-xl-rtds pass test-armhf-armhf-xl-rtds pass test-arm64-arm64-xl-seattle pass test-amd64-amd64-xl-qemuu-debianhvm-amd64-shadow fail test-amd64-i386-xl-qemuu-debianhvm-amd64-shadow fail test-amd64-amd64-xl-shadow pass test-amd64-i386-xl-shadow pass test-arm64-arm64-xl-thunderx pass test-amd64-amd64-libvirt-vhd fail test-armhf-armhf-xl-vhd fail ------------------------------------------------------------ sg-report-flight on osstest.test-lab.xenproject.org logs: /home/logs/logs images: /home/logs/images Logs, config files, etc. are available at http://logs.test-lab.xenproject.org/osstest/logs Explanation of these reports, and of osstest in general, is at http://xenbits.xen.org/gitweb/?p=osstest.git;a=blob;f=README.email;hb=master http://xenbits.xen.org/gitweb/?p=osstest.git;a=blob;f=README;hb=master Test harness code can be found at http://xenbits.xen.org/gitweb?p=osstest.git;a=summary Not pushing. (No revision log; it would be 11842 lines long.)