flight 120913 linux-4.9 real [real]
http://logs.test-lab.xenproject.org/osstest/logs/120913/

Failures :-/ but no regressions.

Tests which did not succeed, but are not blocking:
 test-amd64-amd64-xl-qemut-win7-amd64 17 guest-stop            fail like 120670
 test-amd64-amd64-xl-qemuu-win7-amd64 17 guest-stop            fail like 120670
 test-amd64-i386-xl-qemut-win7-amd64 17 guest-stop             fail like 120670
 test-amd64-i386-xl-qemuu-win7-amd64 17 guest-stop             fail like 120670
 test-amd64-amd64-xl-qemuu-ws16-amd64 17 guest-stop            fail like 120670
 test-amd64-amd64-xl-pvhv2-intel 12 guest-start                 fail never pass
 test-amd64-amd64-libvirt     13 migrate-support-check        fail   never pass
 test-amd64-amd64-xl-pvhv2-amd 12 guest-start                  fail  never pass
 test-amd64-i386-xl-pvshim    12 guest-start                  fail   never pass
 test-amd64-amd64-libvirt-xsm 13 migrate-support-check        fail   never pass
 test-amd64-i386-libvirt      13 migrate-support-check        fail   never pass
 test-amd64-i386-libvirt-xsm  13 migrate-support-check        fail   never pass
 test-arm64-arm64-libvirt-xsm 13 migrate-support-check        fail   never pass
 test-arm64-arm64-libvirt-xsm 14 saverestore-support-check    fail   never pass
 test-arm64-arm64-xl-credit2  13 migrate-support-check        fail   never pass
 test-arm64-arm64-xl-credit2  14 saverestore-support-check    fail   never pass
 test-arm64-arm64-xl-xsm      13 migrate-support-check        fail   never pass
 test-arm64-arm64-xl-xsm      14 saverestore-support-check    fail   never pass
 test-arm64-arm64-xl          13 migrate-support-check        fail   never pass
 test-arm64-arm64-xl          14 saverestore-support-check    fail   never pass
 test-amd64-amd64-libvirt-qemuu-debianhvm-amd64-xsm 11 migrate-support-check 
fail never pass
 test-amd64-i386-libvirt-qemuu-debianhvm-amd64-xsm 11 migrate-support-check 
fail never pass
 test-armhf-armhf-xl-arndale  13 migrate-support-check        fail   never pass
 test-armhf-armhf-xl-arndale  14 saverestore-support-check    fail   never pass
 test-amd64-amd64-qemuu-nested-amd 17 debian-hvm-install/l1/l2  fail never pass
 test-amd64-amd64-libvirt-vhd 12 migrate-support-check        fail   never pass
 test-armhf-armhf-xl-credit2  13 migrate-support-check        fail   never pass
 test-armhf-armhf-xl-credit2  14 saverestore-support-check    fail   never pass
 test-armhf-armhf-xl          13 migrate-support-check        fail   never pass
 test-armhf-armhf-libvirt     13 migrate-support-check        fail   never pass
 test-armhf-armhf-xl          14 saverestore-support-check    fail   never pass
 test-armhf-armhf-libvirt     14 saverestore-support-check    fail   never pass
 test-armhf-armhf-xl-cubietruck 13 migrate-support-check        fail never pass
 test-armhf-armhf-xl-cubietruck 14 saverestore-support-check    fail never pass
 test-armhf-armhf-xl-xsm      13 migrate-support-check        fail   never pass
 test-armhf-armhf-xl-xsm      14 saverestore-support-check    fail   never pass
 test-armhf-armhf-libvirt-xsm 13 migrate-support-check        fail   never pass
 test-armhf-armhf-libvirt-xsm 14 saverestore-support-check    fail   never pass
 test-armhf-armhf-xl-multivcpu 13 migrate-support-check        fail  never pass
 test-armhf-armhf-xl-multivcpu 14 saverestore-support-check    fail  never pass
 test-armhf-armhf-xl-rtds     13 migrate-support-check        fail   never pass
 test-armhf-armhf-xl-rtds     14 saverestore-support-check    fail   never pass
 test-armhf-armhf-libvirt-raw 12 migrate-support-check        fail   never pass
 test-armhf-armhf-libvirt-raw 13 saverestore-support-check    fail   never pass
 test-amd64-amd64-xl-qemut-ws16-amd64 17 guest-stop             fail never pass
 test-amd64-i386-xl-qemut-ws16-amd64 17 guest-stop              fail never pass
 test-armhf-armhf-xl-vhd      12 migrate-support-check        fail   never pass
 test-armhf-armhf-xl-vhd      13 saverestore-support-check    fail   never pass
 test-amd64-i386-xl-qemuu-ws16-amd64 17 guest-stop              fail never pass
 test-amd64-amd64-xl-qemut-win10-i386 10 windows-install        fail never pass
 test-amd64-amd64-xl-qemuu-win10-i386 10 windows-install        fail never pass
 test-amd64-i386-xl-qemuu-win10-i386 10 windows-install         fail never pass
 test-amd64-i386-xl-qemut-win10-i386 10 windows-install         fail never pass

version targeted for testing:
 linux                46e076f0dad02f5c445a5c27adbd3f06147e33ed
baseline version:
 linux                b67416226a0cff3f49032de36906ad1ebe5694a0

Last test of basis   120670  2018-03-13 10:59:23 Z    6 days
Testing same since   120913  2018-03-18 11:32:38 Z    1 days    1 attempts

------------------------------------------------------------
People who touched revisions under test:
  Adrian Hunter <adrian.hun...@intel.com>
  Alan Stern <st...@rowland.harvard.edu>
  Alex Deucher <alexander.deuc...@amd.com>
  Arnaldo Carvalho de Melo <a...@redhat.com>
  Arnd Bergmann <a...@arndb.de>
  Benjamin Berg <bb...@redhat.com>
  Bjorn Helgaas <bhelg...@google.com>
  Borislav Petkov <b...@suse.de>
  Christian Borntraeger <borntrae...@de.ibm.com>
  Clay McClure <c...@daemons.net>
  Colin Ian King <colin.k...@canonical.com>
  Dan Murphy <dmur...@ti.com>
  Dan Williams <dan.j.willi...@intel.com>
  Daniel Vetter <daniel.vet...@ffwll.ch>
  Danilo Krummrich <danilokrummr...@dk-develop.de>
  David Daney <david.da...@cavium.com>
  David Hildenbrand <da...@redhat.com>
  David Woodhouse <d...@amazon.co.uk>
  Dennis Wassenberg <dennis.wassenb...@secunet.com>
  Dmitry Torokhov <dmitry.torok...@gmail.com>
  Doug Ledford <dledf...@redhat.com>
  Eric Dumazet <eduma...@google.com>
  Fabio Estevam <fabio.este...@nxp.com>
  Felipe Balbi <felipe.ba...@linux.intel.com>
  Florian Westphal <f...@strlen.de>
  Frank Mori Hess <fmh...@gmail.com>
  Fredrik Noring <nor...@nocrew.org>
  Greentime Hu <green...@gmail.com>
  Greentime Hu <greent...@andestech.com>
  Greg Hackmann <ghackm...@google.com>
  Greg Kroah-Hartman <gre...@linuxfoundation.org>
  Guenter Roeck <li...@roeck-us.net>
  H.J. Lu <hjl.to...@gmail.com>
  Hans de Goede <hdego...@redhat.com>
  Hans Verkuil <hansv...@cisco.com>
  Himanshu Madhani <himanshu.madh...@cavium.com>
  himanshu.madh...@cavium.com <himanshu.madh...@cavium.com>
  Ingo Molnar <mi...@kernel.org>
  James Hogan <jho...@kernel.org>
  James Zhu <james....@amd.com>
  Jason Gunthorpe <j...@mellanox.com>
  Jens Axboe <ax...@kernel.dk>
  Jerry Hoemann <jerry.hoem...@hpe.com>
  Jiri Olsa <jo...@kernel.org>
  Joel Fernandes <joe...@google.com>
  Johan Hovold <jo...@kernel.org>
  Jonas Danielsson <jo...@orbital-systems.com>
  Josh Poimboeuf <jpoim...@redhat.com>
  Justin Chen <justinpo...@gmail.com>
  Koen Vandeputte <koen.vandepu...@ncentric.com>
  Konrad Rzeszutek Wilk <konrad.w...@oracle.com>
  Laurence Oberman <lober...@redhat.com>
  Leon Romanovsky <l...@kernel.org>
  Leon Romanovsky <leo...@mellanox.com>
  Linus Torvalds <torva...@linux-foundation.org>
  Lorenzo Pieralisi <lorenzo.pieral...@arm.com>
  Lucas Stach <l.st...@pengutronix.de>
  Lukas Wunner <lu...@wunner.de>
  Maarten Lankhorst <maarten.lankho...@linux.intel.com>
  Mark Brown <broo...@kernel.org>
  Martin K. Petersen <martin.peter...@oracle.com>
  Masahiro Yamada <yamada.masah...@socionext.com>
  Mauro Carvalho Chehab <mche...@s-opensource.com>
  Michael Lyle <ml...@lyle.org>
  Michael S. Tsirkin <m...@redhat.com>
  Mike Lothian <m...@fireburn.co.uk>
  Nguyen Viet Dung <dung.nguyen...@renesas.com>
  Nicolas Ferre <nicolas.fe...@microchip.com>
  Niklas Cassel <niklas.cas...@axis.com>
  Nikola Ciprich <nikola.cipr...@linuxbox.cz>
  Oliver Neukum <oneu...@suse.com>
  Pablo Neira Ayuso <pa...@netfilter.org>
  Paolo Abeni <pab...@redhat.com>
  Pete Zaitcev <zait...@kotori.zaitcev.us>
  Pete Zaitcev <zait...@redhat.com>
  Peter Zijlstra (Intel) <pet...@infradead.org>
  Peter Zijlstra <pet...@infradead.org>
  Philipp Zabel <p.za...@pengutronix.de>
  Quinn Tran <quinn.t...@cavium.com>
  Rex Zhu <rex....@amd.com>
  Richard Genoud <richard.gen...@gmail.com>
  Richard Weinberger <rich...@nod.at>
  Rob Herring <r...@kernel.org>
  Rodrigo Vivi <rodrigo.v...@intel.com>
  Ross Zwisler <ross.zwis...@linux.intel.com>
  Sebastian Andrzej Siewior <bige...@linutronix.de>
  Sebastian Reichel <sebastian.reic...@collabora.co.uk>
  Sergey Gorenko <serge...@mellanox.com>
  Seunghun Han <kkama...@gmail.com>
  Shuah Khan <shua...@osg.samsung.com>
  Stefan Brüns <stefan.bru...@rwth-aachen.de>
  Tahsin Erdogan <tah...@google.com>
  Takashi Iwai <ti...@suse.de>
  Tang Junhui <tang.jun...@zte.com.cn>
  Teijo Kinnunen <teijo.kinnu...@code-q.fi>
  Tejun Heo <t...@kernel.org>
  Theodore Ts'o <ty...@mit.edu>
  Thomas Gleixner <t...@linutronix.de>
  Tiwei Bie <tiwei....@intel.com>
  Todd Kjos <tk...@google.com>
  Tommi Rantala <tommi.t.rant...@nokia.com>
  Tony Lindgren <t...@atomide.com>
  Trond Myklebust <trond.mykleb...@primarydata.com>
  Ulrich Hecht <ulrich.hecht+rene...@gmail.com>
  Wim Van Sebroeck <w...@iguana.be>
  Xinyong <xinyong.f...@linux.alibaba.com>
  Zhang Bo <zbs...@126.com>

jobs:
 build-amd64-xsm                                              pass    
 build-arm64-xsm                                              pass    
 build-armhf-xsm                                              pass    
 build-i386-xsm                                               pass    
 build-amd64                                                  pass    
 build-arm64                                                  pass    
 build-armhf                                                  pass    
 build-i386                                                   pass    
 build-amd64-libvirt                                          pass    
 build-arm64-libvirt                                          pass    
 build-armhf-libvirt                                          pass    
 build-i386-libvirt                                           pass    
 build-amd64-pvops                                            pass    
 build-arm64-pvops                                            pass    
 build-armhf-pvops                                            pass    
 build-i386-pvops                                             pass    
 build-amd64-rumprun                                          pass    
 build-i386-rumprun                                           pass    
 test-amd64-amd64-xl                                          pass    
 test-arm64-arm64-xl                                          pass    
 test-armhf-armhf-xl                                          pass    
 test-amd64-i386-xl                                           pass    
 test-amd64-amd64-xl-qemut-debianhvm-amd64-xsm                pass    
 test-amd64-i386-xl-qemut-debianhvm-amd64-xsm                 pass    
 test-amd64-amd64-libvirt-qemuu-debianhvm-amd64-xsm           pass    
 test-amd64-i386-libvirt-qemuu-debianhvm-amd64-xsm            pass    
 test-amd64-amd64-xl-qemuu-debianhvm-amd64-xsm                pass    
 test-amd64-i386-xl-qemuu-debianhvm-amd64-xsm                 pass    
 test-amd64-amd64-xl-qemut-stubdom-debianhvm-amd64-xsm        pass    
 test-amd64-i386-xl-qemut-stubdom-debianhvm-amd64-xsm         pass    
 test-amd64-amd64-libvirt-xsm                                 pass    
 test-arm64-arm64-libvirt-xsm                                 pass    
 test-armhf-armhf-libvirt-xsm                                 pass    
 test-amd64-i386-libvirt-xsm                                  pass    
 test-amd64-amd64-xl-xsm                                      pass    
 test-arm64-arm64-xl-xsm                                      pass    
 test-armhf-armhf-xl-xsm                                      pass    
 test-amd64-i386-xl-xsm                                       pass    
 test-amd64-amd64-qemuu-nested-amd                            fail    
 test-amd64-amd64-xl-pvhv2-amd                                fail    
 test-amd64-i386-qemut-rhel6hvm-amd                           pass    
 test-amd64-i386-qemuu-rhel6hvm-amd                           pass    
 test-amd64-amd64-xl-qemut-debianhvm-amd64                    pass    
 test-amd64-i386-xl-qemut-debianhvm-amd64                     pass    
 test-amd64-amd64-xl-qemuu-debianhvm-amd64                    pass    
 test-amd64-i386-xl-qemuu-debianhvm-amd64                     pass    
 test-amd64-i386-freebsd10-amd64                              pass    
 test-amd64-amd64-xl-qemuu-ovmf-amd64                         pass    
 test-amd64-i386-xl-qemuu-ovmf-amd64                          pass    
 test-amd64-amd64-rumprun-amd64                               pass    
 test-amd64-amd64-xl-qemut-win7-amd64                         fail    
 test-amd64-i386-xl-qemut-win7-amd64                          fail    
 test-amd64-amd64-xl-qemuu-win7-amd64                         fail    
 test-amd64-i386-xl-qemuu-win7-amd64                          fail    
 test-amd64-amd64-xl-qemut-ws16-amd64                         fail    
 test-amd64-i386-xl-qemut-ws16-amd64                          fail    
 test-amd64-amd64-xl-qemuu-ws16-amd64                         fail    
 test-amd64-i386-xl-qemuu-ws16-amd64                          fail    
 test-armhf-armhf-xl-arndale                                  pass    
 test-amd64-amd64-xl-credit2                                  pass    
 test-arm64-arm64-xl-credit2                                  pass    
 test-armhf-armhf-xl-credit2                                  pass    
 test-armhf-armhf-xl-cubietruck                               pass    
 test-amd64-amd64-examine                                     pass    
 test-arm64-arm64-examine                                     pass    
 test-armhf-armhf-examine                                     pass    
 test-amd64-i386-examine                                      pass    
 test-amd64-i386-freebsd10-i386                               pass    
 test-amd64-i386-rumprun-i386                                 pass    
 test-amd64-amd64-xl-qemut-win10-i386                         fail    
 test-amd64-i386-xl-qemut-win10-i386                          fail    
 test-amd64-amd64-xl-qemuu-win10-i386                         fail    
 test-amd64-i386-xl-qemuu-win10-i386                          fail    
 test-amd64-amd64-qemuu-nested-intel                          pass    
 test-amd64-amd64-xl-pvhv2-intel                              fail    
 test-amd64-i386-qemut-rhel6hvm-intel                         pass    
 test-amd64-i386-qemuu-rhel6hvm-intel                         pass    
 test-amd64-amd64-libvirt                                     pass    
 test-armhf-armhf-libvirt                                     pass    
 test-amd64-i386-libvirt                                      pass    
 test-amd64-amd64-xl-multivcpu                                pass    
 test-armhf-armhf-xl-multivcpu                                pass    
 test-amd64-amd64-pair                                        pass    
 test-amd64-i386-pair                                         pass    
 test-amd64-amd64-libvirt-pair                                pass    
 test-amd64-i386-libvirt-pair                                 pass    
 test-amd64-amd64-amd64-pvgrub                                pass    
 test-amd64-amd64-i386-pvgrub                                 pass    
 test-amd64-amd64-xl-pvshim                                   pass    
 test-amd64-i386-xl-pvshim                                    fail    
 test-amd64-amd64-pygrub                                      pass    
 test-amd64-amd64-xl-qcow2                                    pass    
 test-armhf-armhf-libvirt-raw                                 pass    
 test-amd64-i386-xl-raw                                       pass    
 test-amd64-amd64-xl-rtds                                     pass    
 test-armhf-armhf-xl-rtds                                     pass    
 test-amd64-amd64-libvirt-vhd                                 pass    
 test-armhf-armhf-xl-vhd                                      pass    


------------------------------------------------------------
sg-report-flight on osstest.test-lab.xenproject.org
logs: /home/logs/logs
images: /home/logs/images

Logs, config files, etc. are available at
    http://logs.test-lab.xenproject.org/osstest/logs

Explanation of these reports, and of osstest in general, is at
    http://xenbits.xen.org/gitweb/?p=osstest.git;a=blob;f=README.email;hb=master
    http://xenbits.xen.org/gitweb/?p=osstest.git;a=blob;f=README;hb=master

Test harness code can be found at
    http://xenbits.xen.org/gitweb?p=osstest.git;a=summary


Pushing revision :

To xenbits.xen.org:/home/xen/git/linux-pvops.git
   b67416226a0c..46e076f0dad0  46e076f0dad02f5c445a5c27adbd3f06147e33ed -> 
tested/linux-4.9

_______________________________________________
Xen-devel mailing list
Xen-devel@lists.xenproject.org
https://lists.xenproject.org/mailman/listinfo/xen-devel

Reply via email to