flight 119891 linux-4.9 real [real] http://logs.test-lab.xenproject.org/osstest/logs/119891/
Failures :-/ but no regressions. Regressions which are regarded as allowable (not blocking): test-armhf-armhf-xl-rtds 12 guest-start fail REGR. vs. 119562 Tests which did not succeed, but are not blocking: test-amd64-amd64-xl-qemut-ws16-amd64 16 guest-localmigrate/x10 fail like 119487 test-amd64-i386-xl-qemut-win7-amd64 17 guest-stop fail like 119562 test-amd64-amd64-xl-qemut-win7-amd64 17 guest-stop fail like 119562 test-amd64-amd64-xl-qemuu-win7-amd64 17 guest-stop fail like 119562 test-amd64-i386-xl-qemuu-win7-amd64 17 guest-stop fail like 119562 test-amd64-amd64-xl-qemuu-ws16-amd64 17 guest-stop fail like 119562 test-amd64-amd64-xl-pvhv2-intel 12 guest-start fail never pass test-amd64-amd64-xl-pvhv2-amd 12 guest-start fail never pass test-amd64-amd64-libvirt-xsm 13 migrate-support-check fail never pass test-amd64-amd64-libvirt 13 migrate-support-check fail never pass test-amd64-i386-libvirt 13 migrate-support-check fail never pass test-amd64-i386-libvirt-xsm 13 migrate-support-check fail never pass test-arm64-arm64-libvirt-xsm 13 migrate-support-check fail never pass test-arm64-arm64-libvirt-xsm 14 saverestore-support-check fail never pass test-arm64-arm64-xl-credit2 13 migrate-support-check fail never pass test-arm64-arm64-xl-credit2 14 saverestore-support-check fail never pass test-amd64-amd64-libvirt-qemuu-debianhvm-amd64-xsm 11 migrate-support-check fail never pass test-arm64-arm64-xl-xsm 13 migrate-support-check fail never pass test-arm64-arm64-xl-xsm 14 saverestore-support-check fail never pass test-amd64-i386-libvirt-qemuu-debianhvm-amd64-xsm 11 migrate-support-check fail never pass test-amd64-amd64-qemuu-nested-amd 17 debian-hvm-install/l1/l2 fail never pass test-amd64-amd64-libvirt-vhd 12 migrate-support-check fail never pass test-armhf-armhf-xl-credit2 13 migrate-support-check fail never pass test-armhf-armhf-xl-cubietruck 13 migrate-support-check fail never pass test-armhf-armhf-xl-credit2 14 saverestore-support-check fail never pass test-armhf-armhf-xl-cubietruck 14 saverestore-support-check fail never pass test-armhf-armhf-libvirt-xsm 13 migrate-support-check fail never pass test-armhf-armhf-libvirt-xsm 14 saverestore-support-check fail never pass test-armhf-armhf-xl-xsm 13 migrate-support-check fail never pass test-armhf-armhf-xl-xsm 14 saverestore-support-check fail never pass test-armhf-armhf-xl-multivcpu 13 migrate-support-check fail never pass test-armhf-armhf-xl-multivcpu 14 saverestore-support-check fail never pass test-armhf-armhf-libvirt 13 migrate-support-check fail never pass test-armhf-armhf-libvirt 14 saverestore-support-check fail never pass test-armhf-armhf-xl 13 migrate-support-check fail never pass test-armhf-armhf-xl 14 saverestore-support-check fail never pass test-armhf-armhf-libvirt-raw 12 migrate-support-check fail never pass test-armhf-armhf-libvirt-raw 13 saverestore-support-check fail never pass test-arm64-arm64-xl 13 migrate-support-check fail never pass test-arm64-arm64-xl 14 saverestore-support-check fail never pass test-amd64-i386-xl-qemut-ws16-amd64 17 guest-stop fail never pass test-armhf-armhf-xl-vhd 12 migrate-support-check fail never pass test-armhf-armhf-xl-vhd 13 saverestore-support-check fail never pass test-amd64-i386-xl-qemuu-ws16-amd64 17 guest-stop fail never pass test-armhf-armhf-xl-arndale 13 migrate-support-check fail never pass test-armhf-armhf-xl-arndale 14 saverestore-support-check fail never pass test-amd64-i386-xl-qemuu-win10-i386 10 windows-install fail never pass test-amd64-amd64-xl-qemut-win10-i386 10 windows-install fail never pass test-amd64-amd64-xl-qemuu-win10-i386 10 windows-install fail never pass test-amd64-i386-xl-qemut-win10-i386 10 windows-install fail never pass version targeted for testing: linux 80c1c8322c331586a86e58d3f95026a1265ab396 baseline version: linux 3e598a7089eef1fe04d5b87cc154295302960e62 Last test of basis 119562 2018-02-18 09:51:11 Z 5 days Testing same since 119891 2018-02-22 15:01:38 Z 1 days 1 attempts ------------------------------------------------------------ People who touched revisions under test: Al Viro <v...@zeniv.linux.org.uk> alex chen <alex.c...@huawei.com> Alex Deucher <alexander.deuc...@amd.com> Alexander Potapenko <gli...@google.com> Andrew Morton <a...@linux-foundation.org> Andy Gross <andy.gr...@linaro.org> Ard Biesheuvel <ard.biesheu...@linaro.org> Arnd Bergmann <a...@arndb.de> Bart Van Assche <bart.vanass...@wdc.com> Bartlomiej Zolnierkiewicz <b.zolnier...@samsung.com> Bjorn Andersson <bjorn.anders...@linaro.org> Boris Brezillon <boris.brezil...@bootlin.com> Chanwoo Choi <cw00.c...@samsung.com> Christian König <christian.koe...@amd.com> Corentin Labbe <clabbe.montj...@gmail.com> Dan Carpenter <dan.carpen...@oracle.com> Dan Williams <dan.j.willi...@intel.com> David Disseldorp <dd...@suse.de> David S. Miller <da...@davemloft.net> David Sterba <dste...@suse.com> David Woodhouse <d...@amazon.co.uk> Dennis Dalessandro <dennis.dalessan...@intel.com> Dominik Brodowski <li...@dominikbrodowski.net> Doug Ledford <dledf...@redhat.com> Eric Biggers <ebigg...@google.com> Ernesto A. Fernández <ernesto.mnd.fernan...@gmail.com> Eugene Syromiatnikov <e...@redhat.com> Filippo Sironi <sir...@amazon.de> Gang He <g...@suse.com> Geert Uytterhoeven <ge...@linux-m68k.org> Greg Kroah-Hartman <gre...@linuxfoundation.org> Greg Kurz <gr...@kaod.org> Gustavo A. R. Silva <garsi...@embeddedor.com> Harshad Shirwadkar <harsh...@google.com> Heiko Carstens <heiko.carst...@de.ibm.com> Herbert Xu <herb...@gondor.apana.org.au> Hugh Dickins <hu...@google.com> Hui Wang <hui.w...@canonical.com> Ingo Molnar <mi...@kernel.org> Jack Morgenstein <ja...@dev.mellanox.co.il> James Cameron <qu...@laptop.org> # x86_64 OLPC NL3 James Hogan <jho...@kernel.org> Jan H. Schönherr <jscho...@amazon.de> Jan-Marek Glogowski <glo...@fbihome.de> Jason Gunthorpe <j...@mellanox.com> Jia Zhang <qianyue...@alibaba-inc.com> Johan Hovold <jo...@kernel.org> Julia Lawall <julia.law...@lip6.fr> Kailang Yang <kail...@realtek.com> Kalle Valo <kv...@codeaurora.org> KarimAllah Ahmed <karah...@amazon.de> Kees Cook <keesc...@chromium.org> Kirill Marinushkin <k.marinush...@gmail.com> Krzysztof Kozlowski <k...@kernel.org> Larry Finger <larry.fin...@lwfinger.net> Lassi Ylikojola <lassi.ylikoj...@gmail.com> Leon Romanovsky <l...@kernel.org> Linus Torvalds <torva...@linux-foundation.org> Linus Walleij <linus.wall...@linaro.org> Liu Bo <bo.li....@oracle.com> Lorenzo Pieralisi <lorenzo.pieral...@arm.com> Martin K. Petersen <martin.peter...@oracle.com> Martin Schwidefsky <schwidef...@de.ibm.com> Matthias Brugger <matthias....@gmail.com> Mauro Carvalho Chehab <mche...@s-opensource.com> Michael Ellerman <m...@ellerman.id.au> Michael S. Tsirkin <m...@redhat.com> Mike Marciniszyn <mike.marcinis...@intel.com> Mike Snitzer <snit...@redhat.com> Mikulas Patocka <mpato...@redhat.com> Murali Karicheri <m-kariche...@ti.com> MyungJoo Ham <myungjoo....@samsung.com> NeilBrown <ne...@suse.com> Nicholas Bellinger <n...@linux-iscsi.org> Nicholas Piggin <npig...@gmail.com> Nicolas Pitre <n...@linaro.org> Nicolas Pitre <nicolas.pi...@linaro.org> Olof Johansson <o...@lixom.net> Paolo Bonzini <pbonz...@redhat.com> Patrice Chotard <patrice.chot...@st.com> Peter Zijlstra (Intel) <pet...@infradead.org> Peter Zijlstra <pet...@infradead.org> piaojun <piao...@huawei.com> Rafael J. Wysocki <rafael.j.wyso...@intel.com> Robert Jarzmik <robert.jarz...@free.fr> Rui Wang <rui.y.w...@intel.com> Shilpasri G Bhat <shilpa.b...@linux.vnet.ibm.com> Shuah Khan <shua...@osg.samsung.com> Stefan Agner <ste...@agner.ch> Steffen Weber <steffen.we...@gmail.com> Stewart Smith <stew...@linux.vnet.ibm.com> Takashi Iwai <ti...@suse.de> Theodore Ts'o <ty...@mit.edu> Thomas Gleixner <t...@linutronix.de> Tobin C. Harding <m...@tobin.cc> Viresh Kumar <viresh.ku...@linaro.org> Will Deacon <will.dea...@arm.com> Zhouyi Zhou <zhouzho...@gmail.com> jobs: build-amd64-xsm pass build-arm64-xsm pass build-armhf-xsm pass build-i386-xsm pass build-amd64 pass build-arm64 pass build-armhf pass build-i386 pass build-amd64-libvirt pass build-arm64-libvirt pass build-armhf-libvirt pass build-i386-libvirt pass build-amd64-pvops pass build-arm64-pvops pass build-armhf-pvops pass build-i386-pvops pass build-amd64-rumprun pass build-i386-rumprun pass test-amd64-amd64-xl pass test-arm64-arm64-xl pass test-armhf-armhf-xl pass test-amd64-i386-xl pass test-amd64-amd64-xl-qemut-debianhvm-amd64-xsm pass test-amd64-i386-xl-qemut-debianhvm-amd64-xsm pass test-amd64-amd64-libvirt-qemuu-debianhvm-amd64-xsm pass test-amd64-i386-libvirt-qemuu-debianhvm-amd64-xsm pass test-amd64-amd64-xl-qemuu-debianhvm-amd64-xsm pass test-amd64-i386-xl-qemuu-debianhvm-amd64-xsm pass test-amd64-amd64-xl-qemut-stubdom-debianhvm-amd64-xsm pass test-amd64-i386-xl-qemut-stubdom-debianhvm-amd64-xsm pass test-amd64-amd64-libvirt-xsm pass test-arm64-arm64-libvirt-xsm pass test-armhf-armhf-libvirt-xsm pass test-amd64-i386-libvirt-xsm pass test-amd64-amd64-xl-xsm pass test-arm64-arm64-xl-xsm pass test-armhf-armhf-xl-xsm pass test-amd64-i386-xl-xsm pass test-amd64-amd64-qemuu-nested-amd fail test-amd64-amd64-xl-pvhv2-amd fail test-amd64-i386-qemut-rhel6hvm-amd pass test-amd64-i386-qemuu-rhel6hvm-amd pass test-amd64-amd64-xl-qemut-debianhvm-amd64 pass test-amd64-i386-xl-qemut-debianhvm-amd64 pass test-amd64-amd64-xl-qemuu-debianhvm-amd64 pass test-amd64-i386-xl-qemuu-debianhvm-amd64 pass test-amd64-i386-freebsd10-amd64 pass test-amd64-amd64-xl-qemuu-ovmf-amd64 pass test-amd64-i386-xl-qemuu-ovmf-amd64 pass test-amd64-amd64-rumprun-amd64 pass test-amd64-amd64-xl-qemut-win7-amd64 fail test-amd64-i386-xl-qemut-win7-amd64 fail test-amd64-amd64-xl-qemuu-win7-amd64 fail test-amd64-i386-xl-qemuu-win7-amd64 fail test-amd64-amd64-xl-qemut-ws16-amd64 fail test-amd64-i386-xl-qemut-ws16-amd64 fail test-amd64-amd64-xl-qemuu-ws16-amd64 fail test-amd64-i386-xl-qemuu-ws16-amd64 fail test-armhf-armhf-xl-arndale pass test-amd64-amd64-xl-credit2 pass test-arm64-arm64-xl-credit2 pass test-armhf-armhf-xl-credit2 pass test-armhf-armhf-xl-cubietruck pass test-amd64-amd64-examine pass test-arm64-arm64-examine pass test-armhf-armhf-examine pass test-amd64-i386-examine pass test-amd64-i386-freebsd10-i386 pass test-amd64-i386-rumprun-i386 pass test-amd64-amd64-xl-qemut-win10-i386 fail test-amd64-i386-xl-qemut-win10-i386 fail test-amd64-amd64-xl-qemuu-win10-i386 fail test-amd64-i386-xl-qemuu-win10-i386 fail test-amd64-amd64-qemuu-nested-intel pass test-amd64-amd64-xl-pvhv2-intel fail test-amd64-i386-qemut-rhel6hvm-intel pass test-amd64-i386-qemuu-rhel6hvm-intel pass test-amd64-amd64-libvirt pass test-armhf-armhf-libvirt pass test-amd64-i386-libvirt pass test-amd64-amd64-xl-multivcpu pass test-armhf-armhf-xl-multivcpu pass test-amd64-amd64-pair pass test-amd64-i386-pair pass test-amd64-amd64-libvirt-pair pass test-amd64-i386-libvirt-pair pass test-amd64-amd64-amd64-pvgrub pass test-amd64-amd64-i386-pvgrub pass test-amd64-amd64-pygrub pass test-amd64-amd64-xl-qcow2 pass test-armhf-armhf-libvirt-raw pass test-amd64-i386-xl-raw pass test-amd64-amd64-xl-rtds pass test-armhf-armhf-xl-rtds fail test-amd64-amd64-libvirt-vhd pass test-armhf-armhf-xl-vhd pass ------------------------------------------------------------ sg-report-flight on osstest.test-lab.xenproject.org logs: /home/logs/logs images: /home/logs/images Logs, config files, etc. are available at http://logs.test-lab.xenproject.org/osstest/logs Explanation of these reports, and of osstest in general, is at http://xenbits.xen.org/gitweb/?p=osstest.git;a=blob;f=README.email;hb=master http://xenbits.xen.org/gitweb/?p=osstest.git;a=blob;f=README;hb=master Test harness code can be found at http://xenbits.xen.org/gitweb?p=osstest.git;a=summary Pushing revision : To xenbits.xen.org:/home/xen/git/linux-pvops.git 3e598a7089ee..80c1c8322c33 80c1c8322c331586a86e58d3f95026a1265ab396 -> tested/linux-4.9
_______________________________________________ Xen-devel mailing list Xen-devel@lists.xenproject.org https://lists.xenproject.org/mailman/listinfo/xen-devel