flight 119487 linux-4.9 real [real] http://logs.test-lab.xenproject.org/osstest/logs/119487/
Regressions :-( Tests which did not succeed and are blocking, including tests which could not be run: test-armhf-armhf-xl-credit2 16 guest-start/debian.repeat fail REGR. vs. 119074 test-amd64-amd64-xl-qemut-ws16-amd64 16 guest-localmigrate/x10 fail REGR. vs. 119074 Tests which did not succeed, but are not blocking: test-amd64-amd64-xl-qemut-win7-amd64 17 guest-stop fail like 119074 test-armhf-armhf-xl-rtds 16 guest-start/debian.repeat fail like 119074 test-amd64-i386-xl-qemut-win7-amd64 17 guest-stop fail like 119074 test-amd64-amd64-xl-qemuu-win7-amd64 17 guest-stop fail like 119074 test-amd64-i386-xl-qemuu-win7-amd64 17 guest-stop fail like 119074 test-amd64-amd64-xl-qemuu-ws16-amd64 17 guest-stop fail like 119074 test-amd64-i386-libvirt 13 migrate-support-check fail never pass test-amd64-amd64-xl-pvhv2-intel 12 guest-start fail never pass test-amd64-amd64-xl-pvhv2-amd 12 guest-start fail never pass test-amd64-amd64-libvirt 13 migrate-support-check fail never pass test-amd64-amd64-libvirt-xsm 13 migrate-support-check fail never pass test-amd64-i386-libvirt-xsm 13 migrate-support-check fail never pass test-arm64-arm64-xl-credit2 13 migrate-support-check fail never pass test-arm64-arm64-xl-credit2 14 saverestore-support-check fail never pass test-arm64-arm64-libvirt-xsm 13 migrate-support-check fail never pass test-arm64-arm64-libvirt-xsm 14 saverestore-support-check fail never pass test-amd64-amd64-libvirt-qemuu-debianhvm-amd64-xsm 11 migrate-support-check fail never pass test-arm64-arm64-xl-xsm 13 migrate-support-check fail never pass test-arm64-arm64-xl-xsm 14 saverestore-support-check fail never pass test-amd64-i386-libvirt-qemuu-debianhvm-amd64-xsm 11 migrate-support-check fail never pass test-armhf-armhf-libvirt 13 migrate-support-check fail never pass test-armhf-armhf-libvirt 14 saverestore-support-check fail never pass test-armhf-armhf-xl-xsm 13 migrate-support-check fail never pass test-armhf-armhf-xl-xsm 14 saverestore-support-check fail never pass test-amd64-amd64-qemuu-nested-amd 17 debian-hvm-install/l1/l2 fail never pass test-amd64-amd64-libvirt-vhd 12 migrate-support-check fail never pass test-armhf-armhf-xl-cubietruck 13 migrate-support-check fail never pass test-armhf-armhf-xl-cubietruck 14 saverestore-support-check fail never pass test-armhf-armhf-xl-rtds 13 migrate-support-check fail never pass test-armhf-armhf-xl-rtds 14 saverestore-support-check fail never pass test-armhf-armhf-libvirt-raw 12 migrate-support-check fail never pass test-armhf-armhf-libvirt-raw 13 saverestore-support-check fail never pass test-armhf-armhf-xl-credit2 13 migrate-support-check fail never pass test-armhf-armhf-xl-credit2 14 saverestore-support-check fail never pass test-armhf-armhf-libvirt-xsm 13 migrate-support-check fail never pass test-armhf-armhf-libvirt-xsm 14 saverestore-support-check fail never pass test-armhf-armhf-xl-multivcpu 13 migrate-support-check fail never pass test-armhf-armhf-xl-multivcpu 14 saverestore-support-check fail never pass test-armhf-armhf-xl 13 migrate-support-check fail never pass test-armhf-armhf-xl 14 saverestore-support-check fail never pass test-amd64-i386-xl-qemuu-ws16-amd64 17 guest-stop fail never pass test-arm64-arm64-xl 13 migrate-support-check fail never pass test-arm64-arm64-xl 14 saverestore-support-check fail never pass test-amd64-i386-xl-qemut-ws16-amd64 17 guest-stop fail never pass test-armhf-armhf-xl-vhd 12 migrate-support-check fail never pass test-armhf-armhf-xl-vhd 13 saverestore-support-check fail never pass test-armhf-armhf-xl-arndale 13 migrate-support-check fail never pass test-armhf-armhf-xl-arndale 14 saverestore-support-check fail never pass test-amd64-i386-xl-qemuu-win10-i386 10 windows-install fail never pass test-amd64-amd64-xl-qemut-win10-i386 10 windows-install fail never pass test-amd64-amd64-xl-qemuu-win10-i386 10 windows-install fail never pass test-amd64-i386-xl-qemut-win10-i386 10 windows-install fail never pass version targeted for testing: linux 3e598a7089eef1fe04d5b87cc154295302960e62 baseline version: linux 7f3bd8db99746a60bcae1ec4059a4756d19b63c2 Last test of basis 119074 2018-02-13 12:04:22 Z 4 days Testing same since 119487 2018-02-17 13:05:43 Z 0 days 1 attempts ------------------------------------------------------------ People who touched revisions under test: "Eric W. Biederman" <ebied...@xmission.com> Adam Wallis <awal...@codeaurora.org> Al Viro <v...@zeniv.linux.org.uk> Amir Goldstein <amir7...@gmail.com> Andrew Morton <a...@linux-foundation.org> Andrey Konovalov <andreyk...@google.com> Andrey Ryabinin <aryabi...@virtuozzo.com> Ard Biesheuvel <ard.biesheu...@linaro.org> Arnd Bergmann <a...@arndb.de> Arvind Yadav <arvind.yadav...@gmail.com> Aurelien Aptel <aap...@suse.com> Bart Van Assche <bart.vanass...@wdc.com> Benjamin Gaignard <benjamin.gaign...@st.com> Boris Brezillon <boris.brezil...@free-electrons.com> Borislav Petkov <b...@suse.de> Bradley Bolen <bradleybo...@gmail.com> Brian Norris <briannor...@chromium.org> Catalin Marinas <catalin.mari...@arm.com> Christoffer Dall <christoffer.d...@linaro.org> Cong Wang <xiyou.wangc...@gmail.com> Dan Williams <dan.j.willi...@intel.com> Daniel Lezcano <daniel.lezc...@linaro.org> Daniel Mentz <danielme...@google.com> Daniel N Pettersson <danie...@axis.com> David Daney <david.da...@cavium.com> David S. Miller <da...@davemloft.net> David Sterba <dste...@suse.com> Eric Biggers <ebigg...@google.com> Eric W. Biederman <ebied...@xmission.com> Felipe Balbi <felipe.ba...@linux.intel.com> Florian Fainelli <f.faine...@gmail.com> Greg Kroah-Hartman <gre...@linuxfoundation.org> Guenter Roeck <li...@roeck-us.net> Hans de Goede <hdego...@redhat.com> Hans Verkuil <hans.verk...@cisco.com> Hans Verkuil <hansv...@cisco.com> Heiko Carstens <heiko.carst...@de.ibm.com> Herbert Xu <herb...@gondor.apana.org.au> Horia GeantÄ <horia.gea...@nxp.com> Hugh Dickins <hu...@google.com> Imre Deak <imre.d...@intel.com> Ingo Molnar <mi...@kernel.org> Ivan Vecera <ivec...@redhat.com> J. Bruce Fields <bfie...@redhat.com> James Hogan <jho...@kernel.org> James Morse <james.mo...@arm.com> Jens Axboe <ax...@kernel.dk> Jiri Kosina <jkos...@suse.cz> Joe Lawrence <joe.lawre...@redhat.com> John Keeping <j...@metanate.com> Julia Cartwright <ju...@ni.com> Kai-Heng Feng <kai.heng.f...@canonical.com> Kamal Dasu <kdasu.k...@gmail.com> Kees Cook <keesc...@chromium.org> Linus Torvalds <torva...@linux-foundation.org> Linus Walleij <linus.wall...@linaro.org> Liran Alon <liran.a...@oracle.com> Malcolm Priestley <tvbox...@gmail.com> Marc Zyngier <marc.zyng...@arm.com> Marcel Holtmann <mar...@holtmann.org> Mark Brown <broo...@kernel.org> Martin Kaiser <mar...@kaiser.cx> Matt Turner <matts...@gmail.com> Matthew Wilcox <mawil...@microsoft.com> Mauro Carvalho Chehab <mche...@osg.samsung.com> Mauro Carvalho Chehab <mche...@s-opensource.com> Max Filippov <jcmvb...@gmail.com> Michael Ellerman <m...@ellerman.id.au> Michal Suchanek <msucha...@suse.de> Mika Westerberg <mika.westerb...@linux.intel.com> Miklos Szeredi <mszer...@redhat.com> Mikulas Patocka <mpato...@redhat.com> Miquel Raynal <miquel.ray...@free-electrons.com> Mohamed Ghannam <simo.ghan...@gmail.com> Nikolay Borisov <nbori...@suse.com> Paolo Bonzini <pbonz...@redhat.com> Peter Zijlstra (Intel) <pet...@infradead.org> Petr Cvek <petr.c...@tul.cz> Radim KrÄmáŠ<rkrc...@redhat.com> Rafael J. Wysocki <rafael.j.wyso...@intel.com> Raphaël Hertzog <hert...@debian.org> Rasmus Villemoes <li...@rasmusvillemoes.dk> Richard Weinberger <rich...@nod.at> Sakari Ailus <sakari.ai...@linux.intel.com> Sascha Hauer <s.ha...@pengutronix.de> Scott Mayhew <smay...@redhat.com> Stafford Horne <sho...@gmail.com> Steve French <smfre...@gmail.com> Steven Rostedt (VMware) <rost...@goodmis.org> Takashi Iwai <ti...@suse.de> Tejun Heo <t...@kernel.org> Thomas Gleixner <t...@linutronix.de> Toshi Kani <toshi.k...@hpe.com> Trond Myklebust <trond.mykleb...@primarydata.com> Trond Myklebust <tron...@gmail.com> Vinod Koul <vinod.k...@intel.com> Willy Tarreau <w...@1wt.eu> Wim Van Sebroeck <w...@iguana.be> Xiaolei Li <xiaolei...@mediatek.com> Yang Shunyong <shunyong.y...@hxt-semitech.com> jobs: build-amd64-xsm pass build-arm64-xsm pass build-armhf-xsm pass build-i386-xsm pass build-amd64 pass build-arm64 pass build-armhf pass build-i386 pass build-amd64-libvirt pass build-arm64-libvirt pass build-armhf-libvirt pass build-i386-libvirt pass build-amd64-pvops pass build-arm64-pvops pass build-armhf-pvops pass build-i386-pvops pass build-amd64-rumprun pass build-i386-rumprun pass test-amd64-amd64-xl pass test-arm64-arm64-xl pass test-armhf-armhf-xl pass test-amd64-i386-xl pass test-amd64-amd64-xl-qemut-debianhvm-amd64-xsm pass test-amd64-i386-xl-qemut-debianhvm-amd64-xsm pass test-amd64-amd64-libvirt-qemuu-debianhvm-amd64-xsm pass test-amd64-i386-libvirt-qemuu-debianhvm-amd64-xsm pass test-amd64-amd64-xl-qemuu-debianhvm-amd64-xsm pass test-amd64-i386-xl-qemuu-debianhvm-amd64-xsm pass test-amd64-amd64-xl-qemut-stubdom-debianhvm-amd64-xsm pass test-amd64-i386-xl-qemut-stubdom-debianhvm-amd64-xsm pass test-amd64-amd64-libvirt-xsm pass test-arm64-arm64-libvirt-xsm pass test-armhf-armhf-libvirt-xsm pass test-amd64-i386-libvirt-xsm pass test-amd64-amd64-xl-xsm pass test-arm64-arm64-xl-xsm pass test-armhf-armhf-xl-xsm pass test-amd64-i386-xl-xsm pass test-amd64-amd64-qemuu-nested-amd fail test-amd64-amd64-xl-pvhv2-amd fail test-amd64-i386-qemut-rhel6hvm-amd pass test-amd64-i386-qemuu-rhel6hvm-amd pass test-amd64-amd64-xl-qemut-debianhvm-amd64 pass test-amd64-i386-xl-qemut-debianhvm-amd64 pass test-amd64-amd64-xl-qemuu-debianhvm-amd64 pass test-amd64-i386-xl-qemuu-debianhvm-amd64 pass test-amd64-i386-freebsd10-amd64 pass test-amd64-amd64-xl-qemuu-ovmf-amd64 pass test-amd64-i386-xl-qemuu-ovmf-amd64 pass test-amd64-amd64-rumprun-amd64 pass test-amd64-amd64-xl-qemut-win7-amd64 fail test-amd64-i386-xl-qemut-win7-amd64 fail test-amd64-amd64-xl-qemuu-win7-amd64 fail test-amd64-i386-xl-qemuu-win7-amd64 fail test-amd64-amd64-xl-qemut-ws16-amd64 fail test-amd64-i386-xl-qemut-ws16-amd64 fail test-amd64-amd64-xl-qemuu-ws16-amd64 fail test-amd64-i386-xl-qemuu-ws16-amd64 fail test-armhf-armhf-xl-arndale pass test-amd64-amd64-xl-credit2 pass test-arm64-arm64-xl-credit2 pass test-armhf-armhf-xl-credit2 fail test-armhf-armhf-xl-cubietruck pass test-amd64-amd64-examine pass test-arm64-arm64-examine pass test-armhf-armhf-examine pass test-amd64-i386-examine pass test-amd64-i386-freebsd10-i386 pass test-amd64-i386-rumprun-i386 pass test-amd64-amd64-xl-qemut-win10-i386 fail test-amd64-i386-xl-qemut-win10-i386 fail test-amd64-amd64-xl-qemuu-win10-i386 fail test-amd64-i386-xl-qemuu-win10-i386 fail test-amd64-amd64-qemuu-nested-intel pass test-amd64-amd64-xl-pvhv2-intel fail test-amd64-i386-qemut-rhel6hvm-intel pass test-amd64-i386-qemuu-rhel6hvm-intel pass test-amd64-amd64-libvirt pass test-armhf-armhf-libvirt pass test-amd64-i386-libvirt pass test-amd64-amd64-xl-multivcpu pass test-armhf-armhf-xl-multivcpu pass test-amd64-amd64-pair pass test-amd64-i386-pair pass test-amd64-amd64-libvirt-pair pass test-amd64-i386-libvirt-pair pass test-amd64-amd64-amd64-pvgrub pass test-amd64-amd64-i386-pvgrub pass test-amd64-amd64-pygrub pass test-amd64-amd64-xl-qcow2 pass test-armhf-armhf-libvirt-raw pass test-amd64-i386-xl-raw pass test-amd64-amd64-xl-rtds pass test-armhf-armhf-xl-rtds fail test-amd64-amd64-libvirt-vhd pass test-armhf-armhf-xl-vhd pass ------------------------------------------------------------ sg-report-flight on osstest.test-lab.xenproject.org logs: /home/logs/logs images: /home/logs/images Logs, config files, etc. are available at http://logs.test-lab.xenproject.org/osstest/logs Explanation of these reports, and of osstest in general, is at http://xenbits.xen.org/gitweb/?p=osstest.git;a=blob;f=README.email;hb=master http://xenbits.xen.org/gitweb/?p=osstest.git;a=blob;f=README;hb=master Test harness code can be found at http://xenbits.xen.org/gitweb?p=osstest.git;a=summary Not pushing. (No revision log; it would be 2319 lines long.)
_______________________________________________ Xen-devel mailing list Xen-devel@lists.xenproject.org https://lists.xenproject.org/mailman/listinfo/xen-devel