flight 118483 linux-4.9 real [real] http://logs.test-lab.xenproject.org/osstest/logs/118483/
Regressions :-( Tests which did not succeed and are blocking, including tests which could not be run: test-amd64-i386-xl-qemut-debianhvm-amd64 16 guest-localmigrate/x10 fail REGR. vs. 118291 Tests which did not succeed, but are not blocking: test-amd64-amd64-xl-qemut-win7-amd64 17 guest-stop fail like 118291 test-amd64-amd64-xl-qemuu-win7-amd64 17 guest-stop fail like 118291 test-amd64-i386-xl-qemut-win7-amd64 17 guest-stop fail like 118291 test-amd64-i386-xl-qemuu-win7-amd64 17 guest-stop fail like 118291 test-amd64-amd64-xl-qemuu-ws16-amd64 17 guest-stop fail like 118291 test-amd64-amd64-xl-pvhv2-intel 12 guest-start fail never pass test-amd64-amd64-libvirt 13 migrate-support-check fail never pass test-amd64-amd64-libvirt-xsm 13 migrate-support-check fail never pass test-amd64-amd64-xl-pvhv2-amd 12 guest-start fail never pass test-amd64-i386-libvirt 13 migrate-support-check fail never pass test-amd64-i386-libvirt-xsm 13 migrate-support-check fail never pass test-arm64-arm64-xl-credit2 13 migrate-support-check fail never pass test-arm64-arm64-xl-credit2 14 saverestore-support-check fail never pass test-arm64-arm64-xl-xsm 13 migrate-support-check fail never pass test-arm64-arm64-xl-xsm 14 saverestore-support-check fail never pass test-arm64-arm64-xl 13 migrate-support-check fail never pass test-arm64-arm64-xl 14 saverestore-support-check fail never pass test-arm64-arm64-libvirt-xsm 13 migrate-support-check fail never pass test-arm64-arm64-libvirt-xsm 14 saverestore-support-check fail never pass test-amd64-i386-libvirt-qemuu-debianhvm-amd64-xsm 11 migrate-support-check fail never pass test-amd64-amd64-libvirt-qemuu-debianhvm-amd64-xsm 11 migrate-support-check fail never pass test-armhf-armhf-xl-xsm 13 migrate-support-check fail never pass test-armhf-armhf-xl-xsm 14 saverestore-support-check fail never pass test-armhf-armhf-xl-rtds 13 migrate-support-check fail never pass test-armhf-armhf-xl-rtds 14 saverestore-support-check fail never pass test-amd64-amd64-qemuu-nested-amd 17 debian-hvm-install/l1/l2 fail never pass test-armhf-armhf-xl-arndale 13 migrate-support-check fail never pass test-armhf-armhf-xl-arndale 14 saverestore-support-check fail never pass test-amd64-amd64-libvirt-vhd 12 migrate-support-check fail never pass test-armhf-armhf-xl-multivcpu 13 migrate-support-check fail never pass test-armhf-armhf-xl-multivcpu 14 saverestore-support-check fail never pass test-armhf-armhf-libvirt 13 migrate-support-check fail never pass test-armhf-armhf-libvirt 14 saverestore-support-check fail never pass test-armhf-armhf-xl-credit2 13 migrate-support-check fail never pass test-armhf-armhf-xl-credit2 14 saverestore-support-check fail never pass test-armhf-armhf-xl-cubietruck 13 migrate-support-check fail never pass test-armhf-armhf-xl-cubietruck 14 saverestore-support-check fail never pass test-armhf-armhf-xl 13 migrate-support-check fail never pass test-armhf-armhf-xl 14 saverestore-support-check fail never pass test-armhf-armhf-libvirt-xsm 13 migrate-support-check fail never pass test-armhf-armhf-libvirt-xsm 14 saverestore-support-check fail never pass test-amd64-amd64-xl-qemut-ws16-amd64 17 guest-stop fail never pass test-amd64-i386-xl-qemut-ws16-amd64 17 guest-stop fail never pass test-amd64-i386-xl-qemuu-ws16-amd64 17 guest-stop fail never pass test-armhf-armhf-libvirt-raw 12 migrate-support-check fail never pass test-armhf-armhf-libvirt-raw 13 saverestore-support-check fail never pass test-armhf-armhf-xl-vhd 12 migrate-support-check fail never pass test-armhf-armhf-xl-vhd 13 saverestore-support-check fail never pass test-amd64-amd64-xl-qemuu-win10-i386 10 windows-install fail never pass test-amd64-amd64-xl-qemut-win10-i386 10 windows-install fail never pass test-amd64-i386-xl-qemuu-win10-i386 10 windows-install fail never pass test-amd64-i386-xl-qemut-win10-i386 10 windows-install fail never pass version targeted for testing: linux 6c6f924f9c6294944ee6efb1bbd8cdb853582e50 baseline version: linux 79584a4221253611a4d033087f373b046350df9f Last test of basis 118291 2018-01-23 19:17:05 Z 9 days Testing same since 118483 2018-01-31 12:20:21 Z 1 days 1 attempts ------------------------------------------------------------ People who touched revisions under test: Aaron Ma <aaron...@canonical.com> Alexei Starovoitov <a...@fb.com> Alexei Starovoitov <a...@kernel.org> Alexey Kodanev <alexey.koda...@oracle.com> Andi Kleen <a...@linux.intel.com> Andrew Morton <a...@linux-foundation.org> Andy Lutomirski <l...@kernel.org> Angus Clark <an...@angusclark.org> Ben Hutchings <ben.hutchi...@codethink.co.uk> Bob Moore <robert.mo...@intel.com> Borislav Petkov <b...@suse.de> Christoffer Dall <christoffer.d...@linaro.org> Cong Wang <xiyou.wangc...@gmail.com> Dan Streetman <ddstr...@canonical.com> Dan Streetman <ddstr...@ieee.org> Daniel Borkmann <dan...@iogearbox.net> David S. Miller <da...@davemloft.net> Davidlohr Bueso <dbu...@suse.de> Dmitry Torokhov <dmitry.torok...@gmail.com> Doug Berger <open...@gmail.com> Eric Dumazet <eduma...@google.com> Felix Fietkau <n...@nbd.name> Francois Romieu <rom...@fr.zoreil.com> Greg Hackmann <ghackm...@google.com> Greg KH <gre...@linuxfoundation.org> Greg Kroah-Hartman <gre...@linuxfoundation.org> Gregory Fong <gregory.0...@gmail.com> Guillaume Nault <g.na...@alphalink.fr> Hans de Goede <hdego...@redhat.com> Hillf Danton <hillf...@alibaba-inc.com> Ivan Vecera <c...@cera.cz> Ivan Vecera <ivec...@redhat.com> J. Bruce Fields <bfie...@redhat.com> Jan Kara <j...@suse.cz> Janakarajan Natarajan <janakarajan.natara...@amd.com> Jason Wang <jasow...@redhat.com> Jeff Layton <jlay...@redhat.com> Jeff Mahoney <je...@suse.com> Jia He <hejia...@gmail.com> Jia Zhang <zhang....@linux.alibaba.com> Jim Westfall <jwestf...@surrealistic.net> Jiri Pirko <j...@mellanox.com> Jiri Slaby <jsl...@suse.cz> Johannes Thumshirn <jthumsh...@suse.de> Johannes Weiner <han...@cmpxchg.org> Jonathan Dieter <jdie...@lesbg.com> Kevin Cernekee <cerne...@chromium.org> Laurent Dufour <lduf...@linux.vnet.ibm.com> Lee Duncan <ldun...@suse.com> Lee, Chun-Yi <j...@suse.com> Linus Torvalds <torva...@linux-foundation.org> Lv Zheng <lv.zh...@intel.com> Marc Kleine-Budde <m...@pengutronix.de> Marcelo Ricardo Leitner <marcelo.leit...@gmail.com> Martin Brandenburg <mar...@omnibond.com> Martin K. Petersen <martin.peter...@oracle.com> Martin KaFai Lau <ka...@fb.com> Mel Gorman <mgor...@techsingularity.net> Mian Yousaf Kaukab <yousaf.kau...@suse.com> Michal Hocko <mho...@suse.com> Michal Kubecek <mkube...@suse.cz> Mike Maloney <malo...@google.com> Minchan Kim <minc...@kernel.org> Neil Horman <nhor...@tuxdriver.com> Oliver Freyermuth <o.freyerm...@googlemail.com> Oliver Hartkopp <socket...@hartkopp.net> Pablo Neira Ayuso <pa...@netfilter.org> Punit Agrawal <punit.agra...@arm.com> Rafael J. Wysocki <rafael.j.wyso...@intel.com> Richard Weinberger <rich...@nod.at> Seunghun Han <kkama...@gmail.com> Shakeel Butt <shake...@google.com> Shrikrishna Khare <skh...@vmware.com> Shuah Khan <shua...@osg.samsung.com> Sudeep Holla <sudeep.ho...@arm.com> Thomas Gleixner <t...@linutronix.de> Thomas Meyer <tho...@m3y3r.de> Tony Luck <tony.l...@intel.com> Vlastimil Babka <vba...@suse.cz> Willem de Bruijn <will...@google.com> Xiao Liang <xili...@redhat.com> Xin Long <lucien....@gmail.com> Ying Xue <ying....@windriver.com> Yuiko Oshino <yuiko.osh...@microchip.com> Yuval Mintz <yuv...@mellanox.com> jobs: build-amd64-xsm pass build-arm64-xsm pass build-armhf-xsm pass build-i386-xsm pass build-amd64 pass build-arm64 pass build-armhf pass build-i386 pass build-amd64-libvirt pass build-arm64-libvirt pass build-armhf-libvirt pass build-i386-libvirt pass build-amd64-pvops pass build-arm64-pvops pass build-armhf-pvops pass build-i386-pvops pass build-amd64-rumprun pass build-i386-rumprun pass test-amd64-amd64-xl pass test-arm64-arm64-xl pass test-armhf-armhf-xl pass test-amd64-i386-xl pass test-amd64-amd64-xl-qemut-debianhvm-amd64-xsm pass test-amd64-i386-xl-qemut-debianhvm-amd64-xsm pass test-amd64-amd64-libvirt-qemuu-debianhvm-amd64-xsm pass test-amd64-i386-libvirt-qemuu-debianhvm-amd64-xsm pass test-amd64-amd64-xl-qemuu-debianhvm-amd64-xsm pass test-amd64-i386-xl-qemuu-debianhvm-amd64-xsm pass test-amd64-amd64-xl-qemut-stubdom-debianhvm-amd64-xsm pass test-amd64-i386-xl-qemut-stubdom-debianhvm-amd64-xsm pass test-amd64-amd64-libvirt-xsm pass test-arm64-arm64-libvirt-xsm pass test-armhf-armhf-libvirt-xsm pass test-amd64-i386-libvirt-xsm pass test-amd64-amd64-xl-xsm pass test-arm64-arm64-xl-xsm pass test-armhf-armhf-xl-xsm pass test-amd64-i386-xl-xsm pass test-amd64-amd64-qemuu-nested-amd fail test-amd64-amd64-xl-pvhv2-amd fail test-amd64-i386-qemut-rhel6hvm-amd pass test-amd64-i386-qemuu-rhel6hvm-amd pass test-amd64-amd64-xl-qemut-debianhvm-amd64 pass test-amd64-i386-xl-qemut-debianhvm-amd64 fail test-amd64-amd64-xl-qemuu-debianhvm-amd64 pass test-amd64-i386-xl-qemuu-debianhvm-amd64 pass test-amd64-i386-freebsd10-amd64 pass test-amd64-amd64-xl-qemuu-ovmf-amd64 pass test-amd64-i386-xl-qemuu-ovmf-amd64 pass test-amd64-amd64-rumprun-amd64 pass test-amd64-amd64-xl-qemut-win7-amd64 fail test-amd64-i386-xl-qemut-win7-amd64 fail test-amd64-amd64-xl-qemuu-win7-amd64 fail test-amd64-i386-xl-qemuu-win7-amd64 fail test-amd64-amd64-xl-qemut-ws16-amd64 fail test-amd64-i386-xl-qemut-ws16-amd64 fail test-amd64-amd64-xl-qemuu-ws16-amd64 fail test-amd64-i386-xl-qemuu-ws16-amd64 fail test-armhf-armhf-xl-arndale pass test-amd64-amd64-xl-credit2 pass test-arm64-arm64-xl-credit2 pass test-armhf-armhf-xl-credit2 pass test-armhf-armhf-xl-cubietruck pass test-amd64-amd64-examine pass test-arm64-arm64-examine pass test-armhf-armhf-examine pass test-amd64-i386-examine pass test-amd64-i386-freebsd10-i386 pass test-amd64-i386-rumprun-i386 pass test-amd64-amd64-xl-qemut-win10-i386 fail test-amd64-i386-xl-qemut-win10-i386 fail test-amd64-amd64-xl-qemuu-win10-i386 fail test-amd64-i386-xl-qemuu-win10-i386 fail test-amd64-amd64-qemuu-nested-intel pass test-amd64-amd64-xl-pvhv2-intel fail test-amd64-i386-qemut-rhel6hvm-intel pass test-amd64-i386-qemuu-rhel6hvm-intel pass test-amd64-amd64-libvirt pass test-armhf-armhf-libvirt pass test-amd64-i386-libvirt pass test-amd64-amd64-xl-multivcpu pass test-armhf-armhf-xl-multivcpu pass test-amd64-amd64-pair pass test-amd64-i386-pair pass test-amd64-amd64-libvirt-pair pass test-amd64-i386-libvirt-pair pass test-amd64-amd64-amd64-pvgrub pass test-amd64-amd64-i386-pvgrub pass test-amd64-amd64-pygrub pass test-amd64-amd64-xl-qcow2 pass test-armhf-armhf-libvirt-raw pass test-amd64-i386-xl-raw pass test-amd64-amd64-xl-rtds pass test-armhf-armhf-xl-rtds pass test-amd64-amd64-libvirt-vhd pass test-armhf-armhf-xl-vhd pass ------------------------------------------------------------ sg-report-flight on osstest.test-lab.xenproject.org logs: /home/logs/logs images: /home/logs/images Logs, config files, etc. are available at http://logs.test-lab.xenproject.org/osstest/logs Explanation of these reports, and of osstest in general, is at http://xenbits.xen.org/gitweb/?p=osstest.git;a=blob;f=README.email;hb=master http://xenbits.xen.org/gitweb/?p=osstest.git;a=blob;f=README;hb=master Test harness code can be found at http://xenbits.xen.org/gitweb?p=osstest.git;a=summary Not pushing. (No revision log; it would be 2150 lines long.) _______________________________________________ Xen-devel mailing list Xen-devel@lists.xenproject.org https://lists.xenproject.org/mailman/listinfo/xen-devel