flight 118199 xen-unstable-smoke real [real] http://logs.test-lab.xenproject.org/osstest/logs/118199/
Regressions :-( Tests which did not succeed and are blocking, including tests which could not be run: build-armhf 6 xen-build fail REGR. vs. 118105 Tests which did not succeed, but are not blocking: test-armhf-armhf-xl 1 build-check(1) blocked n/a test-amd64-amd64-libvirt 13 migrate-support-check fail never pass test-arm64-arm64-xl-xsm 13 migrate-support-check fail never pass test-arm64-arm64-xl-xsm 14 saverestore-support-check fail never pass version targeted for testing: xen e730f8e41e8537f1db9770b9464f9523c28857b9 baseline version: xen e871e80c38547d9faefc6604532ba3e985e65873 Last test of basis 118105 2018-01-16 17:04:09 Z 1 days Failing since 118110 2018-01-16 19:02:12 Z 1 days 17 attempts Testing same since 118194 2018-01-18 00:01:12 Z 0 days 3 attempts ------------------------------------------------------------ People who touched revisions under test: Andrew Cooper <andrew.coop...@citrix.com> Anthony Liguori <aligu...@amazon.com> Bob Moore <robert.mo...@intel.com> George Dunlap <george.dun...@citrix.com> Ian Jackson <ian.jack...@eu.citrix.com> Jan Beulich <jbeul...@suse.com> Jon Ludlam <jonathan.lud...@citrix.com> Jonathan Ludlam <jonathan.lud...@citrix.com> Julien Grall <julien.gr...@linaro.org> Lv Zheng <lv.zh...@intel.com> Rafael J. Wysocki <rafael.j.wyso...@intel.com> Roger Pau Monne <roger....@citrix.com> Roger Pau Monné <roger....@citrix.com> Sergey Dyasli <sergey.dya...@citrix.com> Stefano Stabellini <sstabell...@kernel.org> Wei Liu <wei.l...@citrix.com> jobs: build-arm64-xsm pass build-amd64 pass build-armhf fail build-amd64-libvirt pass test-armhf-armhf-xl blocked test-arm64-arm64-xl-xsm pass test-amd64-amd64-xl-qemuu-debianhvm-i386 pass test-amd64-amd64-libvirt pass ------------------------------------------------------------ sg-report-flight on osstest.test-lab.xenproject.org logs: /home/logs/logs images: /home/logs/images Logs, config files, etc. are available at http://logs.test-lab.xenproject.org/osstest/logs Explanation of these reports, and of osstest in general, is at http://xenbits.xen.org/gitweb/?p=osstest.git;a=blob;f=README.email;hb=master http://xenbits.xen.org/gitweb/?p=osstest.git;a=blob;f=README;hb=master Test harness code can be found at http://xenbits.xen.org/gitweb?p=osstest.git;a=summary Not pushing. (No revision log; it would be 1042 lines long.)
_______________________________________________ Xen-devel mailing list Xen-devel@lists.xenproject.org https://lists.xenproject.org/mailman/listinfo/xen-devel