flight 117765 linux-4.9 real [real] http://logs.test-lab.xenproject.org/osstest/logs/117765/
Failures :-/ but no regressions. Tests which did not succeed, but are not blocking: test-amd64-i386-xl-qemut-win7-amd64 17 guest-stop fail like 117735 test-amd64-amd64-xl-qemut-win7-amd64 17 guest-stop fail like 117735 test-amd64-amd64-xl-qemuu-win7-amd64 17 guest-stop fail like 117735 test-amd64-i386-xl-qemuu-win7-amd64 17 guest-stop fail like 117735 test-amd64-amd64-xl-qemuu-ws16-amd64 17 guest-stop fail like 117735 test-amd64-amd64-xl-pvhv2-intel 12 guest-start fail never pass test-amd64-amd64-xl-pvhv2-amd 12 guest-start fail never pass test-amd64-i386-libvirt 13 migrate-support-check fail never pass test-amd64-amd64-libvirt 13 migrate-support-check fail never pass test-amd64-amd64-libvirt-xsm 13 migrate-support-check fail never pass test-amd64-i386-libvirt-xsm 13 migrate-support-check fail never pass test-arm64-arm64-xl 13 migrate-support-check fail never pass test-arm64-arm64-xl 14 saverestore-support-check fail never pass test-arm64-arm64-xl-xsm 13 migrate-support-check fail never pass test-arm64-arm64-xl-xsm 14 saverestore-support-check fail never pass test-arm64-arm64-libvirt-xsm 13 migrate-support-check fail never pass test-arm64-arm64-libvirt-xsm 14 saverestore-support-check fail never pass test-arm64-arm64-xl-credit2 13 migrate-support-check fail never pass test-arm64-arm64-xl-credit2 14 saverestore-support-check fail never pass test-amd64-amd64-libvirt-qemuu-debianhvm-amd64-xsm 11 migrate-support-check fail never pass test-amd64-i386-libvirt-qemuu-debianhvm-amd64-xsm 11 migrate-support-check fail never pass test-armhf-armhf-xl-arndale 13 migrate-support-check fail never pass test-armhf-armhf-xl-arndale 14 saverestore-support-check fail never pass test-amd64-amd64-qemuu-nested-amd 17 debian-hvm-install/l1/l2 fail never pass test-amd64-amd64-libvirt-vhd 12 migrate-support-check fail never pass test-armhf-armhf-xl-xsm 13 migrate-support-check fail never pass test-armhf-armhf-xl-xsm 14 saverestore-support-check fail never pass test-armhf-armhf-libvirt-xsm 13 migrate-support-check fail never pass test-armhf-armhf-libvirt-xsm 14 saverestore-support-check fail never pass test-armhf-armhf-libvirt 13 migrate-support-check fail never pass test-armhf-armhf-libvirt 14 saverestore-support-check fail never pass test-armhf-armhf-xl-credit2 13 migrate-support-check fail never pass test-armhf-armhf-xl-credit2 14 saverestore-support-check fail never pass test-armhf-armhf-xl 13 migrate-support-check fail never pass test-armhf-armhf-xl 14 saverestore-support-check fail never pass test-armhf-armhf-xl-cubietruck 13 migrate-support-check fail never pass test-armhf-armhf-xl-cubietruck 14 saverestore-support-check fail never pass test-armhf-armhf-xl-multivcpu 13 migrate-support-check fail never pass test-armhf-armhf-xl-multivcpu 14 saverestore-support-check fail never pass test-amd64-amd64-xl-qemut-ws16-amd64 17 guest-stop fail never pass test-armhf-armhf-libvirt-raw 12 migrate-support-check fail never pass test-armhf-armhf-libvirt-raw 13 saverestore-support-check fail never pass test-amd64-i386-xl-qemuu-ws16-amd64 17 guest-stop fail never pass test-amd64-i386-xl-qemut-ws16-amd64 17 guest-stop fail never pass test-armhf-armhf-xl-vhd 12 migrate-support-check fail never pass test-armhf-armhf-xl-vhd 13 saverestore-support-check fail never pass test-armhf-armhf-xl-rtds 13 migrate-support-check fail never pass test-armhf-armhf-xl-rtds 14 saverestore-support-check fail never pass test-amd64-amd64-xl-qemuu-win10-i386 10 windows-install fail never pass test-amd64-amd64-xl-qemut-win10-i386 10 windows-install fail never pass test-amd64-i386-xl-qemuu-win10-i386 10 windows-install fail never pass test-amd64-i386-xl-qemut-win10-i386 10 windows-install fail never pass version targeted for testing: linux 7bbc6ca4887794cc44b41412a35bdfbe0cbd1c50 baseline version: linux 9f74755895f9b080f79384edb600a18433788adc Last test of basis 117735 2018-01-08 22:05:50 Z 2 days Testing same since 117765 2018-01-10 08:50:09 Z 1 days 1 attempts ------------------------------------------------------------ People who touched revisions under test: "J. Bruce Fields" <bfie...@fieldses.org> Aaron Ma <aaron...@canonical.com> Al Viro <v...@zeniv.linux.org.uk> Andrew Morton <a...@linux-foundation.org> Boris Brezillon <boris.brezil...@free-electrons.com> Borislav Petkov <b...@suse.de> Chen-Yu Tsai <w...@csie.org> David Howells <dhowe...@redhat.com> David S. Miller <da...@davemloft.net> Dmitry Torokhov <dmitry.torok...@gmail.com> Eric Biggers <ebigg...@google.com> Ezequiel Garcia <ezequ...@vanguardiasur.com.ar> Greg Kroah-Hartman <gre...@linuxfoundation.org> Helge Deller <del...@gmx.de> Herbert Xu <herb...@gondor.apana.org.au> Hugh Dickins <hu...@google.com> Ingo Molnar <mi...@kernel.org> Jan Engelhardt <jeng...@inai.de> Jayachandran C. <jn...@caviumnetworks.com> Jean-Philippe Brucker <jean-philippe.bruc...@arm.com> Jens Axboe <ax...@fb.com> Kyle Huey <m...@kylehuey.com> Linus Torvalds <torva...@linux-foundation.org> Marc Dionne <marc.dio...@auristor.com> Maxime Ripard <maxime.rip...@free-electrons.com> Oleg Nesterov <o...@redhat.com> Richard Weinberger <rich...@nod.at> Robert Jarzmik <robert.jarz...@free.fr> Robin Murphy <robin.mur...@arm.com> Sean Nyekjaer <sean.nyekj...@prevas.dk> Stefan Brüns <stefan.bru...@rwth-aachen.de> Thiago Rafael Becker <thiago.bec...@gmail.com> Thomas Gleixner <t...@linutronix.de> Tom Lendacky <thomas.lenda...@amd.com> Tomasz Nowicki <tomasz.nowi...@cavium.com> Vineet Gupta <vgu...@synopsys.com> Will Deacon <will.dea...@arm.com> Willy Tarreau <w...@1wt.eu> jobs: build-amd64-xsm pass build-arm64-xsm pass build-armhf-xsm pass build-i386-xsm pass build-amd64 pass build-arm64 pass build-armhf pass build-i386 pass build-amd64-libvirt pass build-arm64-libvirt pass build-armhf-libvirt pass build-i386-libvirt pass build-amd64-pvops pass build-arm64-pvops pass build-armhf-pvops pass build-i386-pvops pass build-amd64-rumprun pass build-i386-rumprun pass test-amd64-amd64-xl pass test-arm64-arm64-xl pass test-armhf-armhf-xl pass test-amd64-i386-xl pass test-amd64-amd64-xl-qemut-debianhvm-amd64-xsm pass test-amd64-i386-xl-qemut-debianhvm-amd64-xsm pass test-amd64-amd64-libvirt-qemuu-debianhvm-amd64-xsm pass test-amd64-i386-libvirt-qemuu-debianhvm-amd64-xsm pass test-amd64-amd64-xl-qemuu-debianhvm-amd64-xsm pass test-amd64-i386-xl-qemuu-debianhvm-amd64-xsm pass test-amd64-amd64-xl-qemut-stubdom-debianhvm-amd64-xsm pass test-amd64-i386-xl-qemut-stubdom-debianhvm-amd64-xsm pass test-amd64-amd64-libvirt-xsm pass test-arm64-arm64-libvirt-xsm pass test-armhf-armhf-libvirt-xsm pass test-amd64-i386-libvirt-xsm pass test-amd64-amd64-xl-xsm pass test-arm64-arm64-xl-xsm pass test-armhf-armhf-xl-xsm pass test-amd64-i386-xl-xsm pass test-amd64-amd64-qemuu-nested-amd fail test-amd64-amd64-xl-pvhv2-amd fail test-amd64-i386-qemut-rhel6hvm-amd pass test-amd64-i386-qemuu-rhel6hvm-amd pass test-amd64-amd64-xl-qemut-debianhvm-amd64 pass test-amd64-i386-xl-qemut-debianhvm-amd64 pass test-amd64-amd64-xl-qemuu-debianhvm-amd64 pass test-amd64-i386-xl-qemuu-debianhvm-amd64 pass test-amd64-i386-freebsd10-amd64 pass test-amd64-amd64-xl-qemuu-ovmf-amd64 pass test-amd64-i386-xl-qemuu-ovmf-amd64 pass test-amd64-amd64-rumprun-amd64 pass test-amd64-amd64-xl-qemut-win7-amd64 fail test-amd64-i386-xl-qemut-win7-amd64 fail test-amd64-amd64-xl-qemuu-win7-amd64 fail test-amd64-i386-xl-qemuu-win7-amd64 fail test-amd64-amd64-xl-qemut-ws16-amd64 fail test-amd64-i386-xl-qemut-ws16-amd64 fail test-amd64-amd64-xl-qemuu-ws16-amd64 fail test-amd64-i386-xl-qemuu-ws16-amd64 fail test-armhf-armhf-xl-arndale pass test-amd64-amd64-xl-credit2 pass test-arm64-arm64-xl-credit2 pass test-armhf-armhf-xl-credit2 pass test-armhf-armhf-xl-cubietruck pass test-amd64-amd64-examine pass test-arm64-arm64-examine pass test-armhf-armhf-examine pass test-amd64-i386-examine pass test-amd64-i386-freebsd10-i386 pass test-amd64-i386-rumprun-i386 pass test-amd64-amd64-xl-qemut-win10-i386 fail test-amd64-i386-xl-qemut-win10-i386 fail test-amd64-amd64-xl-qemuu-win10-i386 fail test-amd64-i386-xl-qemuu-win10-i386 fail test-amd64-amd64-qemuu-nested-intel pass test-amd64-amd64-xl-pvhv2-intel fail test-amd64-i386-qemut-rhel6hvm-intel pass test-amd64-i386-qemuu-rhel6hvm-intel pass test-amd64-amd64-libvirt pass test-armhf-armhf-libvirt pass test-amd64-i386-libvirt pass test-amd64-amd64-xl-multivcpu pass test-armhf-armhf-xl-multivcpu pass test-amd64-amd64-pair pass test-amd64-i386-pair pass test-amd64-amd64-libvirt-pair pass test-amd64-i386-libvirt-pair pass test-amd64-amd64-amd64-pvgrub pass test-amd64-amd64-i386-pvgrub pass test-amd64-amd64-pygrub pass test-amd64-amd64-xl-qcow2 pass test-armhf-armhf-libvirt-raw pass test-amd64-i386-xl-raw pass test-amd64-amd64-xl-rtds pass test-armhf-armhf-xl-rtds pass test-amd64-amd64-libvirt-vhd pass test-armhf-armhf-xl-vhd pass ------------------------------------------------------------ sg-report-flight on osstest.test-lab.xenproject.org logs: /home/logs/logs images: /home/logs/images Logs, config files, etc. are available at http://logs.test-lab.xenproject.org/osstest/logs Explanation of these reports, and of osstest in general, is at http://xenbits.xen.org/gitweb/?p=osstest.git;a=blob;f=README.email;hb=master http://xenbits.xen.org/gitweb/?p=osstest.git;a=blob;f=README;hb=master Test harness code can be found at http://xenbits.xen.org/gitweb?p=osstest.git;a=summary Pushing revision : To xenbits.xen.org:/home/xen/git/linux-pvops.git 9f74755895f9..7bbc6ca48877 7bbc6ca4887794cc44b41412a35bdfbe0cbd1c50 -> tested/linux-4.9
_______________________________________________ Xen-devel mailing list Xen-devel@lists.xenproject.org https://lists.xenproject.org/mailman/listinfo/xen-devel