flight 117731 qemu-upstream-unstable real [real] http://logs.test-lab.xenproject.org/osstest/logs/117731/
Failures and problems with tests :-( Tests which did not succeed and are blocking, including tests which could not be run: test-amd64-amd64-amd64-pvgrub <job status> broken test-amd64-i386-libvirt <job status> broken test-amd64-i386-libvirt 4 host-install(4) broken REGR. vs. 116133 Tests which did not succeed, but are not blocking: test-amd64-amd64-amd64-pvgrub 4 host-install(4) broken like 115739 test-armhf-armhf-libvirt 14 saverestore-support-check fail like 116133 test-amd64-i386-xl-qemuu-win7-amd64 17 guest-stop fail like 116133 test-armhf-armhf-libvirt-xsm 14 saverestore-support-check fail like 116133 test-amd64-amd64-xl-qemuu-win7-amd64 17 guest-stop fail like 116133 test-armhf-armhf-libvirt-raw 13 saverestore-support-check fail like 116133 test-amd64-amd64-xl-pvhv2-intel 12 guest-start fail never pass test-amd64-amd64-libvirt 13 migrate-support-check fail never pass test-amd64-amd64-libvirt-xsm 13 migrate-support-check fail never pass test-amd64-amd64-xl-pvhv2-amd 12 guest-start fail never pass test-amd64-i386-libvirt-xsm 13 migrate-support-check fail never pass test-amd64-amd64-libvirt-qemuu-debianhvm-amd64-xsm 11 migrate-support-check fail never pass test-arm64-arm64-xl-xsm 13 migrate-support-check fail never pass test-arm64-arm64-xl-xsm 14 saverestore-support-check fail never pass test-arm64-arm64-xl-credit2 13 migrate-support-check fail never pass test-arm64-arm64-xl-credit2 14 saverestore-support-check fail never pass test-arm64-arm64-libvirt-xsm 13 migrate-support-check fail never pass test-arm64-arm64-libvirt-xsm 14 saverestore-support-check fail never pass test-arm64-arm64-xl 13 migrate-support-check fail never pass test-arm64-arm64-xl 14 saverestore-support-check fail never pass test-amd64-i386-libvirt-qemuu-debianhvm-amd64-xsm 11 migrate-support-check fail never pass test-armhf-armhf-xl-xsm 13 migrate-support-check fail never pass test-armhf-armhf-xl-xsm 14 saverestore-support-check fail never pass test-amd64-amd64-libvirt-vhd 12 migrate-support-check fail never pass test-armhf-armhf-xl-arndale 13 migrate-support-check fail never pass test-armhf-armhf-libvirt 13 migrate-support-check fail never pass test-armhf-armhf-xl-arndale 14 saverestore-support-check fail never pass test-armhf-armhf-xl-credit2 13 migrate-support-check fail never pass test-armhf-armhf-xl-credit2 14 saverestore-support-check fail never pass test-amd64-amd64-qemuu-nested-amd 17 debian-hvm-install/l1/l2 fail never pass test-armhf-armhf-xl-cubietruck 13 migrate-support-check fail never pass test-armhf-armhf-xl-cubietruck 14 saverestore-support-check fail never pass test-armhf-armhf-xl-rtds 13 migrate-support-check fail never pass test-armhf-armhf-xl-rtds 14 saverestore-support-check fail never pass test-armhf-armhf-xl 13 migrate-support-check fail never pass test-armhf-armhf-xl 14 saverestore-support-check fail never pass test-armhf-armhf-libvirt-xsm 13 migrate-support-check fail never pass test-armhf-armhf-xl-multivcpu 13 migrate-support-check fail never pass test-armhf-armhf-xl-multivcpu 14 saverestore-support-check fail never pass test-amd64-amd64-xl-qemuu-ws16-amd64 17 guest-stop fail never pass test-armhf-armhf-xl-vhd 12 migrate-support-check fail never pass test-armhf-armhf-xl-vhd 13 saverestore-support-check fail never pass test-amd64-i386-xl-qemuu-ws16-amd64 17 guest-stop fail never pass test-armhf-armhf-libvirt-raw 12 migrate-support-check fail never pass test-amd64-amd64-xl-qemuu-win10-i386 10 windows-install fail never pass test-amd64-i386-xl-qemuu-win10-i386 10 windows-install fail never pass version targeted for testing: qemuu 2b033e396f4fa0981bae1213cdacd15775655a97 baseline version: qemuu b79708a8ed1b3d18bee67baeaf33b3fa529493e2 Last test of basis 116133 2017-11-13 06:47:58 Z 57 days Testing same since 117731 2018-01-08 18:12:06 Z 1 days 1 attempts ------------------------------------------------------------ People who touched revisions under test: "Daniel P. Berrange" <berra...@redhat.com> Aaron Lindsay <alind...@codeaurora.org> Alberto Garcia <be...@igalia.com> Aleksandr Bezzubikov <zuban...@gmail.com> Alex Bennée <alex.ben...@linaro.org> Alex Williamson <alex.william...@redhat.com> Alexander Graf <ag...@suse.de> Alexey Kardashevskiy <a...@ozlabs.ru> Alexey Perevalov <a.pereva...@samsung.com> Alistair Francis <alistair.fran...@xilinx.com> Amador Pahim <apa...@redhat.com> Amarnath Valluri <amarnath.vall...@intel.com> Andreas Färber <afaer...@suse.de> Andrew Baumann <andrew.baum...@microsoft.com> Andrew Jeffery <and...@aj.id.au> Andrew Jones <drjo...@redhat.com> Anthoine Bourgeois <anthoine.bourge...@blade-group.com> Anthony PERARD <anthony.per...@citrix.com> Anton Nefedov <anton.nefe...@virtuozzo.com> Artyom Tarasenko <atar4q...@gmail.com> BALATON Zoltan <bala...@eik.bme.hu> Benjamin Herrenschmidt <b...@kernel.crashing.org> Bishara AbuHattoum <bish...@daynix.com> Brad Smith <b...@comstyle.com> Brandon Carpenter <brandon.carpen...@cypherpath.com> Brijesh Singh <brijesh.si...@amd.com> Cao jin <caoj.f...@cn.fujitsu.com> Carlo Marcelo Arenas Belón <care...@gmail.com> Chao Gao <chao....@intel.com> Chen Hanxiao <chenhanx...@gmail.com> Christian Borntraeger <borntrae...@de.ibm.com> Cleber Rosa <cr...@redhat.com> Collin L. Walling <wall...@linux.vnet.ibm.com> Cornelia Huck <coh...@redhat.com> Cornelia Huck <Cornelia Huck <coh...@redhat.com> Cornelia Huck <cornelia.h...@de.ibm.com> Cédric Le Goater <c...@kaod.org> Dan Aloni <d...@kernelim.com> Daniel Henrique Barboza <danie...@linux.vnet.ibm.com> Daniel P. Berrange <berra...@redhat.com> Dariusz Stojaczyk <dariuszx.stojac...@intel.com> David Gibson <da...@gibson.dropbear.id.au> David Hildenbrand <da...@redhat.com> Dong Jia Shi <bjsdj...@linux.vnet.ibm.com> Dou Liyang <douly.f...@cn.fujitsu.com> Dr. David Alan Gilbert <dgilb...@redhat.com> Ed Swierk <eswi...@skyportsystems.com> Edgar E. Iglesias <edgar.igles...@xilinx.com> Eduardo Habkost <ehabk...@redhat.com> Eduardo Otubo <eduardo.ot...@profitbricks.com> Eduardo Otubo <ot...@redhat.com> Emilio G. Cota <c...@braap.org> Eric Auger <eric.au...@redhat.com> Eric Blake <ebl...@redhat.com> Eric Farman <far...@linux.vnet.ibm.com> Fam Zheng <f...@redhat.com> Farhan Ali <al...@linux.vnet.ibm.com> Felipe Franciosi <fel...@nutanix.com> Feng Kan <f...@apm.com> Fred Rolland <froll...@redhat.com> Fred Rolland <rolla...@gmail.com> Gerd Hoffmann <kra...@redhat.com> Gonglei <arei.gong...@huawei.com> Greg Kurz <gr...@kaod.org> Halil Pasic <pa...@linux.vnet.ibm.com> Hannes Reinecke <h...@suse.com> Hannes Reinecke <h...@suse.de> Helge Deller <del...@gmx.de> Hua Yanghao <huayang...@gmail.com> Ian Jackson <ian.jack...@eu.citrix.com> Igor Mammedov <imamm...@redhat.com> James Clarke <jrt...@jrtc27.com> James Cowgill <james.cowg...@mips.com> James Hogan <james.ho...@imgtec.com> Jan Dakinevich <jan.dakinev...@gmail.com> Jan Kiszka <jan.kis...@siemens.com> Janosch Frank <fran...@linux.vnet.ibm.com> Jaroslaw Pelczar <j.pelc...@samsung.com> Jason J . Herne <jjhe...@linux.vnet.ibm.com> Jason J. Herne <jjhe...@linux.vnet.ibm.com> Jason Wang <jasow...@redhat.com> Jeff Cody <jc...@redhat.com> Jens Freimann <jfreim...@redhat.com> Jiang Biao <jiang.bi...@zte.com.cn> Jim Somerville <jim.somervi...@windriver.com> Jindrich Makovicka <makov...@gmail.com> Joe Clifford <joecliff...@gmail.com> Joel Stanley <j...@jms.id.au> John Arbuckle <programmingk...@gmail.com> John Paul Adrian Glaubitz <glaub...@physik.fu-berlin.de> John Snow <js...@redhat.com> Joseph Myers <jos...@codesourcery.com> Juan Quintela <quint...@redhat.com> Juergen Gross <jgr...@suse.com> Kamil Rytarowski <n...@gmx.com> Kashyap Chamarthy <kcham...@redhat.com> Kevin Cernekee <cerne...@chromium.org> Kevin Wolf <kw...@redhat.com> Knut Omang <knut.om...@oracle.com> KONRAD Frederic <frederic.kon...@adacore.com> Kurban Mallachiev <mallach...@ispras.ru> Ladi Prosek <lpro...@redhat.com> Lan Tianyu <tianyu....@intel.com> Laszlo Ersek <ler...@redhat.com> Laurent Desnogues <laurent.desnog...@gmail.com> Laurent Vivier <laur...@vivier.eu> Laurent Vivier <lviv...@redhat.com> Liang Yan <l...@suse.com> linzhecheng <linzhech...@huawei.com> LluÃs Vilanova <vilan...@ac.upc.edu> Longpeng <longpe...@huawei.com> Lukáš Doktor <ldok...@redhat.com> Manos Pitsidianakis <el13...@mail.ntua.gr> Mao Zhongyi <maozy.f...@cn.fujitsu.com> Marc-André Lureau <marcandre.lur...@redhat.com> Marcel Apfelbaum <mar...@redhat.com> Marco A L Barbosa <malba...@gmail.com> Maria Klimushenkova <maria.klimushenk...@ispras.ru> Mark Cave-Ayland <mark.cave-ayl...@ilande.co.uk> Mark Kanda <mark.ka...@oracle.com> Markus Armbruster <arm...@redhat.com> Matt Parker <mtpa...@gmail.com> Matt Redfearn <matt.redfe...@imgtec.com> Matthew Rosato <mjros...@linux.vnet.ibm.com> Max Filippov <jcmvb...@gmail.com> Max Reitz <mre...@redhat.com> Maxime Coquelin <maxime.coque...@redhat.com> Michael Davidsaver <mdavidsa...@gmail.com> Michael Olbrich <m.olbr...@pengutronix.de> Michael Roth <mdr...@linux.vnet.ibm.com> Michael S. Tsirkin <m...@redhat.com> Michael Tokarev <m...@tls.msk.ru> Michael Walle <mich...@walle.cc> Michal Privoznik <mpriv...@redhat.com> Mike Nawrocki <michael.nawro...@gtri.gatech.edu> Mohammed Gamal <mohammed.ga...@profitbricks.com> Olaf Hering <o...@aepfle.de> Paolo Bonzini <pbonz...@redhat.com> Paul Burton <paul.bur...@imgtec.com> Pavel Butsykin <pbutsy...@virtuozzo.com> Pavel Dovgalyuk <pavel.dovga...@ispras.ru> Peter Krempa <pkre...@redhat.com> Peter Lieven <p...@kamp.de> Peter Maydell <peter.mayd...@linaro.org> Peter Xu <pet...@redhat.com> Philippe Mathieu-Daudé <f4...@amsat.org> Philippe Mathieu-Daudé <f4...@amsat.org> Portia Stephens <portia.steph...@xilinx.com> Pranavkumar Sawargaonkar <pranavku...@linaro.org> Pranith Kumar <bobby.pr...@gmail.com> Prasad J Pandit <p...@fedoraproject.org> Richard Henderson <richard.hender...@linaro.org> Richard Henderson <r...@twiddle.net> Richard Purdie <richard.pur...@linuxfoundation.org> Richard W.M. Jones <rjo...@redhat.com> Riku Voipio <riku.voi...@linaro.org> Roger Pau Monne <roger....@citrix.com> Roger Pau Monné <roger....@citrix.com> Roman Kagan <rka...@virtuozzo.com> Ross Lagerwall <ross.lagerw...@citrix.com> Sam Bobroff <sam.bobr...@au1.ibm.com> Samuel Thibault <samuel.thiba...@ens-lyon.org> Sandipan Das <sandi...@linux.vnet.ibm.com> Seeteena Thoufeek <s1see...@linux.vnet.ibm.com> Sergio Lopez <s...@redhat.com> Shanker Donthineni <shank...@codeaurora.org> Stafford Horne <sho...@gmail.com> Stefan Berger <stef...@linux.vnet.ibm.com> Stefan Hajnoczi <stefa...@redhat.com> Stefan Weil <s...@weilnetz.de> Stefano Stabellini <sstabell...@kernel.org> Subbaraya Sundeep <sundeep.l...@gmail.com> Suraj Jitindar Singh <sjitindarsi...@gmail.com> Tao Wu <lep...@google.com> Thomas Huth <h...@tuxfamily.org> Thomas Huth <th...@redhat.com> Todd Eisenberger <teise...@google.com> Tushar Jagad <tushar.ja...@linaro.org> Vadim Galitsyn <vadim.galit...@profitbricks.com> Vasilis Liaskovitis <vasilis.liaskovi...@profitbricks.com> Viktor Mihajlovski <mihaj...@linux.vnet.ibm.com> Vladimir Sementsov-Ogievskiy <vsement...@virtuozzo.com> Wang Guang <wang.guan...@zte.com.cn> Wang Yong <wang.yong...@zte.com.cn> Wanpeng Li <wanpeng...@hotmail.com> Wei Huang <w...@redhat.com> Wei Liu <wei.l...@citrix.com> Wolfgang Bumiller <w.bumil...@proxmox.com> Xiao Guangrong <xiaoguangrong.e...@gmail.com> Yi Min Zhao <zyi...@linux.vnet.ibm.com> Yi Wang <wang.y...@zte.com.cn> Yongbok Kim <yongbok....@imgtec.com> Yongbok Kim <yongbok....@mips.com> Yoni Bettan <ybet...@redhat.com> Yun Liu <liu.y...@zte.com.cn> Zack Cornelius <zack.cornel...@kove.net> Zhang Chen <zhangchen.f...@cn.fujitsu.com> Zhang Chen <zhangc...@gmail.com> Zhengui <lizhen...@huawei.com> Zhipeng Lu <lu.zhip...@zte.com.cn> jobs: build-amd64-xsm pass build-arm64-xsm pass build-armhf-xsm pass build-i386-xsm pass build-amd64 pass build-arm64 pass build-armhf pass build-i386 pass build-amd64-libvirt pass build-arm64-libvirt pass build-armhf-libvirt pass build-i386-libvirt pass build-amd64-pvops pass build-arm64-pvops pass build-armhf-pvops pass build-i386-pvops pass test-amd64-amd64-xl pass test-arm64-arm64-xl pass test-armhf-armhf-xl pass test-amd64-i386-xl pass test-amd64-amd64-libvirt-qemuu-debianhvm-amd64-xsm pass test-amd64-i386-libvirt-qemuu-debianhvm-amd64-xsm pass test-amd64-amd64-xl-qemuu-debianhvm-amd64-xsm pass test-amd64-i386-xl-qemuu-debianhvm-amd64-xsm pass test-amd64-amd64-libvirt-xsm pass test-arm64-arm64-libvirt-xsm pass test-armhf-armhf-libvirt-xsm pass test-amd64-i386-libvirt-xsm pass test-amd64-amd64-xl-xsm pass test-arm64-arm64-xl-xsm pass test-armhf-armhf-xl-xsm pass test-amd64-i386-xl-xsm pass test-amd64-amd64-qemuu-nested-amd fail test-amd64-amd64-xl-pvhv2-amd fail test-amd64-i386-qemuu-rhel6hvm-amd pass test-amd64-amd64-xl-qemuu-debianhvm-amd64 pass test-amd64-i386-xl-qemuu-debianhvm-amd64 pass test-amd64-i386-freebsd10-amd64 pass test-amd64-amd64-xl-qemuu-ovmf-amd64 pass test-amd64-i386-xl-qemuu-ovmf-amd64 pass test-amd64-amd64-xl-qemuu-win7-amd64 fail test-amd64-i386-xl-qemuu-win7-amd64 fail test-amd64-amd64-xl-qemuu-ws16-amd64 fail test-amd64-i386-xl-qemuu-ws16-amd64 fail test-armhf-armhf-xl-arndale pass test-amd64-amd64-xl-credit2 pass test-arm64-arm64-xl-credit2 pass test-armhf-armhf-xl-credit2 pass test-armhf-armhf-xl-cubietruck pass test-amd64-i386-freebsd10-i386 pass test-amd64-amd64-xl-qemuu-win10-i386 fail test-amd64-i386-xl-qemuu-win10-i386 fail test-amd64-amd64-qemuu-nested-intel pass test-amd64-amd64-xl-pvhv2-intel fail test-amd64-i386-qemuu-rhel6hvm-intel pass test-amd64-amd64-libvirt pass test-armhf-armhf-libvirt pass test-amd64-i386-libvirt broken test-amd64-amd64-xl-multivcpu pass test-armhf-armhf-xl-multivcpu pass test-amd64-amd64-pair pass test-amd64-i386-pair pass test-amd64-amd64-libvirt-pair pass test-amd64-i386-libvirt-pair pass test-amd64-amd64-amd64-pvgrub broken test-amd64-amd64-i386-pvgrub pass test-amd64-amd64-pygrub pass test-amd64-amd64-xl-qcow2 pass test-armhf-armhf-libvirt-raw pass test-amd64-i386-xl-raw pass test-amd64-amd64-xl-rtds pass test-armhf-armhf-xl-rtds pass test-amd64-amd64-libvirt-vhd pass test-armhf-armhf-xl-vhd pass ------------------------------------------------------------ sg-report-flight on osstest.test-lab.xenproject.org logs: /home/logs/logs images: /home/logs/images Logs, config files, etc. are available at http://logs.test-lab.xenproject.org/osstest/logs Explanation of these reports, and of osstest in general, is at http://xenbits.xen.org/gitweb/?p=osstest.git;a=blob;f=README.email;hb=master http://xenbits.xen.org/gitweb/?p=osstest.git;a=blob;f=README;hb=master Test harness code can be found at http://xenbits.xen.org/gitweb?p=osstest.git;a=summary broken-job test-amd64-amd64-amd64-pvgrub broken broken-job test-amd64-i386-libvirt broken broken-step test-amd64-amd64-amd64-pvgrub host-install(4) broken-step test-amd64-i386-libvirt host-install(4) Not pushing. (No revision log; it would be 39057 lines long.)
_______________________________________________ Xen-devel mailing list Xen-devel@lists.xenproject.org https://lists.xenproject.org/mailman/listinfo/xen-devel