flight 117702 linux-3.18 real [real] http://logs.test-lab.xenproject.org/osstest/logs/117702/
Failures :-/ but no regressions. Tests which did not succeed, but are not blocking: test-arm64-arm64-examine 1 build-check(1) blocked n/a test-arm64-arm64-libvirt-xsm 1 build-check(1) blocked n/a test-arm64-arm64-xl-credit2 1 build-check(1) blocked n/a test-arm64-arm64-xl 1 build-check(1) blocked n/a test-arm64-arm64-xl-xsm 1 build-check(1) blocked n/a test-armhf-armhf-libvirt-xsm 14 saverestore-support-check fail like 117375 test-armhf-armhf-libvirt 14 saverestore-support-check fail like 117375 test-amd64-amd64-xl-qemut-win7-amd64 17 guest-stop fail like 117375 test-amd64-amd64-xl-qemuu-win7-amd64 17 guest-stop fail like 117375 test-amd64-i386-xl-qemuu-win7-amd64 17 guest-stop fail like 117375 test-armhf-armhf-libvirt-raw 13 saverestore-support-check fail like 117375 test-amd64-i386-xl-qemut-win7-amd64 17 guest-stop fail like 117375 test-amd64-amd64-xl-pvhv2-intel 12 guest-start fail never pass test-amd64-amd64-xl-pvhv2-amd 12 guest-start fail never pass test-amd64-amd64-libvirt-xsm 13 migrate-support-check fail never pass test-amd64-amd64-libvirt 13 migrate-support-check fail never pass test-amd64-i386-libvirt-xsm 13 migrate-support-check fail never pass test-amd64-i386-libvirt 13 migrate-support-check fail never pass test-amd64-amd64-libvirt-qemuu-debianhvm-amd64-xsm 11 migrate-support-check fail never pass test-amd64-i386-libvirt-qemuu-debianhvm-amd64-xsm 11 migrate-support-check fail never pass test-armhf-armhf-xl-arndale 13 migrate-support-check fail never pass test-armhf-armhf-xl-arndale 14 saverestore-support-check fail never pass test-amd64-amd64-qemuu-nested-amd 17 debian-hvm-install/l1/l2 fail never pass test-amd64-amd64-libvirt-vhd 12 migrate-support-check fail never pass test-armhf-armhf-libvirt-xsm 13 migrate-support-check fail never pass build-arm64-pvops 6 kernel-build fail never pass test-armhf-armhf-xl-rtds 13 migrate-support-check fail never pass test-armhf-armhf-xl-rtds 14 saverestore-support-check fail never pass test-armhf-armhf-xl-xsm 13 migrate-support-check fail never pass test-armhf-armhf-xl-xsm 14 saverestore-support-check fail never pass test-armhf-armhf-xl-credit2 13 migrate-support-check fail never pass test-armhf-armhf-xl-credit2 14 saverestore-support-check fail never pass test-armhf-armhf-libvirt 13 migrate-support-check fail never pass test-armhf-armhf-xl 13 migrate-support-check fail never pass test-armhf-armhf-xl-multivcpu 13 migrate-support-check fail never pass test-armhf-armhf-xl-cubietruck 13 migrate-support-check fail never pass test-armhf-armhf-xl 14 saverestore-support-check fail never pass test-armhf-armhf-xl-multivcpu 14 saverestore-support-check fail never pass test-armhf-armhf-xl-cubietruck 14 saverestore-support-check fail never pass test-amd64-amd64-xl-qemut-ws16-amd64 17 guest-stop fail never pass test-amd64-i386-xl-qemut-ws16-amd64 17 guest-stop fail never pass test-armhf-armhf-libvirt-raw 12 migrate-support-check fail never pass test-armhf-armhf-xl-vhd 12 migrate-support-check fail never pass test-armhf-armhf-xl-vhd 13 saverestore-support-check fail never pass test-amd64-amd64-xl-qemuu-ws16-amd64 17 guest-stop fail never pass test-amd64-i386-xl-qemuu-ws16-amd64 17 guest-stop fail never pass test-amd64-i386-xl-qemut-win10-i386 10 windows-install fail never pass test-amd64-amd64-xl-qemut-win10-i386 10 windows-install fail never pass test-amd64-i386-xl-qemuu-win10-i386 10 windows-install fail never pass test-amd64-amd64-xl-qemuu-win10-i386 10 windows-install fail never pass version targeted for testing: linux 788ccf7552c82179135470473d9035f7c8b0b188 baseline version: linux 1e6e21c74c7c866db0abdfc452937724c3d80bdc Last test of basis 117375 2017-12-20 09:38:49 Z 19 days Failing since 117563 2018-01-02 17:39:00 Z 6 days 6 attempts Testing same since 117581 2018-01-02 22:44:52 Z 5 days 5 attempts ------------------------------------------------------------ People who touched revisions under test: Aaron Brown <aaron.f.br...@intel.com Adam Wallis <awal...@codeaurora.org> Alexander Duyck <alexander.h.du...@intel.com> Alexey Khoroshilov <khoroshi...@ispras.ru> Andrew Bowers <andrewx.bow...@intel.com> Ard Biesheuvel <ard.biesheu...@linaro.org> Arnd Bergmann <a...@arndb.de> Bjorn Helgaas <bhelg...@google.com> Bjørn Mork <bj...@mork.no> Brian King <brk...@linux.vnet.ibm.com> Christian Lamparter <chunk...@gmail.com> Christoph Paasch <cpaa...@apple.com> Christophe JAILLET <christophe.jail...@wanadoo.fr> Chunyan Zhang <chunyan.zh...@spreadtrum.com> Dan Murphy <dmur...@ti.com> Daniel Thompson <daniel.thomp...@linaro.org> Daniele Palmas <dnl...@gmail.com> David Daney <david.da...@cavium.com> David S. Miller <da...@davemloft.net> Derek Basehore <dbaseh...@chromium.org> Dick Kennedy <dick.kenn...@broadcom.com> Dmitri Epshtein <d...@marvell.com> Dmitry Fleytman <dmitry.fleyt...@gmail.com> Dmitry Fleytman Dmitry Fleytman <dmitry.fleyt...@gmail.com> Dongdong Liu <liudongdo...@huawei.com> Eric Dumazet <eduma...@google.com> Eyal Reizer <ey...@ti.com> Felipe Balbi <felipe.ba...@linux.intel.com> Gabriele Paoloni <gabriele.paol...@huawei.com> Gao Feng <f...@ikuai8.com> Greg Kroah-Hartman <gre...@linuxfoundation.org> Gregory CLEMENT <gregory.clem...@free-electrons.com> Guenter Roeck <li...@roeck-us.net> Gustavo A. R. Silva <garsi...@embeddedor.com> Hayes Wang <hayesw...@realtek.com> hayeswang <hayesw...@realtek.com> Helge Deller <del...@gmx.de> Herbert Xu <herb...@gondor.apana.org.au> Jacob Keller <jacob.e.kel...@intel.com> James Smart <james.sm...@broadcom.com> Jan Glauber <jglau...@cavium.com> Jaroslav Kysela <pe...@perex.cz> Jeff Kirsher <jeffrey.t.kirs...@intel.com> Jeffy Chen <jeffy.c...@rock-chips.com> Jerry Tang <jt...@suse.com> Jing Xia <jing....@spreadtrum.com> Jiri Kosina <jkos...@suse.cz> Johan Hovold <jo...@kernel.org> Julian Wiedmann <j...@linux.vnet.ibm.com> Kees Cook <keesc...@chromium.org> Kevin Cernekee <cerne...@chromium.org> Krishneil Singh <krishneil.k.si...@intel.com> Lee Jones <lee.jo...@linaro.org> Linus Torvalds <torva...@linux-foundation.org> Liping Zhang <zlpnob...@gmail.com> Maarten Lankhorst <d...@mblankhorst.nl> Mark Brown <broo...@kernel.org> Martin K. Petersen <martin.peter...@oracle.com> Mathias Nyman <mathias.ny...@linux.intel.com> Michael Ellerman <m...@ellerman.id.au> Michal Nazarewicz <min...@mina86.com> Mohamed Ghannam <simo.ghan...@gmail.com> Oliver Neukum <oneu...@suse.com> Pablo Neira Ayuso <pa...@netfilter.org> Paolo Bonzini <pbonz...@redhat.com> Peter Stein <pe...@stuntstein.dk> Peter Ujfalusi <peter.ujfal...@ti.com> PJ Waskiewicz <peter.waskiewicz...@intel.com> Rafael J. Wysocki <rafael.j.wyso...@intel.com> Ravi Bangoria <ravi.bango...@linux.vnet.ibm.com> Reizer, Eyal <ey...@ti.com> Rob Herring <r...@kernel.org> Roger Quadros <rog...@ti.com> Russell King <rmk+ker...@armlinux.org.uk> Sasha Levin <alexander.le...@verizon.com> Sebastian Andrzej Siewior <bige...@linutronix.de> Sebastian Reichel <s...@kernel.org> Sebastian Sjoholm <ssjoh...@mac.com> Steve Capper <steve.cap...@arm.com> Steven Rostedt (VMware) <rost...@goodmis.org> Stuart Hayes <stuart.w.ha...@gmail.com> Takashi Iwai <ti...@suse.de> Thierry Reding <thierry.red...@gmail.com> Thomas Gleixner <t...@linutronix.de> Tobias Jordan <tobias.jor...@elektrobit.com> Tonghao Zhang <xiangxia.m....@gmail.com> Tonghao Zhang <zhangtong...@didichuxing.com> Tony Lindgren <t...@atomide.com> Ursula Braun <ubr...@linux.vnet.ibm.com> Vaidyanathan Srinivasan <sva...@linux.vnet.ibm.com> Varun Prakash <va...@chelsio.com> Wanpeng Li <wanpeng...@hotmail.com> Will Deacon <will.dea...@arm.com> Xin Long <lucien....@gmail.com> Yelena Krivosheev <yel...@marvell.com> jobs: build-amd64-xsm pass build-arm64-xsm pass build-armhf-xsm pass build-i386-xsm pass build-amd64 pass build-arm64 pass build-armhf pass build-i386 pass build-amd64-libvirt pass build-arm64-libvirt pass build-armhf-libvirt pass build-i386-libvirt pass build-amd64-pvops pass build-arm64-pvops fail build-armhf-pvops pass build-i386-pvops pass build-amd64-rumprun pass build-i386-rumprun pass test-amd64-amd64-xl pass test-arm64-arm64-xl blocked test-armhf-armhf-xl pass test-amd64-i386-xl pass test-amd64-amd64-xl-qemut-debianhvm-amd64-xsm pass test-amd64-i386-xl-qemut-debianhvm-amd64-xsm pass test-amd64-amd64-libvirt-qemuu-debianhvm-amd64-xsm pass test-amd64-i386-libvirt-qemuu-debianhvm-amd64-xsm pass test-amd64-amd64-xl-qemuu-debianhvm-amd64-xsm pass test-amd64-i386-xl-qemuu-debianhvm-amd64-xsm pass test-amd64-amd64-xl-qemut-stubdom-debianhvm-amd64-xsm pass test-amd64-i386-xl-qemut-stubdom-debianhvm-amd64-xsm pass test-amd64-amd64-libvirt-xsm pass test-arm64-arm64-libvirt-xsm blocked test-armhf-armhf-libvirt-xsm pass test-amd64-i386-libvirt-xsm pass test-amd64-amd64-xl-xsm pass test-arm64-arm64-xl-xsm blocked test-armhf-armhf-xl-xsm pass test-amd64-i386-xl-xsm pass test-amd64-amd64-qemuu-nested-amd fail test-amd64-amd64-xl-pvhv2-amd fail test-amd64-i386-qemut-rhel6hvm-amd pass test-amd64-i386-qemuu-rhel6hvm-amd pass test-amd64-amd64-xl-qemut-debianhvm-amd64 pass test-amd64-i386-xl-qemut-debianhvm-amd64 pass test-amd64-amd64-xl-qemuu-debianhvm-amd64 pass test-amd64-i386-xl-qemuu-debianhvm-amd64 pass test-amd64-i386-freebsd10-amd64 pass test-amd64-amd64-xl-qemuu-ovmf-amd64 pass test-amd64-i386-xl-qemuu-ovmf-amd64 pass test-amd64-amd64-rumprun-amd64 pass test-amd64-amd64-xl-qemut-win7-amd64 fail test-amd64-i386-xl-qemut-win7-amd64 fail test-amd64-amd64-xl-qemuu-win7-amd64 fail test-amd64-i386-xl-qemuu-win7-amd64 fail test-amd64-amd64-xl-qemut-ws16-amd64 fail test-amd64-i386-xl-qemut-ws16-amd64 fail test-amd64-amd64-xl-qemuu-ws16-amd64 fail test-amd64-i386-xl-qemuu-ws16-amd64 fail test-armhf-armhf-xl-arndale pass test-amd64-amd64-xl-credit2 pass test-arm64-arm64-xl-credit2 blocked test-armhf-armhf-xl-credit2 pass test-armhf-armhf-xl-cubietruck pass test-amd64-amd64-examine pass test-arm64-arm64-examine blocked test-armhf-armhf-examine pass test-amd64-i386-examine pass test-amd64-i386-freebsd10-i386 pass test-amd64-i386-rumprun-i386 pass test-amd64-amd64-xl-qemut-win10-i386 fail test-amd64-i386-xl-qemut-win10-i386 fail test-amd64-amd64-xl-qemuu-win10-i386 fail test-amd64-i386-xl-qemuu-win10-i386 fail test-amd64-amd64-qemuu-nested-intel pass test-amd64-amd64-xl-pvhv2-intel fail test-amd64-i386-qemut-rhel6hvm-intel pass test-amd64-i386-qemuu-rhel6hvm-intel pass test-amd64-amd64-libvirt pass test-armhf-armhf-libvirt pass test-amd64-i386-libvirt pass test-amd64-amd64-xl-multivcpu pass test-armhf-armhf-xl-multivcpu pass test-amd64-amd64-pair pass test-amd64-i386-pair pass test-amd64-amd64-libvirt-pair pass test-amd64-i386-libvirt-pair pass test-amd64-amd64-amd64-pvgrub pass test-amd64-amd64-i386-pvgrub pass test-amd64-amd64-pygrub pass test-amd64-amd64-xl-qcow2 pass test-armhf-armhf-libvirt-raw pass test-amd64-i386-xl-raw pass test-amd64-amd64-xl-rtds pass test-armhf-armhf-xl-rtds pass test-amd64-amd64-libvirt-vhd pass test-armhf-armhf-xl-vhd pass ------------------------------------------------------------ sg-report-flight on osstest.test-lab.xenproject.org logs: /home/logs/logs images: /home/logs/images Logs, config files, etc. are available at http://logs.test-lab.xenproject.org/osstest/logs Explanation of these reports, and of osstest in general, is at http://xenbits.xen.org/gitweb/?p=osstest.git;a=blob;f=README.email;hb=master http://xenbits.xen.org/gitweb/?p=osstest.git;a=blob;f=README;hb=master Test harness code can be found at http://xenbits.xen.org/gitweb?p=osstest.git;a=summary Pushing revision : To xenbits.xen.org:/home/xen/git/linux-pvops.git 1e6e21c74c7c..788ccf7552c8 788ccf7552c82179135470473d9035f7c8b0b188 -> tested/linux-3.18
_______________________________________________ Xen-devel mailing list Xen-devel@lists.xenproject.org https://lists.xenproject.org/mailman/listinfo/xen-devel