flight 117590 qemu-mainline real [real] http://logs.test-lab.xenproject.org/osstest/logs/117590/
Regressions :-( Tests which did not succeed and are blocking, including tests which could not be run: test-amd64-amd64-xl <job status> broken test-amd64-amd64-libvirt-qemuu-debianhvm-amd64-xsm <job status> broken test-amd64-i386-xl-qemuu-debianhvm-amd64 <job status> broken test-amd64-amd64-xl-xsm <job status> broken test-amd64-amd64-libvirt-qemuu-debianhvm-amd64-xsm 4 host-install(4) broken REGR. vs. 117335 test-amd64-amd64-xl-xsm 4 host-install(4) broken REGR. vs. 117335 test-amd64-i386-xl-qemuu-debianhvm-amd64 4 host-install(4) broken REGR. vs. 117335 test-amd64-amd64-xl 4 host-install(4) broken REGR. vs. 117335 test-armhf-armhf-xl-credit2 16 guest-start/debian.repeat fail REGR. vs. 117335 Regressions which are regarded as allowable (not blocking): test-armhf-armhf-xl-rtds 16 guest-start/debian.repeat fail REGR. vs. 117335 Tests which did not succeed, but are not blocking: test-armhf-armhf-libvirt-xsm 14 saverestore-support-check fail like 117335 test-armhf-armhf-libvirt 14 saverestore-support-check fail like 117335 test-armhf-armhf-libvirt-raw 13 saverestore-support-check fail like 117335 test-amd64-amd64-xl-qemuu-win7-amd64 17 guest-stop fail like 117335 test-amd64-i386-xl-qemuu-win7-amd64 17 guest-stop fail like 117335 test-amd64-amd64-xl-qemuu-ws16-amd64 17 guest-stop fail like 117335 test-amd64-amd64-xl-pvhv2-intel 12 guest-start fail never pass test-amd64-amd64-libvirt 13 migrate-support-check fail never pass test-amd64-amd64-libvirt-xsm 13 migrate-support-check fail never pass test-amd64-amd64-xl-pvhv2-amd 12 guest-start fail never pass test-amd64-i386-libvirt-xsm 13 migrate-support-check fail never pass test-amd64-i386-libvirt 13 migrate-support-check fail never pass test-arm64-arm64-xl-credit2 13 migrate-support-check fail never pass test-arm64-arm64-xl-credit2 14 saverestore-support-check fail never pass test-arm64-arm64-xl-xsm 13 migrate-support-check fail never pass test-arm64-arm64-xl-xsm 14 saverestore-support-check fail never pass test-arm64-arm64-xl 13 migrate-support-check fail never pass test-arm64-arm64-xl 14 saverestore-support-check fail never pass test-arm64-arm64-libvirt-xsm 13 migrate-support-check fail never pass test-arm64-arm64-libvirt-xsm 14 saverestore-support-check fail never pass test-amd64-i386-libvirt-qemuu-debianhvm-amd64-xsm 11 migrate-support-check fail never pass test-armhf-armhf-xl-multivcpu 13 migrate-support-check fail never pass test-armhf-armhf-xl-multivcpu 14 saverestore-support-check fail never pass test-armhf-armhf-libvirt-xsm 13 migrate-support-check fail never pass test-armhf-armhf-libvirt 13 migrate-support-check fail never pass test-armhf-armhf-xl-arndale 13 migrate-support-check fail never pass test-armhf-armhf-xl-arndale 14 saverestore-support-check fail never pass test-amd64-amd64-qemuu-nested-amd 17 debian-hvm-install/l1/l2 fail never pass test-amd64-amd64-libvirt-vhd 12 migrate-support-check fail never pass test-armhf-armhf-libvirt-raw 12 migrate-support-check fail never pass test-armhf-armhf-xl-xsm 13 migrate-support-check fail never pass test-armhf-armhf-xl-cubietruck 13 migrate-support-check fail never pass test-armhf-armhf-xl-xsm 14 saverestore-support-check fail never pass test-armhf-armhf-xl-cubietruck 14 saverestore-support-check fail never pass test-armhf-armhf-xl-credit2 13 migrate-support-check fail never pass test-armhf-armhf-xl-credit2 14 saverestore-support-check fail never pass test-armhf-armhf-xl 13 migrate-support-check fail never pass test-armhf-armhf-xl 14 saverestore-support-check fail never pass test-armhf-armhf-xl-rtds 13 migrate-support-check fail never pass test-armhf-armhf-xl-rtds 14 saverestore-support-check fail never pass test-armhf-armhf-xl-vhd 12 migrate-support-check fail never pass test-armhf-armhf-xl-vhd 13 saverestore-support-check fail never pass test-amd64-i386-xl-qemuu-ws16-amd64 17 guest-stop fail never pass test-amd64-i386-xl-qemuu-win10-i386 10 windows-install fail never pass test-amd64-amd64-xl-qemuu-win10-i386 10 windows-install fail never pass version targeted for testing: qemuu 281f327487c9c9b1599f93c589a408bbf4a651b8 baseline version: qemuu eaefea537b476cb853e2edbdc68e969ec777e4bb Last test of basis 117335 2017-12-19 12:50:51 Z 16 days Testing same since 117534 2018-01-02 17:34:07 Z 1 days 2 attempts ------------------------------------------------------------ People who touched revisions under test: Alex Bennée <alex.ben...@linaro.org> Aurelien Jarno <aurel...@aurel32.net> Chen Hanxiao <chenhanx...@gmail.com> Cornelia Huck <coh...@redhat.com> Daniel Henrique Barboza <danie...@linux.vnet.ibm.com> Daniel P. Berrange <berra...@redhat.com> David Hildenbrand <da...@redhat.com> Doug Gale <doug...@gmail.com> Dr. David Alan Gilbert <dgilb...@redhat.com> Evgeny Yakovlev <eyakov...@virtuozzo.com> Fam Zheng <f...@redhat.com> Jeff Cody <jc...@redhat.com> John Snow <js...@redhat.com> Kirill A. Shutemov <kirill.shute...@linux.intel.com> Laurent Vivier <laur...@vivier.eu> linzhecheng <linzhech...@huawei.com> Mao Zhongyi <maozy.f...@cn.fujitsu.com> Marc-André Lureau <marcandre.lur...@redhat.com> Mark Kanda <mark.ka...@oracle.com> Markus Armbruster <arm...@redhat.com> Namhyung Kim <namhy...@gmail.com> Paolo Bonzini <pbonz...@redhat.com> Peter Lieven <p...@kamp.de> Peter Maydell <peter.mayd...@linaro.org> Peter Xu <pet...@redhat.com> Philippe Mathieu-Daudé <f4...@amsat.org> Richard Henderson <r...@twiddle.net> Roman Kagan <rka...@virtuozzo.com> Samuel Thibault <samuel.thiba...@ens-lyon.org> Stefan Berger <stef...@linux.vnet.ibm.com> Stefan Hajnoczi <stefa...@redhat.com> Stefan Weil <s...@weilnetz.de> Thomas Huth <th...@redhat.com> Vladimir Sementsov-Ogievskiy <vsement...@virtuozzo.com> Yang Zhong <yang.zh...@intel.com> jobs: build-amd64-xsm pass build-arm64-xsm pass build-armhf-xsm pass build-i386-xsm pass build-amd64 pass build-arm64 pass build-armhf pass build-i386 pass build-amd64-libvirt pass build-arm64-libvirt pass build-armhf-libvirt pass build-i386-libvirt pass build-amd64-pvops pass build-arm64-pvops pass build-armhf-pvops pass build-i386-pvops pass test-amd64-amd64-xl broken test-arm64-arm64-xl pass test-armhf-armhf-xl pass test-amd64-i386-xl pass test-amd64-amd64-libvirt-qemuu-debianhvm-amd64-xsm broken test-amd64-i386-libvirt-qemuu-debianhvm-amd64-xsm pass test-amd64-amd64-xl-qemuu-debianhvm-amd64-xsm pass test-amd64-i386-xl-qemuu-debianhvm-amd64-xsm pass test-amd64-amd64-libvirt-xsm pass test-arm64-arm64-libvirt-xsm pass test-armhf-armhf-libvirt-xsm pass test-amd64-i386-libvirt-xsm pass test-amd64-amd64-xl-xsm broken test-arm64-arm64-xl-xsm pass test-armhf-armhf-xl-xsm pass test-amd64-i386-xl-xsm pass test-amd64-amd64-qemuu-nested-amd fail test-amd64-amd64-xl-pvhv2-amd fail test-amd64-i386-qemuu-rhel6hvm-amd pass test-amd64-amd64-xl-qemuu-debianhvm-amd64 pass test-amd64-i386-xl-qemuu-debianhvm-amd64 broken test-amd64-i386-freebsd10-amd64 pass test-amd64-amd64-xl-qemuu-ovmf-amd64 pass test-amd64-i386-xl-qemuu-ovmf-amd64 pass test-amd64-amd64-xl-qemuu-win7-amd64 fail test-amd64-i386-xl-qemuu-win7-amd64 fail test-amd64-amd64-xl-qemuu-ws16-amd64 fail test-amd64-i386-xl-qemuu-ws16-amd64 fail test-armhf-armhf-xl-arndale pass test-amd64-amd64-xl-credit2 pass test-arm64-arm64-xl-credit2 pass test-armhf-armhf-xl-credit2 fail test-armhf-armhf-xl-cubietruck pass test-amd64-i386-freebsd10-i386 pass test-amd64-amd64-xl-qemuu-win10-i386 fail test-amd64-i386-xl-qemuu-win10-i386 fail test-amd64-amd64-qemuu-nested-intel pass test-amd64-amd64-xl-pvhv2-intel fail test-amd64-i386-qemuu-rhel6hvm-intel pass test-amd64-amd64-libvirt pass test-armhf-armhf-libvirt pass test-amd64-i386-libvirt pass test-amd64-amd64-xl-multivcpu pass test-armhf-armhf-xl-multivcpu pass test-amd64-amd64-pair pass test-amd64-i386-pair pass test-amd64-amd64-libvirt-pair pass test-amd64-i386-libvirt-pair pass test-amd64-amd64-amd64-pvgrub pass test-amd64-amd64-i386-pvgrub pass test-amd64-amd64-pygrub pass test-amd64-amd64-xl-qcow2 pass test-armhf-armhf-libvirt-raw pass test-amd64-i386-xl-raw pass test-amd64-amd64-xl-rtds pass test-armhf-armhf-xl-rtds fail test-amd64-amd64-libvirt-vhd pass test-armhf-armhf-xl-vhd pass ------------------------------------------------------------ sg-report-flight on osstest.test-lab.xenproject.org logs: /home/logs/logs images: /home/logs/images Logs, config files, etc. are available at http://logs.test-lab.xenproject.org/osstest/logs Explanation of these reports, and of osstest in general, is at http://xenbits.xen.org/gitweb/?p=osstest.git;a=blob;f=README.email;hb=master http://xenbits.xen.org/gitweb/?p=osstest.git;a=blob;f=README;hb=master Test harness code can be found at http://xenbits.xen.org/gitweb?p=osstest.git;a=summary broken-job test-amd64-amd64-xl broken broken-job test-amd64-amd64-libvirt-qemuu-debianhvm-amd64-xsm broken broken-job test-amd64-i386-xl-qemuu-debianhvm-amd64 broken broken-job test-amd64-amd64-xl-xsm broken broken-step test-amd64-amd64-libvirt-qemuu-debianhvm-amd64-xsm host-install(4) broken-step test-amd64-amd64-xl-xsm host-install(4) broken-step test-amd64-i386-xl-qemuu-debianhvm-amd64 host-install(4) broken-step test-amd64-amd64-xl host-install(4) Not pushing. (No revision log; it would be 2401 lines long.)
_______________________________________________ Xen-devel mailing list Xen-devel@lists.xenproject.org https://lists.xenproject.org/mailman/listinfo/xen-devel