flight 117565 xen-unstable-smoke real [real] http://logs.test-lab.xenproject.org/osstest/logs/117565/
Failures :-/ but no regressions. Tests which did not succeed, but are not blocking: test-amd64-amd64-libvirt 13 migrate-support-check fail never pass test-arm64-arm64-xl-xsm 13 migrate-support-check fail never pass test-arm64-arm64-xl-xsm 14 saverestore-support-check fail never pass test-armhf-armhf-xl 13 migrate-support-check fail never pass test-armhf-armhf-xl 14 saverestore-support-check fail never pass version targeted for testing: xen 971d299c04df379734d10c44d637433e9e564f36 baseline version: xen 1b33150fe06ab9217f7f12b01bc5e607f4f55658 Last test of basis 117339 2017-12-19 15:02:59 Z 14 days Failing since 117372 2017-12-20 09:43:28 Z 13 days 2 attempts Testing same since 117565 2018-01-02 18:02:18 Z 0 days 1 attempts ------------------------------------------------------------ People who touched revisions under test: Adrian Hunter <adrian.hun...@intel.com> Andrew Cooper <andrew.coop...@citrix.com> Andrew Morton <a...@linux-foundation.org> David Woodhouse <david.woodho...@intel.com> Jan Beulich <jbeul...@suse.com> Linus Torvalds <torva...@linux-foundation.org> Michel Lespinasse <wal...@google.com> Peter Zijlstra <a.p.zijls...@chello.nl> Praveen Kumar <kpraveen.l...@gmail.com> Roger Pau Monné <roger....@citrix.com> Stephen Rothwell <s...@canb.auug.org.au> Tim Deegan <t...@xen.org> Wolfram Strepp <wstr...@gmx.de> Yi Sun <yi.y....@linux.intel.com> jobs: build-arm64-xsm pass build-amd64 pass build-armhf pass build-amd64-libvirt pass test-armhf-armhf-xl pass test-arm64-arm64-xl-xsm pass test-amd64-amd64-xl-qemuu-debianhvm-i386 pass test-amd64-amd64-libvirt pass ------------------------------------------------------------ sg-report-flight on osstest.test-lab.xenproject.org logs: /home/logs/logs images: /home/logs/images Logs, config files, etc. are available at http://logs.test-lab.xenproject.org/osstest/logs Explanation of these reports, and of osstest in general, is at http://xenbits.xen.org/gitweb/?p=osstest.git;a=blob;f=README.email;hb=master http://xenbits.xen.org/gitweb/?p=osstest.git;a=blob;f=README;hb=master Test harness code can be found at http://xenbits.xen.org/gitweb?p=osstest.git;a=summary Pushing revision : To xenbits.xen.org:/home/xen/git/xen.git 1b33150fe0..971d299c04 971d299c04df379734d10c44d637433e9e564f36 -> smoke
_______________________________________________ Xen-devel mailing list Xen-devel@lists.xenproject.org https://lists.xenproject.org/mailman/listinfo/xen-devel