flight 106058 ovmf real [real] http://logs.test-lab.xenproject.org/osstest/logs/106058/
Regressions :-( Tests which did not succeed and are blocking, including tests which could not be run: test-amd64-i386-xl-qemuu-ovmf-amd64 9 debian-hvm-install fail REGR. vs. 105963 version targeted for testing: ovmf 37322be5bc8a8196335669c67b7a2fbf529a7f1c baseline version: ovmf e0307a7dad02aa8c0cd8b3b0b9edce8ddb3fef2e Last test of basis 105963 2017-02-21 21:43:31 Z 2 days Failing since 105980 2017-02-22 10:03:53 Z 2 days 4 attempts Testing same since 106058 2017-02-24 08:51:11 Z 0 days 1 attempts ------------------------------------------------------------ People who touched revisions under test: Anthony PERARD <anthony.per...@citrix.com> Ard Biesheuvel <ard.biesheu...@linaro.org> Jeff Fan <jeff....@intel.com> Jiewen Yao <jiewen....@intel.com> Laszlo Ersek <ler...@redhat.com> Paolo Bonzini <pbonz...@redhat.com> Star Zeng <star.z...@intel.com> Yonghong Zhu <yonghong....@intel.com> Zhang Lubo <lubo.zh...@intel.com> jobs: build-amd64-xsm pass build-i386-xsm pass build-amd64 pass build-i386 pass build-amd64-libvirt pass build-i386-libvirt pass build-amd64-pvops pass build-i386-pvops pass test-amd64-amd64-xl-qemuu-ovmf-amd64 pass test-amd64-i386-xl-qemuu-ovmf-amd64 fail ------------------------------------------------------------ sg-report-flight on osstest.test-lab.xenproject.org logs: /home/logs/logs images: /home/logs/images Logs, config files, etc. are available at http://logs.test-lab.xenproject.org/osstest/logs Explanation of these reports, and of osstest in general, is at http://xenbits.xen.org/gitweb/?p=osstest.git;a=blob;f=README.email;hb=master http://xenbits.xen.org/gitweb/?p=osstest.git;a=blob;f=README;hb=master Test harness code can be found at http://xenbits.xen.org/gitweb?p=osstest.git;a=summary Not pushing. (No revision log; it would be 813 lines long.) _______________________________________________ Xen-devel mailing list Xen-devel@lists.xen.org https://lists.xen.org/xen-devel