This run is configured for baseline tests only.

flight 68557 qemu-mainline real [real]
http://osstest.xs.citrite.net/~osstest/testlogs/logs/68557/

Regressions :-(

Tests which did not succeed and are blocking,
including tests which could not be run:
 test-amd64-amd64-xl-xsm       6 xen-boot                  fail REGR. vs. 68506

Regressions which are regarded as allowable (not blocking):
 test-armhf-armhf-libvirt-xsm 13 saverestore-support-check    fail   like 68506
 test-armhf-armhf-libvirt     13 saverestore-support-check    fail   like 68506
 test-armhf-armhf-libvirt-raw 12 saverestore-support-check    fail   like 68506
 test-amd64-amd64-qemuu-nested-intel 16 debian-hvm-install/l1/l2 fail like 68506
 test-amd64-i386-xl-qemuu-winxpsp3-vcpus1  9 windows-install    fail like 68506

Tests which did not succeed, but are not blocking:
 test-arm64-arm64-libvirt-xsm  1 build-check(1)               blocked  n/a
 test-arm64-arm64-xl           1 build-check(1)               blocked  n/a
 build-arm64-libvirt           1 build-check(1)               blocked  n/a
 test-arm64-arm64-libvirt-qcow2  1 build-check(1)               blocked  n/a
 test-arm64-arm64-libvirt      1 build-check(1)               blocked  n/a
 test-arm64-arm64-xl-credit2   1 build-check(1)               blocked  n/a
 test-arm64-arm64-xl-rtds      1 build-check(1)               blocked  n/a
 test-arm64-arm64-xl-multivcpu  1 build-check(1)               blocked  n/a
 test-arm64-arm64-xl-xsm       1 build-check(1)               blocked  n/a
 build-arm64-pvops             2 hosts-allocate               broken never pass
 build-arm64                   2 hosts-allocate               broken never pass
 build-arm64-xsm               2 hosts-allocate               broken never pass
 build-arm64-pvops             3 capture-logs                 broken never pass
 build-arm64-xsm               3 capture-logs                 broken never pass
 build-arm64                   3 capture-logs                 broken never pass
 test-amd64-amd64-xl-pvh-intel 11 guest-start                  fail  never pass
 test-armhf-armhf-xl-multivcpu 12 migrate-support-check        fail  never pass
 test-armhf-armhf-xl-multivcpu 13 saverestore-support-check    fail  never pass
 test-armhf-armhf-xl-credit2  12 migrate-support-check        fail   never pass
 test-armhf-armhf-xl-credit2  13 saverestore-support-check    fail   never pass
 test-armhf-armhf-libvirt-xsm 12 migrate-support-check        fail   never pass
 test-armhf-armhf-xl-xsm      12 migrate-support-check        fail   never pass
 test-armhf-armhf-libvirt     12 migrate-support-check        fail   never pass
 test-armhf-armhf-xl-xsm      13 saverestore-support-check    fail   never pass
 test-armhf-armhf-xl          12 migrate-support-check        fail   never pass
 test-armhf-armhf-xl          13 saverestore-support-check    fail   never pass
 test-armhf-armhf-xl-midway   12 migrate-support-check        fail   never pass
 test-armhf-armhf-xl-midway   13 saverestore-support-check    fail   never pass
 test-amd64-amd64-libvirt     12 migrate-support-check        fail   never pass
 test-amd64-i386-libvirt      12 migrate-support-check        fail   never pass
 test-armhf-armhf-xl-rtds     12 migrate-support-check        fail   never pass
 test-armhf-armhf-xl-rtds     13 saverestore-support-check    fail   never pass
 test-amd64-amd64-xl-pvh-amd  11 guest-start                  fail   never pass
 test-amd64-i386-libvirt-xsm  12 migrate-support-check        fail   never pass
 test-amd64-amd64-libvirt-xsm 12 migrate-support-check        fail   never pass
 test-armhf-armhf-libvirt-raw 11 migrate-support-check        fail   never pass
 test-armhf-armhf-xl-vhd      11 migrate-support-check        fail   never pass
 test-armhf-armhf-xl-vhd      12 saverestore-support-check    fail   never pass
 test-amd64-amd64-libvirt-qemuu-debianhvm-amd64-xsm 10 migrate-support-check 
fail never pass
 test-amd64-i386-libvirt-qemuu-debianhvm-amd64-xsm 10 migrate-support-check 
fail never pass
 test-amd64-amd64-qemuu-nested-amd 16 debian-hvm-install/l1/l2  fail never pass
 test-amd64-amd64-libvirt-vhd 11 migrate-support-check        fail   never pass
 test-amd64-amd64-xl-qemuu-win7-amd64 16 guest-stop             fail never pass
 test-amd64-i386-xl-qemuu-win7-amd64 16 guest-stop              fail never pass

version targeted for testing:
 qemuu                305e6c8a2ff7a6e3f4942b50e853230f18eeb5a9
baseline version:
 qemuu                6fe791b5e3aca8a6de8a322e85e76d2f13338a7e

Last test of basis    68506  2017-02-02 16:46:49 Z   11 days
Testing same since    68557  2017-02-14 09:14:19 Z    0 days    1 attempts

------------------------------------------------------------
People who touched revisions under test:
  Alberto Garcia <be...@igalia.com>
  Alex Bennée <alex.ben...@linaro.org>
  Alex Williamson <alex.william...@redhat.com>
  Alexander Graf <ag...@suse.de>
  Alexander Indenbaum <alexander.indenb...@gmail.com>
  Andrea Bolognani <abolo...@redhat.com>
  Anthony PERARD <anthony.per...@citrix.com>
  Avinesh Kumar <avine...@linux.vnet.ibm.com>
  Bharata B Rao <bhar...@linux.vnet.ibm.com>
  Cao jin <caoj.f...@cn.fujitsu.com>
  Christian Borntraeger <borntrae...@de.ibm.com>
  Cédric Le Goater <c...@kaod.org>
  Daniel P. Berrange <berra...@redhat.com>
  David Gibson <da...@gibson.dropbear.id.au>
  David Hildenbrand <da...@redhat.com>
  Dou Liyang <douly.f...@cn.fujitsu.com>
  Dr. David Alan Gilbert <dgilb...@redhat.com>
  Edgar E. Iglesias <edgar.igles...@xilinx.com>
  Eric Blake <ebl...@redhat.com>
  Fam Zheng <f...@redhat.com>
  Gerd Hoffmann <kra...@redhat.com>
  Greg Kurz <gr...@kaod.org>
  Haozhong Zhang <haozhong.zh...@intel.com>
  Hariharan T.S. <h...@linux.vnet.ibm.com>
  Hervé Poussineau <hpous...@reactos.org>
  Jason Wang <jasow...@redhat.com>
  Jeff Cody <jc...@redhat.com>
  Jing Liu <liuj...@linux.vnet.ibm.com>
  Joel Stanley <j...@jms.id.au>
  John Paul Adrian Glaubitz <glaub...@physik.fu-berlin.de>
  John Snow <js...@redhat.com>
  Jose Ricardo Ziviani <jos...@linux.vnet.ibm.com>
  Juan Quintela <quint...@redhat.com>
  Juergen Gross <jgr...@suse.com>
  Julian Brown <jul...@codesourcery.com>
  Kevin Wolf <kw...@redhat.com>
  Ladi Prosek <lpro...@redhat.com>
  Laurent Vivier <laur...@vivier.eu>
  Laurent Vivier <lviv...@redhat.com>
  Li Qiang <liqiang...@360.cn>
  Marc-André Lureau <marcandre.lur...@redhat.com>
  Marcel Apfelbaum <mar...@redhat.com>
  Max Reitz <mre...@redhat.com>
  Michael S. Tsirkin <m...@redhat.com>
  Michael Tokarev <m...@tls.msk.ru>
  Nicholas Piggin <npig...@gmail.com>
  Nikunj A Dadhania <nik...@linux.vnet.ibm.com>
  Nir Soffer <nir...@gmail.com>
  Paolo Bonzini <pbonz...@redhat.com>
  Paul Durrant <paul.durr...@citrix.com>
  Pavel Dovgalyuk <pavel.dovga...@ispras.ru>
  Peter Lieven <p...@kamp.de>
  Peter Maydell <peter.mayd...@linaro.org>
  Phil Dennis-Jordan <p...@philjordan.eu>
  Philipp Gesang <philipp.ges...@intra2net.com>
  Prasad J Pandit <p...@fedoraproject.org>
  QingFeng Hao <ha...@linux.vnet.ibm.com>
  Richard Henderson <r...@twiddle.net>
  Roger Pau Monné <roger....@citrix.com>
  Roman Kapl <r...@sysgo.com>
  Stefan Hajnoczi <stefa...@redhat.com>
  Stefan Weil <s...@weilnetz.de>
  Stefano Stabellini <sstabell...@kernel.org>
  Suraj Jitindar Singh <sjitindarsi...@gmail.com>
  Thomas Huth <th...@redhat.com>
  Valentin Plotkin <calib...@sdf.org>
  Vladimir Sementsov-Ogievskiy <vsement...@virtuozzo.com>
  Wei Huang <w...@redhat.com>
  Wolfgang Bumiller <w.bumil...@proxmox.com>
  xiaoqiang zhao <zxq_yx_...@163.com>

jobs:
 build-amd64-xsm                                              pass    
 build-arm64-xsm                                              broken  
 build-armhf-xsm                                              pass    
 build-i386-xsm                                               pass    
 build-amd64                                                  pass    
 build-arm64                                                  broken  
 build-armhf                                                  pass    
 build-i386                                                   pass    
 build-amd64-libvirt                                          pass    
 build-arm64-libvirt                                          blocked 
 build-armhf-libvirt                                          pass    
 build-i386-libvirt                                           pass    
 build-amd64-pvops                                            pass    
 build-arm64-pvops                                            broken  
 build-armhf-pvops                                            pass    
 build-i386-pvops                                             pass    
 test-amd64-amd64-xl                                          pass    
 test-arm64-arm64-xl                                          blocked 
 test-armhf-armhf-xl                                          pass    
 test-amd64-i386-xl                                           pass    
 test-amd64-amd64-libvirt-qemuu-debianhvm-amd64-xsm           pass    
 test-amd64-i386-libvirt-qemuu-debianhvm-amd64-xsm            pass    
 test-amd64-amd64-xl-qemuu-debianhvm-amd64-xsm                pass    
 test-amd64-i386-xl-qemuu-debianhvm-amd64-xsm                 pass    
 test-amd64-amd64-libvirt-xsm                                 pass    
 test-arm64-arm64-libvirt-xsm                                 blocked 
 test-armhf-armhf-libvirt-xsm                                 pass    
 test-amd64-i386-libvirt-xsm                                  pass    
 test-amd64-amd64-xl-xsm                                      fail    
 test-arm64-arm64-xl-xsm                                      blocked 
 test-armhf-armhf-xl-xsm                                      pass    
 test-amd64-i386-xl-xsm                                       pass    
 test-amd64-amd64-qemuu-nested-amd                            fail    
 test-amd64-amd64-xl-pvh-amd                                  fail    
 test-amd64-i386-qemuu-rhel6hvm-amd                           pass    
 test-amd64-amd64-xl-qemuu-debianhvm-amd64                    pass    
 test-amd64-i386-xl-qemuu-debianhvm-amd64                     pass    
 test-amd64-i386-freebsd10-amd64                              pass    
 test-amd64-amd64-xl-qemuu-ovmf-amd64                         pass    
 test-amd64-i386-xl-qemuu-ovmf-amd64                          pass    
 test-amd64-amd64-xl-qemuu-win7-amd64                         fail    
 test-amd64-i386-xl-qemuu-win7-amd64                          fail    
 test-amd64-amd64-xl-credit2                                  pass    
 test-arm64-arm64-xl-credit2                                  blocked 
 test-armhf-armhf-xl-credit2                                  pass    
 test-amd64-i386-freebsd10-i386                               pass    
 test-amd64-amd64-qemuu-nested-intel                          fail    
 test-amd64-amd64-xl-pvh-intel                                fail    
 test-amd64-i386-qemuu-rhel6hvm-intel                         pass    
 test-amd64-amd64-libvirt                                     pass    
 test-arm64-arm64-libvirt                                     blocked 
 test-armhf-armhf-libvirt                                     pass    
 test-amd64-i386-libvirt                                      pass    
 test-armhf-armhf-xl-midway                                   pass    
 test-amd64-amd64-xl-multivcpu                                pass    
 test-arm64-arm64-xl-multivcpu                                blocked 
 test-armhf-armhf-xl-multivcpu                                pass    
 test-amd64-amd64-pair                                        pass    
 test-amd64-i386-pair                                         pass    
 test-amd64-amd64-libvirt-pair                                pass    
 test-amd64-i386-libvirt-pair                                 pass    
 test-amd64-amd64-amd64-pvgrub                                pass    
 test-amd64-amd64-i386-pvgrub                                 pass    
 test-amd64-amd64-pygrub                                      pass    
 test-arm64-arm64-libvirt-qcow2                               blocked 
 test-amd64-amd64-xl-qcow2                                    pass    
 test-armhf-armhf-libvirt-raw                                 pass    
 test-amd64-i386-xl-raw                                       pass    
 test-amd64-amd64-xl-rtds                                     pass    
 test-arm64-arm64-xl-rtds                                     blocked 
 test-armhf-armhf-xl-rtds                                     pass    
 test-amd64-i386-xl-qemuu-winxpsp3-vcpus1                     fail    
 test-amd64-amd64-libvirt-vhd                                 pass    
 test-armhf-armhf-xl-vhd                                      pass    
 test-amd64-amd64-xl-qemuu-winxpsp3                           pass    
 test-amd64-i386-xl-qemuu-winxpsp3                            pass    


------------------------------------------------------------
sg-report-flight on osstest.xs.citrite.net
logs: /home/osstest/logs
images: /home/osstest/images

Logs, config files, etc. are available at
    http://osstest.xs.citrite.net/~osstest/testlogs/logs

Test harness code can be found at
    http://xenbits.xensource.com/gitweb?p=osstest.git;a=summary

broken-step build-arm64-pvops hosts-allocate
broken-step build-arm64 hosts-allocate
broken-step build-arm64-xsm hosts-allocate
broken-step build-arm64-pvops capture-logs
broken-step build-arm64-xsm capture-logs
broken-step build-arm64 capture-logs

Push not applicable.

(No revision log; it would be 5574 lines long.)

_______________________________________________
Xen-devel mailing list
Xen-devel@lists.xen.org
https://lists.xen.org/xen-devel

Reply via email to