flight 105694 linux-3.10 real [real]
http://logs.test-lab.xenproject.org/osstest/logs/105694/

Failures :-/ but no regressions.

Regressions which are regarded as allowable (not blocking):
 test-amd64-amd64-xl-qemuu-win7-amd64 16 guest-stop            fail like 102077
 test-amd64-amd64-xl-qemut-win7-amd64 16 guest-stop            fail like 102077
 test-amd64-i386-xl-qemut-win7-amd64 16 guest-stop             fail like 102077

Tests which did not succeed, but are not blocking:
 test-amd64-amd64-xl-pvh-intel 11 guest-start                  fail  never pass
 test-amd64-amd64-libvirt     12 migrate-support-check        fail   never pass
 test-amd64-amd64-xl-pvh-amd  11 guest-start                  fail   never pass
 test-amd64-i386-libvirt      12 migrate-support-check        fail   never pass
 test-amd64-i386-libvirt-xsm  12 migrate-support-check        fail   never pass
 test-amd64-amd64-libvirt-xsm 12 migrate-support-check        fail   never pass
 test-amd64-amd64-libvirt-qemuu-debianhvm-amd64-xsm 10 migrate-support-check 
fail never pass
 test-amd64-i386-libvirt-qemuu-debianhvm-amd64-xsm 10 migrate-support-check 
fail never pass
 test-amd64-amd64-libvirt-vhd 11 migrate-support-check        fail   never pass
 test-amd64-amd64-qemuu-nested-amd 16 debian-hvm-install/l1/l2  fail never pass

version targeted for testing:
 linux                ec55e7c2bf49a426b6f8204505bd267c77554d37
baseline version:
 linux                7828a9658951301a3fd83daa4ed0a607d370399e

Last test of basis   102077  2016-11-09 21:18:49 Z   93 days
Testing same since   105694  2017-02-10 11:14:58 Z    0 days    1 attempts

------------------------------------------------------------
People who touched revisions under test:
  Al Viro <v...@zeniv.linux.org.uk>
  Alan Stern <st...@rowland.harvard.edu>
  Alex Deucher <alexander.deuc...@amd.com>
  Alex Vesker <va...@mellanox.com>
  Alex Williamson <alex.william...@redhat.com>
  Alexander Usyskin <alexander.usys...@intel.com>
  Alexey Khoroshilov <khoroshi...@ispras.ru>
  Alexey Klimov <klimov.li...@gmail.com>
  Amitkumar Karwar <akar...@marvell.com>
  Andrew Bresticker <abres...@chromium.org>
  Andrew Morton <a...@linux-foundation.org>
  Andrey Grodzovsky <andrey2...@gmail.com>
  Andrey Konovalov <andreyk...@google.com>
  Andrey Ryabinin <aryabi...@virtuozzo.com>
  Andy Lutomirski <l...@kernel.org>
  Anna Schumaker <anna.schuma...@netapp.com>
  Anoob Soman <anoob.so...@citrix.com>
  Anton Blanchard <an...@samba.org>
  Ard Biesheuvel <ard.biesheu...@linaro.org>
  Arend van Spriel <arend.vanspr...@broadcom.com>
  Arend van Spriel <ar...@broadcom.com>
  Arnaldo Carvalho de Melo <a...@redhat.com>
  Arnd Bergmann <a...@arndb.de>
  Artem Bityutskiy <artem.bityuts...@linux.intel.com>
  Ashish Samant <ashish.sam...@oracle.com>
  Balbir Singh <bsinghar...@gmail.com>
  Baoquan He <b...@redhat.com>
  Bart Van Assche <bart.vanass...@sandisk.com>
  Ben Hutchings <b...@decadent.org.uk>
  Benjamin Herrenschmidt <b...@kernel.crashing.org>
  Bjorn Helgaas <bhelg...@google.com>
  Boris Brezillon <boris.brezil...@free-electrons.com>
  Borislav Petkov <b...@suse.de>
  Brian King <brk...@linux.vnet.ibm.com>
  Brian Norris <briannor...@chromium.org>
  Brian Norris <computersforpe...@gmail.com>
  Bruno Wolff III <br...@wolff.to>
  Catalin Marinas <catalin.mari...@arm.com>
  Ching Huang <ching2...@areca.com.tw>
  Chris Mason <c...@fb.com>
  Chris Metcalf <cmetc...@mellanox.com>
  Christian König <christian.koe...@amd.com>
  Christoph Lameter <c...@linux.com>
  Christoph Lechleitner <christoph.lechleit...@iteg.at>
  Chuck Lever <chuck.le...@oracle.com>
  Cong Wang <xiyou.wangc...@gmail.com>
  Cyrille Pitchen <cyrille.pitc...@atmel.com>
  Daeho Jeong <daeho.je...@samsung.com>
  Dan Carpenter <dan.carpen...@oracle.com>
  Daniel Glöckner <d...@emlix.com>
  Daniel Jurgens <dani...@mellanox.com>
  Daniel Mentz <danielme...@google.com>
  Daniel Vetter <daniel.vet...@ffwll.ch>
  Daniel Vetter <daniel.vet...@intel.com>
  Darrick J. Wong <darrick.w...@oracle.com>
  Dave Airlie <airl...@redhat.com>
  Dave Chinner <da...@fromorbit.com>
  Dave Chinner <dchin...@redhat.com>
  Dave Gerlach <d-gerl...@ti.com>
  David Howells <dhowe...@redhat.com>
  David S. Miller <da...@davemloft.net>
  David Vrabel <david.vra...@citrix.com>
  Denys Vlasenko <dvlas...@redhat.com>
  Ding Tianhong <dingtianh...@huawei.com>
  Dmitry Torokhov <dmitry.torok...@gmail.com>
  Dmitry Vyukov <dvyu...@google.com>
  Doug Ledford <dledf...@redhat.com>
  Douglas Caetano dos Santos <dougla...@taghos.com.br>
  Eli Cooper <elicoo...@gmx.com>
  Emmanouil Maroudas <emmanouil.marou...@gmail.com>
  Emrah Demir <e...@abdsec.com>
  Enric Balletbo Serra <enric.balle...@collabora.com>
  Enrico Mioso <mrkiko...@gmail.com>
  Erez Shitrit <ere...@mellanox.com>
  Eric Dumazet <eduma...@google.com>
  Ewan D. Milne <emi...@redhat.com>
  Fabio Estevam <fabio.este...@nxp.com>
  Felipe Balbi <ba...@ti.com>
  Felipe Balbi <felipe.ba...@linux.intel.com>
  Felix Fietkau <n...@nbd.name>
  Florian Fainelli <f.faine...@gmail.com>
  Frederic Weisbecker <fweis...@gmail.com>
  Furquan Shaikh <furq...@chromium.org>
  Furquan Shaikh <furq...@google.com>
  Gavin Li <g...@thegavinli.com>
  Gavin Shan <gws...@linux.vnet.ibm.com>
  Glauber Costa <glau...@scylladb.com>
  Greg Kroah-Hartman <gre...@linuxfoundation.org>
  Guenter Roeck <li...@roeck-us.net>
  H.J. Lu <hjl.to...@gmail.com>
  Hannes Frederic Sowa <han...@stressinduktion.org>
  Hans-Christian Noren Egtvedt <egtv...@samfundet.no>
  Havard Skinnemoen <hskinnem...@gmail.com>
  Helge Deller <del...@gmx.de>
  Herbert Xu <herb...@gondor.apana.org.au>
  Hobin Woo <hobin....@samsung.com>
  Hugh Dickins <hu...@google.com>
  Ido Yariv <i...@wizery.com>
  Ignacio Alvarado <ikalvar...@google.com>
  Ingo Molnar <mi...@kernel.org>
  J. Bruce Fields <bfie...@redhat.com>
  Jack Morgenstein <ja...@dev.mellanox.co.il>
  Jaewon Kim <jaewon31....@samsung.com>
  James Bottomley <james.bottom...@hansenpartnership.com>
  James Hogan <james.ho...@imgtec.com>
  James Morris <james.l.mor...@oracle.com>
  James Patrick-Evans <ja...@jmp-e.com>
  Jan Beulich <jbeul...@suse.com>
  Jan Kara <j...@suse.cz>
  Jan Remmet <j.rem...@phytec.de>
  Jan Stancek <jstan...@redhat.com>
  Jan Viktorin <vikto...@rehivetech.com>
  Jann Horn <j...@thejh.net>
  Jeff Mahoney <je...@suse.com>
  Jens Axboe <ax...@fb.com>
  Jeremy Linton <jeremy.lin...@arm.com>
  Jerome Marchand <jmarc...@redhat.com>
  Jesper Nilsson <jesper.nils...@axis.com>
  Jim Lin <ji...@nvidia.com>
  Jiri Kosina <jkos...@suse.cz>
  Jiri Slaby <jsl...@suse.cz>
  Joe Perches <j...@perches.com>
  Joerg Roedel <jroe...@suse.de>
  Johan Hovold <jo...@kernel.org>
  Johannes Berg <johannes.b...@intel.com>
  Johannes Weiner <han...@cmpxchg.org>
  John David Anglin <dave.ang...@bell.net>
  Jonathan Cameron <ji...@kernel.org>
  Joseph Qi <joseph...@huawei.com>
  Juerg Haefliger <juerg.haefli...@hpe.com>
  Juergen Gross <jgr...@suse.com>
  Julian Anastasov <j...@ssi.bg>
  Jun Piao <piao...@huawei.com>
  K. Y. Srinivasan <k...@microsoft.com>
  Kalle Valo <kv...@codeaurora.org>
  Karl Beldan <kbel...@baylibre.com>
  Karsten Keil <k...@b1-systems.de>
  Kashyap Desai <kashyap.de...@broadcom.com>
  Kees Cook <keesc...@chromium.org>
  Kevin Liu <kl...@marvell.com>
  Kinglong Mee <kinglong...@gmail.com>
  Konrad Rzeszutek Wilk <konrad.w...@oracle.com>
  Konstantin Khlebnikov <khlebni...@yandex-team.ru>
  Konstantin Shkolnyy <konstantin.shkol...@gmail.com>
  Krzysztof Kozlowski <k.kozlow...@samsung.com>
  Krzysztof Kozlowski <k...@kernel.org>
  Lance Richardson <lrich...@redhat.com>
  Lars Ellenberg <lars.ellenb...@linbit.com>
  Lars-Peter Clausen <l...@metafoo.de>
  Lee Jones <lee.jo...@linaro.org>
  Leon Romanovsky <l...@kernel.org>
  Linus Torvalds <torva...@linux-foundation.org>
  Linus Walleij <linus.wall...@linaro.org>
  Liu Gang <gang....@nxp.com>
  Liu ShuoX <shuox....@intel.com>
  Long Li <lon...@microsoft.com>
  Luca Coelho <luciano.coe...@intel.com>
  Ludovic Desroches <ludovic.desroc...@atmel.com>
  Maciej S. Szmigiero <m...@maciej.szmigiero.name>
  Maciej Żenczykowski <m...@google.com>
  Mahesh Bandewar <mahe...@google.com>
  Marc Kleine-Budde <m...@pengutronix.de>
  Marcelo Ricardo Leitner <marcelo.leit...@gmail.com>
  Marcin Nowakowski <marcin.nowakow...@imgtec.com>
  Mark Bloch <ma...@mellanox.com>
  Mark Brown <broo...@kernel.org>
  Mark Laws <m...@60hz.org>
  Mark Rutland <mark.rutl...@arm.com>
  Markus Elfring <elfr...@users.sourceforge.net>
  Martin K. Petersen <martin.peter...@oracle.com>
  Martin Schwidefsky <schwidef...@de.ibm.com>
  Matan Barak <mat...@mellanox.com>
  Mathias Nyman <mathias.ny...@linux.intel.com>
  Mauro Carvalho Chehab <mche...@osg.samsung.com>
  Mauro Carvalho Chehab <mche...@s-opensource.com>
  Max Staudt <msta...@suse.de>
  Michael Ellerman <m...@ellerman.id.au>
  Michael S. Tsirkin <m...@redhat.com>
  Michael Walle <mich...@walle.cc>
  Michal Hocko <mho...@suse.com>
  Michal Kubecek <mkube...@suse.cz>
  Michal Kubeček <mkube...@suse.cz>
  Michel Dänzer <michel.daen...@amd.com>
  Michel Dänzer <mic...@daenzer.net>
  Mike Galbraith <efa...@gmx.de>
  Mike Galbraith <mgalbra...@suse.de>
  Mike Manning <mmann...@brocade.com>
  Mike Snitzer <snit...@redhat.com>
  Ming Lei <ming....@canonical.com>
  Ming Lei <tom.leim...@gmail.com>
  Myron Stowe <myron.st...@redhat.com>
  MyungJoo Ham <myungjoo....@samsung.com>
  Neal Cardwell <ncardw...@google.com>
  Neil Horman <nhor...@tuxdriver.com>
  Nicholas Mc Guire <hof...@osadl.org>
  Nicolas Dichtel <nicolas.dich...@6wind.com>
  Nikolay Aleksandrov <niko...@cumulusnetworks.com>
  Nishanth Menon <n...@ti.com>
  Noa Osherovich <no...@mellanox.com>
  Oleg Drokin <gr...@linuxhacker.ru>
  Oleg Nesterov <o...@redhat.com>
  Oliver Hartkopp <socket...@hartkopp.net>
  Oliver Neukum <oneu...@suse.com>
  Ondrej Kozina <okoz...@redhat.com>
  Ondrej Mosnacek <omosna...@gmail.com>
  Ondrej Mosnáček <omosna...@gmail.com>
  Pablo Neira Ayuso <pa...@netfilter.org>
  Pan Xinhui <xinhui....@linux.vnet.ibm.com>
  Paolo Abeni <pab...@redhat.com>
  Paolo Bonzini <pbonz...@redhat.com>
  Paul Burton <paul.bur...@imgtec.com>
  Paul E. McKenney <paul...@linux.vnet.ibm.com>
  Paul Mackerras <pau...@ozlabs.org>
  Pavel Machek <pa...@ucw.cz>
  Peter Chen <peter.c...@nxp.com>
  Peter Hurley <pe...@hurleysoftware.com>
  Peter Jones <pjo...@redhat.com>
  Peter Rosin <p...@axentia.se>
  Peter Rosin <p...@lysator.liu.se>
  Peter Ujfalusi <peter.ujfal...@ti.com>
  Peter Zijlstra (Intel) <pet...@infradead.org>
  Peter Zijlstra <pet...@infradead.org>
  Petr Vandrovec <p...@vandrovec.name>
  Punit Agrawal <punit.agra...@arm.com>
  Rabin Vincent <rab...@axis.com>
  Radim Krčmář <rkrc...@redhat.com>
  Rafael J. Wysocki <rafael.j.wyso...@intel.com>
  Ralf Baechle <r...@linux-mips.org>
  Ralph Sennhauser <ralph.sennhau...@gmail.com>
  Richard Kuo <r...@codeaurora.org>
  Richard Weinberger <rich...@nod.at>
  Rik van Riel <r...@redhat.com>
  Robin Murphy <robin.mur...@arm.com>
  Roger Pau Monné <roger....@citrix.com>
  Ross Zwisler <ross.zwis...@linux.intel.com>
  roswest <rosw...@cisco.com>
  Russell King <rmk+ker...@arm.linux.org.uk>
  Russell King <rmk+ker...@armlinux.org.uk>
  Sabrina Dubroca <s...@queasysnail.net>
  Sara Sharon <sara.sha...@intel.com>
  Scot Doyle <lkm...@scotdoyle.com>
  Sebastian Andrzej Siewior <bige...@linutronix.de>
  Sergei Miroshnichenko <sergei...@emcraft.com>
  Simon Horman <ho...@verge.net.au>
  Soheil Hassas Yeganeh <soh...@google.com>
  Sreekanth Reddy <sreekanth.re...@broadcom.com>
  Srinivas Ramana <sram...@codeaurora.org>
  Stefan Haberland <s...@linux.vnet.ibm.com>
  Stefan Richter <stef...@s5r6.in-berlin.de>
  Steffen Maier <ma...@linux.vnet.ibm.com>
  Stephan Mueller <smuel...@chronox.de>
  Stephen Hemminger <step...@networkplumber.org>
  Stephen Suryaputra Lin <ssu...@ieee.org>
  Stephen Suryaputra Lin <stephen.suryaputra....@gmail.com>
  Steve Wise <sw...@opengridcomputing.com>
  Steven Rostedt (Red Hat) <rost...@goodmis.org>
  Steven Rostedt <rost...@goodmis.org>
  Suganath Prabu S <suganath-prabu.subram...@broadcom.com>
  Sumit Saxena <sumit.sax...@broadcom.com>
  Takashi Iwai <ti...@suse.de>
  Tariq Toukan <tar...@mellanox.com>
  Tejun Heo <t...@kernel.org>
  Theodore Ts'o <ty...@mit.edu>
  Thomas Gleixner <t...@linutronix.de>
  Tomas Winkler <tomas.wink...@intel.com>
  Tomi Valkeinen <tomi.valkei...@ti.com>
  Tony Luck <tony.l...@intel.com>
  Trond Myklebust <trond.mykleb...@primarydata.com>
  Tyler Baicar <tbai...@codeaurora.org>
  Tyrel Datwyler <tyr...@linux.vnet.ibm.com>
  Ulf Hansson <ulf.hans...@linaro.org>
  Vegard Nossum <vegard.nos...@oracle.com>
  Ville Syrjälä <ville.syrj...@linux.intel.com>
  Vincent Stehlé <vincent.ste...@intel.com>
  Vineet Gupta <vgu...@synopsys.com>
  Vineet Gupta <vineet.gup...@synopsys.com>
  Vladimir Zapolskiy <vladimir_zapols...@mentor.com>
  Wade Berrier <wberr...@gmail.com>
  WANG Cong <xiyou.wangc...@gmail.com>
  Wanpeng Li <wanpeng...@hotmail.com>
  Wei Yongjun <weiyongj...@huawei.com>
  Will Deacon <will.dea...@arm.com>
  William Preston <wpres...@suse.com>
  Willy Tarreau <w...@1wt.eu>
  Wolfram Sang <w...@the-dreams.de>
  Xiaolong Ye <y...@marvell.com>
  Yadi.hu <yadi...@windriver.com>
  Yoshihiro Shimoda <yoshihiro.shimoda...@renesas.com>
  Youngjin Gil <youngjin....@samsung.com>
  Yuchung Cheng <ych...@google.com>
  Zhang Rui <rui.zh...@intel.com>
  zhong jiang <zhongji...@huawei.com>

jobs:
 build-amd64-xsm                                              pass    
 build-i386-xsm                                               pass    
 build-amd64                                                  pass    
 build-i386                                                   pass    
 build-amd64-libvirt                                          pass    
 build-i386-libvirt                                           pass    
 build-amd64-pvops                                            pass    
 build-i386-pvops                                             pass    
 build-amd64-rumprun                                          pass    
 build-i386-rumprun                                           pass    
 test-amd64-amd64-xl                                          pass    
 test-amd64-i386-xl                                           pass    
 test-amd64-amd64-xl-qemut-debianhvm-amd64-xsm                pass    
 test-amd64-i386-xl-qemut-debianhvm-amd64-xsm                 pass    
 test-amd64-amd64-libvirt-qemuu-debianhvm-amd64-xsm           pass    
 test-amd64-i386-libvirt-qemuu-debianhvm-amd64-xsm            pass    
 test-amd64-amd64-xl-qemuu-debianhvm-amd64-xsm                pass    
 test-amd64-i386-xl-qemuu-debianhvm-amd64-xsm                 pass    
 test-amd64-amd64-xl-qemut-stubdom-debianhvm-amd64-xsm        pass    
 test-amd64-i386-xl-qemut-stubdom-debianhvm-amd64-xsm         pass    
 test-amd64-amd64-libvirt-xsm                                 pass    
 test-amd64-i386-libvirt-xsm                                  pass    
 test-amd64-amd64-xl-xsm                                      pass    
 test-amd64-i386-xl-xsm                                       pass    
 test-amd64-amd64-qemuu-nested-amd                            fail    
 test-amd64-amd64-xl-pvh-amd                                  fail    
 test-amd64-i386-qemut-rhel6hvm-amd                           pass    
 test-amd64-i386-qemuu-rhel6hvm-amd                           pass    
 test-amd64-amd64-xl-qemut-debianhvm-amd64                    pass    
 test-amd64-i386-xl-qemut-debianhvm-amd64                     pass    
 test-amd64-amd64-xl-qemuu-debianhvm-amd64                    pass    
 test-amd64-i386-xl-qemuu-debianhvm-amd64                     pass    
 test-amd64-i386-freebsd10-amd64                              pass    
 test-amd64-amd64-xl-qemuu-ovmf-amd64                         pass    
 test-amd64-i386-xl-qemuu-ovmf-amd64                          pass    
 test-amd64-amd64-rumprun-amd64                               pass    
 test-amd64-amd64-xl-qemut-win7-amd64                         fail    
 test-amd64-i386-xl-qemut-win7-amd64                          fail    
 test-amd64-amd64-xl-qemuu-win7-amd64                         fail    
 test-amd64-i386-xl-qemuu-win7-amd64                          pass    
 test-amd64-amd64-xl-credit2                                  pass    
 test-amd64-i386-freebsd10-i386                               pass    
 test-amd64-i386-rumprun-i386                                 pass    
 test-amd64-amd64-qemuu-nested-intel                          pass    
 test-amd64-amd64-xl-pvh-intel                                fail    
 test-amd64-i386-qemut-rhel6hvm-intel                         pass    
 test-amd64-i386-qemuu-rhel6hvm-intel                         pass    
 test-amd64-amd64-libvirt                                     pass    
 test-amd64-i386-libvirt                                      pass    
 test-amd64-amd64-xl-multivcpu                                pass    
 test-amd64-amd64-pair                                        pass    
 test-amd64-i386-pair                                         pass    
 test-amd64-amd64-libvirt-pair                                pass    
 test-amd64-i386-libvirt-pair                                 pass    
 test-amd64-amd64-amd64-pvgrub                                pass    
 test-amd64-amd64-i386-pvgrub                                 pass    
 test-amd64-amd64-pygrub                                      pass    
 test-amd64-amd64-xl-qcow2                                    pass    
 test-amd64-i386-xl-raw                                       pass    
 test-amd64-amd64-xl-rtds                                     pass    
 test-amd64-i386-xl-qemut-winxpsp3-vcpus1                     pass    
 test-amd64-i386-xl-qemuu-winxpsp3-vcpus1                     pass    
 test-amd64-amd64-libvirt-vhd                                 pass    
 test-amd64-amd64-xl-qemut-winxpsp3                           pass    
 test-amd64-i386-xl-qemut-winxpsp3                            pass    
 test-amd64-amd64-xl-qemuu-winxpsp3                           pass    
 test-amd64-i386-xl-qemuu-winxpsp3                            pass    


------------------------------------------------------------
sg-report-flight on osstest.test-lab.xenproject.org
logs: /home/logs/logs
images: /home/logs/images

Logs, config files, etc. are available at
    http://logs.test-lab.xenproject.org/osstest/logs

Explanation of these reports, and of osstest in general, is at
    http://xenbits.xen.org/gitweb/?p=osstest.git;a=blob;f=README.email;hb=master
    http://xenbits.xen.org/gitweb/?p=osstest.git;a=blob;f=README;hb=master

Test harness code can be found at
    http://xenbits.xen.org/gitweb?p=osstest.git;a=summary


Pushing revision :

+ branch=linux-3.10
+ revision=ec55e7c2bf49a426b6f8204505bd267c77554d37
+ . ./cri-lock-repos
++ . ./cri-common
+++ . ./cri-getconfig
+++ umask 002
+++ getrepos
++++ getconfig Repos
++++ perl -e '
                use Osstest;
                readglobalconfig();
                print $c{"Repos"} or die $!;
        '
+++ local repos=/home/osstest/repos
+++ '[' -z /home/osstest/repos ']'
+++ '[' '!' -d /home/osstest/repos ']'
+++ echo /home/osstest/repos
++ repos=/home/osstest/repos
++ repos_lock=/home/osstest/repos/lock
++ '[' x '!=' x/home/osstest/repos/lock ']'
++ OSSTEST_REPOS_LOCK_LOCKED=/home/osstest/repos/lock
++ exec with-lock-ex -w /home/osstest/repos/lock ./ap-push linux-3.10 
ec55e7c2bf49a426b6f8204505bd267c77554d37
+ branch=linux-3.10
+ revision=ec55e7c2bf49a426b6f8204505bd267c77554d37
+ . ./cri-lock-repos
++ . ./cri-common
+++ . ./cri-getconfig
+++ umask 002
+++ getrepos
++++ getconfig Repos
++++ perl -e '
                use Osstest;
                readglobalconfig();
                print $c{"Repos"} or die $!;
        '
+++ local repos=/home/osstest/repos
+++ '[' -z /home/osstest/repos ']'
+++ '[' '!' -d /home/osstest/repos ']'
+++ echo /home/osstest/repos
++ repos=/home/osstest/repos
++ repos_lock=/home/osstest/repos/lock
++ '[' x/home/osstest/repos/lock '!=' x/home/osstest/repos/lock ']'
+ . ./cri-common
++ . ./cri-getconfig
++ umask 002
+ select_xenbranch
+ case "$branch" in
+ tree=linux
+ xenbranch=xen-unstable
+ '[' xlinux = xlinux ']'
+ linuxbranch=linux-3.10
+ '[' x = x ']'
+ qemuubranch=qemu-upstream-unstable
+ select_prevxenbranch
++ ./cri-getprevxenbranch xen-unstable
+ prevxenbranch=xen-4.8-testing
+ '[' xec55e7c2bf49a426b6f8204505bd267c77554d37 = x ']'
+ : tested/2.6.39.x
+ . ./ap-common
++ : osst...@xenbits.xen.org
+++ getconfig OsstestUpstream
+++ perl -e '
                use Osstest;
                readglobalconfig();
                print $c{"OsstestUpstream"} or die $!;
        '
++ :
++ : git://xenbits.xen.org/xen.git
++ : osst...@xenbits.xen.org:/home/xen/git/xen.git
++ : git://xenbits.xen.org/qemu-xen-traditional.git
++ : git://git.kernel.org
++ : git://git.kernel.org/pub/scm/linux/kernel/git
++ : git
++ : git://xenbits.xen.org/xtf.git
++ : osst...@xenbits.xen.org:/home/xen/git/xtf.git
++ : git://xenbits.xen.org/xtf.git
++ : git://xenbits.xen.org/libvirt.git
++ : osst...@xenbits.xen.org:/home/xen/git/libvirt.git
++ : git://xenbits.xen.org/libvirt.git
++ : git://xenbits.xen.org/osstest/rumprun.git
++ : git
++ : git://xenbits.xen.org/osstest/rumprun.git
++ : osst...@xenbits.xen.org:/home/xen/git/osstest/rumprun.git
++ : git://git.seabios.org/seabios.git
++ : osst...@xenbits.xen.org:/home/xen/git/osstest/seabios.git
++ : git://xenbits.xen.org/osstest/seabios.git
++ : https://github.com/tianocore/edk2.git
++ : osst...@xenbits.xen.org:/home/xen/git/osstest/ovmf.git
++ : git://xenbits.xen.org/osstest/ovmf.git
++ : git://xenbits.xen.org/osstest/linux-firmware.git
++ : osst...@xenbits.xen.org:/home/osstest/ext/linux-firmware.git
++ : git://git.kernel.org/pub/scm/linux/kernel/git/firmware/linux-firmware.git
++ : osst...@xenbits.xen.org:/home/xen/git/linux-pvops.git
++ : git://xenbits.xen.org/linux-pvops.git
++ : tested/linux-3.14
++ : tested/linux-arm-xen
++ '[' xgit://git.kernel.org/pub/scm/linux/kernel/git/stable/linux-stable.git = 
x ']'
++ '[' xgit://git.kernel.org/pub/scm/linux/kernel/git/stable/linux-stable.git = 
x ']'
++ : git://git.kernel.org/pub/scm/linux/kernel/git/konrad/xen.git
++ : tested/2.6.39.x
++ : daily-cron.linux-3.10
++ : daily-cron.linux-3.10
++ : daily-cron.linux-3.10
++ : daily-cron.linux-3.10
++ : daily-cron.linux-3.10
++ : daily-cron.linux-3.10
++ : daily-cron.linux-3.10
++ : http://hg.uk.xensource.com/carbon/trunk/linux-2.6.27
++ : git://xenbits.xen.org/qemu-xen.git
++ : osst...@xenbits.xen.org:/home/xen/git/qemu-xen.git
++ : daily-cron.linux-3.10
++ : git://xenbits.xen.org/qemu-xen.git
++ : git://git.qemu.org/qemu.git
+ TREE_LINUX=osst...@xenbits.xen.org:/home/xen/git/linux-pvops.git
+ TREE_QEMU_UPSTREAM=osst...@xenbits.xen.org:/home/xen/git/qemu-xen.git
+ TREE_XEN=osst...@xenbits.xen.org:/home/xen/git/xen.git
+ TREE_LIBVIRT=osst...@xenbits.xen.org:/home/xen/git/libvirt.git
+ TREE_RUMPRUN=osst...@xenbits.xen.org:/home/xen/git/osstest/rumprun.git
+ TREE_SEABIOS=osst...@xenbits.xen.org:/home/xen/git/osstest/seabios.git
+ TREE_OVMF=osst...@xenbits.xen.org:/home/xen/git/osstest/ovmf.git
+ TREE_XTF=osst...@xenbits.xen.org:/home/xen/git/xtf.git
+ info_linux_tree linux-3.10
+ case $1 in
+ : git://git.kernel.org/pub/scm/linux/kernel/git/stable/linux-stable.git
+ : linux-3.10.y
+ : linux-3.10.y
+ : git
+ : git
+ : git://xenbits.xen.org/linux-pvops.git
+ : osst...@xenbits.xen.org:/home/xen/git/linux-pvops.git
+ : tested/linux-3.10
+ : refs/heads/tested/linux-3.10
+ return 0
+ cd /home/osstest/repos/linux
+ git push osst...@xenbits.xen.org:/home/xen/git/linux-pvops.git 
ec55e7c2bf49a426b6f8204505bd267c77554d37:refs/heads/tested/linux-3.10
To osst...@xenbits.xen.org:/home/xen/git/linux-pvops.git
   7828a96..ec55e7c  ec55e7c2bf49a426b6f8204505bd267c77554d37 -> 
tested/linux-3.10
+ exit 0

_______________________________________________
Xen-devel mailing list
Xen-devel@lists.xen.org
https://lists.xen.org/xen-devel

Reply via email to