flight 105416 qemu-mainline real [real] http://logs.test-lab.xenproject.org/osstest/logs/105416/
Regressions :-( Tests which did not succeed and are blocking, including tests which could not be run: build-i386-xsm 5 xen-build fail REGR. vs. 105279 build-amd64 5 xen-build fail REGR. vs. 105279 build-amd64-xsm 5 xen-build fail REGR. vs. 105279 build-i386 5 xen-build fail REGR. vs. 105279 build-armhf-xsm 5 xen-build fail REGR. vs. 105279 build-armhf 5 xen-build fail REGR. vs. 105279 Tests which did not succeed, but are not blocking: test-amd64-amd64-xl-qemuu-debianhvm-amd64 1 build-check(1) blocked n/a test-amd64-i386-freebsd10-i386 1 build-check(1) blocked n/a test-amd64-amd64-qemuu-nested-intel 1 build-check(1) blocked n/a test-amd64-i386-libvirt-qemuu-debianhvm-amd64-xsm 1 build-check(1) blocked n/a test-armhf-armhf-libvirt 1 build-check(1) blocked n/a test-amd64-i386-xl-qemuu-debianhvm-amd64-xsm 1 build-check(1) blocked n/a build-arm64-libvirt 1 build-check(1) blocked n/a test-arm64-arm64-libvirt-qcow2 1 build-check(1) blocked n/a test-amd64-i386-xl-qemuu-winxpsp3-vcpus1 1 build-check(1) blocked n/a test-armhf-armhf-libvirt-raw 1 build-check(1) blocked n/a test-arm64-arm64-libvirt 1 build-check(1) blocked n/a test-amd64-i386-libvirt-xsm 1 build-check(1) blocked n/a test-amd64-amd64-xl-multivcpu 1 build-check(1) blocked n/a test-amd64-i386-xl-qemuu-winxpsp3 1 build-check(1) blocked n/a test-amd64-amd64-libvirt 1 build-check(1) blocked n/a test-amd64-amd64-xl-pvh-amd 1 build-check(1) blocked n/a test-amd64-i386-freebsd10-amd64 1 build-check(1) blocked n/a test-amd64-amd64-pair 1 build-check(1) blocked n/a test-armhf-armhf-xl-credit2 1 build-check(1) blocked n/a test-amd64-amd64-xl-qemuu-win7-amd64 1 build-check(1) blocked n/a test-amd64-amd64-libvirt-qemuu-debianhvm-amd64-xsm 1 build-check(1) blocked n/a test-amd64-amd64-pygrub 1 build-check(1) blocked n/a test-amd64-amd64-xl-qemuu-winxpsp3 1 build-check(1) blocked n/a test-amd64-amd64-xl-qcow2 1 build-check(1) blocked n/a test-arm64-arm64-xl-rtds 1 build-check(1) blocked n/a test-amd64-amd64-amd64-pvgrub 1 build-check(1) blocked n/a test-arm64-arm64-xl-multivcpu 1 build-check(1) blocked n/a test-armhf-armhf-xl-arndale 1 build-check(1) blocked n/a test-amd64-i386-xl-qemuu-debianhvm-amd64 1 build-check(1) blocked n/a test-armhf-armhf-libvirt-xsm 1 build-check(1) blocked n/a build-i386-libvirt 1 build-check(1) blocked n/a test-amd64-i386-xl 1 build-check(1) blocked n/a test-amd64-i386-libvirt-pair 1 build-check(1) blocked n/a test-amd64-amd64-xl-qemuu-ovmf-amd64 1 build-check(1) blocked n/a test-amd64-amd64-libvirt-vhd 1 build-check(1) blocked n/a test-arm64-arm64-libvirt-xsm 1 build-check(1) blocked n/a test-amd64-amd64-xl-credit2 1 build-check(1) blocked n/a test-armhf-armhf-xl-multivcpu 1 build-check(1) blocked n/a test-amd64-i386-xl-xsm 1 build-check(1) blocked n/a build-amd64-libvirt 1 build-check(1) blocked n/a test-amd64-amd64-xl-qemuu-debianhvm-amd64-xsm 1 build-check(1) blocked n/a test-amd64-i386-xl-qemuu-ovmf-amd64 1 build-check(1) blocked n/a test-amd64-amd64-xl-pvh-intel 1 build-check(1) blocked n/a test-amd64-i386-xl-raw 1 build-check(1) blocked n/a test-amd64-i386-qemuu-rhel6hvm-amd 1 build-check(1) blocked n/a test-amd64-amd64-i386-pvgrub 1 build-check(1) blocked n/a test-arm64-arm64-xl 1 build-check(1) blocked n/a build-armhf-libvirt 1 build-check(1) blocked n/a test-amd64-i386-libvirt 1 build-check(1) blocked n/a test-amd64-amd64-libvirt-pair 1 build-check(1) blocked n/a test-armhf-armhf-xl 1 build-check(1) blocked n/a test-amd64-amd64-libvirt-xsm 1 build-check(1) blocked n/a test-amd64-amd64-xl-xsm 1 build-check(1) blocked n/a test-amd64-i386-qemuu-rhel6hvm-intel 1 build-check(1) blocked n/a test-armhf-armhf-xl-vhd 1 build-check(1) blocked n/a test-amd64-i386-xl-qemuu-win7-amd64 1 build-check(1) blocked n/a test-amd64-amd64-xl 1 build-check(1) blocked n/a test-arm64-arm64-xl-credit2 1 build-check(1) blocked n/a test-amd64-i386-pair 1 build-check(1) blocked n/a test-amd64-amd64-qemuu-nested-amd 1 build-check(1) blocked n/a test-armhf-armhf-xl-cubietruck 1 build-check(1) blocked n/a test-armhf-armhf-xl-rtds 1 build-check(1) blocked n/a test-armhf-armhf-xl-xsm 1 build-check(1) blocked n/a test-amd64-amd64-xl-rtds 1 build-check(1) blocked n/a test-arm64-arm64-xl-xsm 1 build-check(1) blocked n/a build-arm64-xsm 5 xen-build fail never pass build-arm64 5 xen-build fail never pass build-arm64-pvops 5 kernel-build fail never pass version targeted for testing: qemuu a951316b8a5c3c63254f20a826afeed940dd4cba baseline version: qemuu 6fe791b5e3aca8a6de8a322e85e76d2f13338a7e Last test of basis 105279 2017-02-02 10:18:27 Z 1 days Failing since 105294 2017-02-02 16:42:47 Z 1 days 12 attempts Testing same since 105380 2017-02-03 16:44:55 Z 0 days 3 attempts ------------------------------------------------------------ People who touched revisions under test: Andrea Bolognani <abolo...@redhat.com> Anthony PERARD <anthony.per...@citrix.com> Avinesh Kumar <avine...@linux.vnet.ibm.com> Bharata B Rao <bhar...@linux.vnet.ibm.com> Cao jin <caoj.f...@cn.fujitsu.com> Christian Borntraeger <borntrae...@de.ibm.com> Daniel P. Berrange <berra...@redhat.com> David Gibson <da...@gibson.dropbear.id.au> David Hildenbrand <da...@redhat.com> Edgar E. Iglesias <edgar.igles...@xilinx.com> Eric Blake <ebl...@redhat.com> Gerd Hoffmann <kra...@redhat.com> Greg Kurz <gr...@kaod.org> Haozhong Zhang <haozhong.zh...@intel.com> Hariharan T.S. <h...@linux.vnet.ibm.com> Hervé Poussineau <hpous...@reactos.org> Jason Wang <jasow...@redhat.com> Jeff Cody <jc...@redhat.com> Jose Ricardo Ziviani <jos...@linux.vnet.ibm.com> Juergen Gross <jgr...@suse.com> Laurent Vivier <lviv...@redhat.com> Li Qiang <liqiang...@360.cn> Marc-André Lureau <marcandre.lur...@redhat.com> Marcel Apfelbaum <mar...@redhat.com> Michael S. Tsirkin <m...@redhat.com> Nicholas Piggin <npig...@gmail.com> Nikunj A Dadhania <nik...@linux.vnet.ibm.com> Paolo Bonzini <pbonz...@redhat.com> Paul Durrant <paul.durr...@citrix.com> Peter Maydell <peter.mayd...@linaro.org> Roger Pau Monné <roger....@citrix.com> Roman Kapl <r...@sysgo.com> Stefan Hajnoczi <stefa...@redhat.com> Stefan Weil <s...@weilnetz.de> Stefano Stabellini <sstabell...@kernel.org> Suraj Jitindar Singh <sjitindarsi...@gmail.com> Thomas Huth <th...@redhat.com> Valentin Plotkin <calib...@sdf.org> Wolfgang Bumiller <w.bumil...@proxmox.com> xiaoqiang zhao <zxq_yx_...@163.com> jobs: build-amd64-xsm fail build-arm64-xsm fail build-armhf-xsm fail build-i386-xsm fail build-amd64 fail build-arm64 fail build-armhf fail build-i386 fail build-amd64-libvirt blocked build-arm64-libvirt blocked build-armhf-libvirt blocked build-i386-libvirt blocked build-amd64-pvops pass build-arm64-pvops fail build-armhf-pvops pass build-i386-pvops pass test-amd64-amd64-xl blocked test-arm64-arm64-xl blocked test-armhf-armhf-xl blocked test-amd64-i386-xl blocked test-amd64-amd64-libvirt-qemuu-debianhvm-amd64-xsm blocked test-amd64-i386-libvirt-qemuu-debianhvm-amd64-xsm blocked test-amd64-amd64-xl-qemuu-debianhvm-amd64-xsm blocked test-amd64-i386-xl-qemuu-debianhvm-amd64-xsm blocked test-amd64-amd64-libvirt-xsm blocked test-arm64-arm64-libvirt-xsm blocked test-armhf-armhf-libvirt-xsm blocked test-amd64-i386-libvirt-xsm blocked test-amd64-amd64-xl-xsm blocked test-arm64-arm64-xl-xsm blocked test-armhf-armhf-xl-xsm blocked test-amd64-i386-xl-xsm blocked test-amd64-amd64-qemuu-nested-amd blocked test-amd64-amd64-xl-pvh-amd blocked test-amd64-i386-qemuu-rhel6hvm-amd blocked test-amd64-amd64-xl-qemuu-debianhvm-amd64 blocked test-amd64-i386-xl-qemuu-debianhvm-amd64 blocked test-amd64-i386-freebsd10-amd64 blocked test-amd64-amd64-xl-qemuu-ovmf-amd64 blocked test-amd64-i386-xl-qemuu-ovmf-amd64 blocked test-amd64-amd64-xl-qemuu-win7-amd64 blocked test-amd64-i386-xl-qemuu-win7-amd64 blocked test-armhf-armhf-xl-arndale blocked test-amd64-amd64-xl-credit2 blocked test-arm64-arm64-xl-credit2 blocked test-armhf-armhf-xl-credit2 blocked test-armhf-armhf-xl-cubietruck blocked test-amd64-i386-freebsd10-i386 blocked test-amd64-amd64-qemuu-nested-intel blocked test-amd64-amd64-xl-pvh-intel blocked test-amd64-i386-qemuu-rhel6hvm-intel blocked test-amd64-amd64-libvirt blocked test-arm64-arm64-libvirt blocked test-armhf-armhf-libvirt blocked test-amd64-i386-libvirt blocked test-amd64-amd64-xl-multivcpu blocked test-arm64-arm64-xl-multivcpu blocked test-armhf-armhf-xl-multivcpu blocked test-amd64-amd64-pair blocked test-amd64-i386-pair blocked test-amd64-amd64-libvirt-pair blocked test-amd64-i386-libvirt-pair blocked test-amd64-amd64-amd64-pvgrub blocked test-amd64-amd64-i386-pvgrub blocked test-amd64-amd64-pygrub blocked test-arm64-arm64-libvirt-qcow2 blocked test-amd64-amd64-xl-qcow2 blocked test-armhf-armhf-libvirt-raw blocked test-amd64-i386-xl-raw blocked test-amd64-amd64-xl-rtds blocked test-arm64-arm64-xl-rtds blocked test-armhf-armhf-xl-rtds blocked test-amd64-i386-xl-qemuu-winxpsp3-vcpus1 blocked test-amd64-amd64-libvirt-vhd blocked test-armhf-armhf-xl-vhd blocked test-amd64-amd64-xl-qemuu-winxpsp3 blocked test-amd64-i386-xl-qemuu-winxpsp3 blocked ------------------------------------------------------------ sg-report-flight on osstest.test-lab.xenproject.org logs: /home/logs/logs images: /home/logs/images Logs, config files, etc. are available at http://logs.test-lab.xenproject.org/osstest/logs Explanation of these reports, and of osstest in general, is at http://xenbits.xen.org/gitweb/?p=osstest.git;a=blob;f=README.email;hb=master http://xenbits.xen.org/gitweb/?p=osstest.git;a=blob;f=README;hb=master Test harness code can be found at http://xenbits.xen.org/gitweb?p=osstest.git;a=summary Not pushing. (No revision log; it would be 3318 lines long.)
_______________________________________________ Xen-devel mailing list Xen-devel@lists.xen.org https://lists.xen.org/xen-devel