flight 104428 qemu-mainline real [real] http://logs.test-lab.xenproject.org/osstest/logs/104428/
Regressions :-( Tests which did not succeed and are blocking, including tests which could not be run: test-armhf-armhf-xl-arndale 5 xen-install fail REGR. vs. 104296 Regressions which are regarded as allowable (not blocking): test-armhf-armhf-libvirt-xsm 13 saverestore-support-check fail like 104296 test-armhf-armhf-libvirt 13 saverestore-support-check fail like 104296 test-amd64-amd64-xl-qemuu-win7-amd64 16 guest-stop fail like 104296 test-amd64-i386-xl-qemuu-win7-amd64 16 guest-stop fail like 104296 test-armhf-armhf-libvirt-qcow2 12 saverestore-support-check fail like 104296 test-armhf-armhf-libvirt-raw 12 saverestore-support-check fail like 104296 test-amd64-amd64-xl-rtds 9 debian-install fail like 104296 Tests which did not succeed, but are not blocking: test-amd64-amd64-xl-pvh-amd 11 guest-start fail never pass test-amd64-amd64-xl-pvh-intel 11 guest-start fail never pass test-amd64-i386-libvirt-xsm 12 migrate-support-check fail never pass test-amd64-i386-libvirt 12 migrate-support-check fail never pass test-amd64-amd64-libvirt-xsm 12 migrate-support-check fail never pass test-amd64-amd64-libvirt 12 migrate-support-check fail never pass test-amd64-i386-libvirt-qemuu-debianhvm-amd64-xsm 10 migrate-support-check fail never pass test-amd64-amd64-libvirt-vhd 11 migrate-support-check fail never pass test-amd64-amd64-qemuu-nested-amd 16 debian-hvm-install/l1/l2 fail never pass test-armhf-armhf-libvirt-xsm 12 migrate-support-check fail never pass test-armhf-armhf-xl-xsm 12 migrate-support-check fail never pass test-armhf-armhf-xl-xsm 13 saverestore-support-check fail never pass test-armhf-armhf-xl 12 migrate-support-check fail never pass test-armhf-armhf-xl-cubietruck 12 migrate-support-check fail never pass test-armhf-armhf-xl 13 saverestore-support-check fail never pass test-armhf-armhf-xl-cubietruck 13 saverestore-support-check fail never pass test-armhf-armhf-libvirt 12 migrate-support-check fail never pass test-amd64-amd64-libvirt-qemuu-debianhvm-amd64-xsm 10 migrate-support-check fail never pass test-armhf-armhf-xl-multivcpu 12 migrate-support-check fail never pass test-armhf-armhf-xl-multivcpu 13 saverestore-support-check fail never pass test-armhf-armhf-xl-credit2 12 migrate-support-check fail never pass test-armhf-armhf-xl-credit2 13 saverestore-support-check fail never pass test-armhf-armhf-xl-rtds 12 migrate-support-check fail never pass test-armhf-armhf-xl-rtds 13 saverestore-support-check fail never pass test-armhf-armhf-libvirt-qcow2 11 migrate-support-check fail never pass test-armhf-armhf-libvirt-raw 11 migrate-support-check fail never pass test-armhf-armhf-xl-vhd 11 migrate-support-check fail never pass test-armhf-armhf-xl-vhd 12 saverestore-support-check fail never pass version targeted for testing: qemuu d1c82f7cc34443841095f490345f86c9d8baca34 baseline version: qemuu ab4b92760498e097ff668f0e9c83aa87a2ec1128 Last test of basis 104296 2017-01-19 11:11:54 Z 2 days Failing since 104333 2017-01-20 07:15:26 Z 1 days 2 attempts Testing same since 104428 2017-01-21 07:01:27 Z 0 days 1 attempts ------------------------------------------------------------ People who touched revisions under test: Alastair D'Silva <alast...@d-silva.org> Alex Kompel <bar...@gmail.com> Alistair Francis <alistair.fran...@xilinx.com> Andrew Jones <drjo...@redhat.com> Ard Biesheuvel <ard.biesheu...@linaro.org> Artyom Tarasenko <atar4q...@gmail.com> Christian Borntraeger <borntrae...@de.ibm.com> Cornelia Huck <cornelia.h...@de.ibm.com> Cédric Le Goater <c...@kaod.org> Eduardo Habkost <ehabk...@redhat.com> Eric Blake <ebl...@redhat.com> Fei Li <sherr...@linux.vnet.ibm.com> Gabriel Somlo <so...@cmu.edu> Gonglei <arei.gong...@huawei.com> Jason Wang <jasow...@redhat.com> Ladi Prosek <lpro...@redhat.com> Laszlo Ersek <ler...@redhat.com> Laurent Vivier <laur...@vivier.eu> Marc-André Lureau <marcandre.lur...@redhat.com> Marcin Krzeminski <mar.krzemin...@gmail.com> Marcin KrzemiÅski <mar.krzemin...@gmail.com> Markus Armbruster <arm...@redhat.com> Michael S. Tsirkin <m...@redhat.com> Paolo Bonzini <pbonz...@redhat.com> Peter Maydell <peter.mayd...@linaro.org> Pierre Morel <pmo...@linux.vnet.ibm.com> Richard Henderson <r...@twiddle.net> Sascha Silbe <si...@linux.vnet.ibm.com> Shannon Zhao <shannon.z...@linaro.org> Stefan Hajnoczi <stefa...@redhat.com> Stefan Weil <s...@weilnetz.de> Thomas Huth <h...@tuxfamily.org> Yi Min Zhao <zyi...@linux.vnet.ibm.com> Zhang Chen <zhangchen.f...@cn.fujitsu.com> jobs: build-amd64-xsm pass build-armhf-xsm pass build-i386-xsm pass build-amd64 pass build-armhf pass build-i386 pass build-amd64-libvirt pass build-armhf-libvirt pass build-i386-libvirt pass build-amd64-pvops pass build-armhf-pvops pass build-i386-pvops pass test-amd64-amd64-xl pass test-armhf-armhf-xl pass test-amd64-i386-xl pass test-amd64-amd64-libvirt-qemuu-debianhvm-amd64-xsm pass test-amd64-i386-libvirt-qemuu-debianhvm-amd64-xsm pass test-amd64-amd64-xl-qemuu-debianhvm-amd64-xsm pass test-amd64-i386-xl-qemuu-debianhvm-amd64-xsm pass test-amd64-amd64-libvirt-xsm pass test-armhf-armhf-libvirt-xsm pass test-amd64-i386-libvirt-xsm pass test-amd64-amd64-xl-xsm pass test-armhf-armhf-xl-xsm pass test-amd64-i386-xl-xsm pass test-amd64-amd64-qemuu-nested-amd fail test-amd64-amd64-xl-pvh-amd fail test-amd64-i386-qemuu-rhel6hvm-amd pass test-amd64-amd64-xl-qemuu-debianhvm-amd64 pass test-amd64-i386-xl-qemuu-debianhvm-amd64 pass test-amd64-i386-freebsd10-amd64 pass test-amd64-amd64-xl-qemuu-ovmf-amd64 pass test-amd64-i386-xl-qemuu-ovmf-amd64 pass test-amd64-amd64-xl-qemuu-win7-amd64 fail test-amd64-i386-xl-qemuu-win7-amd64 fail test-armhf-armhf-xl-arndale fail test-amd64-amd64-xl-credit2 pass test-armhf-armhf-xl-credit2 pass test-armhf-armhf-xl-cubietruck pass test-amd64-i386-freebsd10-i386 pass test-amd64-amd64-qemuu-nested-intel pass test-amd64-amd64-xl-pvh-intel fail test-amd64-i386-qemuu-rhel6hvm-intel pass test-amd64-amd64-libvirt pass test-armhf-armhf-libvirt pass test-amd64-i386-libvirt pass test-amd64-amd64-xl-multivcpu pass test-armhf-armhf-xl-multivcpu pass test-amd64-amd64-pair pass test-amd64-i386-pair pass test-amd64-amd64-libvirt-pair pass test-amd64-i386-libvirt-pair pass test-amd64-amd64-amd64-pvgrub pass test-amd64-amd64-i386-pvgrub pass test-amd64-amd64-pygrub pass test-armhf-armhf-libvirt-qcow2 pass test-amd64-amd64-xl-qcow2 pass test-armhf-armhf-libvirt-raw pass test-amd64-i386-xl-raw pass test-amd64-amd64-xl-rtds fail test-armhf-armhf-xl-rtds pass test-amd64-i386-xl-qemuu-winxpsp3-vcpus1 pass test-amd64-amd64-libvirt-vhd pass test-armhf-armhf-xl-vhd pass test-amd64-amd64-xl-qemuu-winxpsp3 pass test-amd64-i386-xl-qemuu-winxpsp3 pass ------------------------------------------------------------ sg-report-flight on osstest.test-lab.xenproject.org logs: /home/logs/logs images: /home/logs/images Logs, config files, etc. are available at http://logs.test-lab.xenproject.org/osstest/logs Explanation of these reports, and of osstest in general, is at http://xenbits.xen.org/gitweb/?p=osstest.git;a=blob;f=README.email;hb=master http://xenbits.xen.org/gitweb/?p=osstest.git;a=blob;f=README;hb=master Test harness code can be found at http://xenbits.xen.org/gitweb?p=osstest.git;a=summary Not pushing. (No revision log; it would be 1945 lines long.)
_______________________________________________ Xen-devel mailing list Xen-devel@lists.xen.org https://lists.xen.org/xen-devel