flight 104301 linux-4.1 real [real]
http://logs.test-lab.xenproject.org/osstest/logs/104301/

Failures :-/ but no regressions.

Tests which are failing intermittently (not blocking):
 test-amd64-amd64-xl-qcow2 16 guest-localmigrate/x10 fail in 104272 pass in 
104301
 test-amd64-i386-xl-qemuu-debianhvm-amd64 15 guest-localmigrate/x10 fail in 
104272 pass in 104301
 test-amd64-amd64-libvirt-vhd 10 guest-start      fail in 104272 pass in 104301
 test-amd64-i386-xl-qemut-winxpsp3-vcpus1 15 guest-localmigrate/x10 fail in 
104272 pass in 104301
 test-amd64-i386-xl-qemut-winxpsp3 15 guest-localmigrate/x10 fail in 104272 
pass in 104301
 test-amd64-i386-libvirt-qemuu-debianhvm-amd64-xsm 14 guest-stop fail pass in 
104272

Regressions which are regarded as allowable (not blocking):
 test-armhf-armhf-xl-credit2  18 leak-check/check        fail blocked in 103995
 test-armhf-armhf-xl-xsm 15 guest-start/debian.repeat fail in 104272 like 103991
 test-armhf-armhf-libvirt-xsm 11 guest-start         fail in 104272 like 103995
 test-armhf-armhf-xl-credit2 15 guest-start/debian.repeat fail in 104272 like 
103995
 test-armhf-armhf-libvirt-xsm 13 saverestore-support-check    fail  like 103991
 test-armhf-armhf-libvirt-xsm 15 guest-start/debian.repeat    fail  like 103991
 test-armhf-armhf-xl-rtds     11 guest-start                  fail  like 103991
 test-armhf-armhf-xl-xsm      11 guest-start                  fail  like 103995
 test-armhf-armhf-xl-multivcpu 15 guest-start/debian.repeat    fail like 103995
 test-armhf-armhf-libvirt     13 saverestore-support-check    fail  like 103995
 test-armhf-armhf-xl          15 guest-start/debian.repeat    fail  like 103995
 test-armhf-armhf-xl-cubietruck 15 guest-start/debian.repeat   fail like 103995
 test-armhf-armhf-libvirt     15 guest-start/debian.repeat    fail  like 103995
 test-amd64-amd64-xl-qemuu-win7-amd64 16 guest-stop            fail like 103995
 test-amd64-amd64-xl-qemut-win7-amd64 16 guest-stop            fail like 103995
 test-amd64-i386-xl-qemuu-win7-amd64 16 guest-stop             fail like 103995
 test-amd64-i386-xl-qemut-win7-amd64 16 guest-stop             fail like 103995
 test-armhf-armhf-xl-vhd       9 debian-di-install            fail  like 103995
 test-armhf-armhf-libvirt-qcow2  9 debian-di-install           fail like 103995

Tests which did not succeed, but are not blocking:
 test-armhf-armhf-xl-xsm     12 migrate-support-check fail in 104272 never pass
 test-armhf-armhf-xl-xsm 13 saverestore-support-check fail in 104272 never pass
 test-amd64-amd64-xl-pvh-intel 14 guest-saverestore            fail  never pass
 test-amd64-amd64-libvirt-xsm 12 migrate-support-check        fail   never pass
 test-amd64-amd64-libvirt     12 migrate-support-check        fail   never pass
 test-amd64-i386-libvirt      12 migrate-support-check        fail   never pass
 test-amd64-i386-libvirt-xsm  12 migrate-support-check        fail   never pass
 test-amd64-amd64-xl-pvh-amd  11 guest-start                  fail   never pass
 test-amd64-amd64-libvirt-qemuu-debianhvm-amd64-xsm 10 migrate-support-check 
fail never pass
 test-amd64-i386-libvirt-qemuu-debianhvm-amd64-xsm 10 migrate-support-check 
fail never pass
 test-amd64-amd64-libvirt-vhd 11 migrate-support-check        fail   never pass
 test-armhf-armhf-xl-arndale  12 migrate-support-check        fail   never pass
 test-armhf-armhf-xl-arndale  13 saverestore-support-check    fail   never pass
 test-amd64-amd64-qemuu-nested-amd 16 debian-hvm-install/l1/l2  fail never pass
 test-armhf-armhf-xl-multivcpu 12 migrate-support-check        fail  never pass
 test-armhf-armhf-xl-multivcpu 13 saverestore-support-check    fail  never pass
 test-armhf-armhf-xl-credit2  12 migrate-support-check        fail   never pass
 test-armhf-armhf-xl-credit2  13 saverestore-support-check    fail   never pass
 test-armhf-armhf-xl-cubietruck 12 migrate-support-check        fail never pass
 test-armhf-armhf-xl-cubietruck 13 saverestore-support-check    fail never pass
 test-armhf-armhf-libvirt-xsm 12 migrate-support-check        fail   never pass
 test-armhf-armhf-xl          12 migrate-support-check        fail   never pass
 test-armhf-armhf-xl          13 saverestore-support-check    fail   never pass
 test-armhf-armhf-libvirt     12 migrate-support-check        fail   never pass
 test-armhf-armhf-libvirt-raw  9 debian-di-install            fail   never pass

version targeted for testing:
 linux                f40b3cc69de8c97bbcdb74e3cffda06ffcad2cd7
baseline version:
 linux                35327468a79dd9e343eaf7e66cc372f8277b2a84

Last test of basis   103995  2016-12-29 02:01:38 Z   22 days
Testing same since   104272  2017-01-18 20:47:52 Z    1 days    2 attempts

------------------------------------------------------------
People who touched revisions under test:
  Adrian Hunter <adrian.hun...@intel.com>
  Al Viro <v...@zeniv.linux.org.uk>
  Alan Stern <st...@rowland.harvard.edu>
  Aleksa Sarai <asa...@suse.de>
  Alex Deucher <alexander.deuc...@amd.com>
  Alex Porosanu <alexandru.poros...@nxp.com>
  Alexander Duyck <adu...@mirantis.com>
  Andrew Morton <a...@linux-foundation.org>
  Andy Grover <agro...@redhat.com>
  Arnd Bergmann <a...@arndb.de>
  Bart Van Assche <bart.vanass...@sandisk.com>
  Ben Hutchings <ben.hutchi...@codethink.co.uk>
  Benjamin Marzinski <bmarz...@redhat.com>
  Bjorn Helgaas <bhelg...@google.com>
  Boris Ostrovsky <boris.ostrov...@oracle.com>
  Bryant G Ly <b...@us.ibm.com>
  Chandan Rajendra <chan...@linux.vnet.ibm.com>
  Chris Mason <c...@fb.com>
  Chris Wilson <ch...@chris-wilson.co.uk>
  Con Kolivas <c...@kolivas.org>
  Con Kolivas <ker...@kolivas.org>
  Dan Carpenter <dan.carpen...@oracle.com>
  Dan O'Donovan <d...@emutex.com>
  Daniel Vetter <daniel.vet...@ffwll.ch>
  Daniele Palmas <dnl...@gmail.com>
  Dave Chinner <da...@fromorbit.com>
  David S. Miller <da...@davemloft.net>
  Deepa Dinamani <deepa.ker...@gmail.com>
  Dmitry Torokhov <dmitry.torok...@gmail.com>
  Doug Ledford <dledf...@redhat.com>
  Douglas Anderson <diand...@chromium.org>
  Eric Dumazet <eduma...@google.com>
  Eric Sandeen <sand...@redhat.com>
  Eric Sandeen <sand...@sandeen.net>
  Felipe Balbi <felipe.ba...@linux.intel.com>
  Filipe Manana <fdman...@suse.com>
  Geoff Levand <ge...@infradead.org>
  Gerald Schaefer <gerald.schae...@de.ibm.com>
  Giuseppe Lippolis <giu.lippo...@gmail.com>
  Greg Kroah-Hartman <gre...@linuxfoundation.org>
  Herbert Xu <herb...@gondor.apana.org.au>
  Horia Geantă <horia.gea...@nxp.com>
  Hugh Dickins <hu...@google.com>
  Hui Wang <hui.w...@canonical.com>
  Ian Abbott <abbo...@mev.co.uk>
  Ilya Dryomov <idryo...@gmail.com>
  Jaegeuk Kim <jaeg...@kernel.org>
  Jan Kara <j...@suse.cz>
  Jarkko Sakkinen <jarkko.sakki...@linux.intel.com>
  Jason Gunthorpe <jguntho...@obsidianresearch.com>
  Jens Axboe <ax...@fb.com>
  Jesse Gross <je...@kernel.org>
  Jim Mattson <jmatt...@google.com>
  Jingkui Wang <jkw...@google.com>
  Joe Thornber <e...@redhat.com>
  Johan Hovold <jo...@kernel.org>
  Juergen Gross <jgr...@suse.com>
  Julien Grall <julien.gr...@arm.com>
  Jussi Laako <ju...@sonarnerd.net>
  Kalle Valo <kv...@codeaurora.org>
  Kalle Valo <kv...@qca.qualcomm.com>
  Kashyap Desai <kashyap.de...@broadcom.com>
  Kiran Kumar Kasturi <kiran-kumar.kast...@broadcom.com>
  Konstantin Khlebnikov <khlebni...@yandex-team.ru>
  Krzysztof Kozlowski <k...@kernel.org>
  Larry Finger <larry.fin...@lwfinger.net>
  Linus Torvalds <torva...@linux-foundation.org>
  Linus Walleij <linus.wall...@linaro.org>
  Luis R. Rodriguez <mcg...@kernel.org>
  Mark Brown <broo...@kernel.org>
  Martin K. Petersen <martin.peter...@oracle.com>
  Martin Schwidefsky <schwidef...@de.ibm.com>
  Mathias Nyman <mathias.ny...@linux.intel.com>
  Maxim Patlasov <mpatla...@virtuozzo.com>
  Michael Ellerman <m...@ellerman.id.au>
  Michel Dänzer <michel.daen...@amd.com>
  Mike Snitzer <snit...@redhat.com>
  Nathaniel Quillin <n...@google.com>
  NeilBrown <ne...@suse.com>
  Nicolai Stange <nicsta...@gmail.com>
  Olaf Hering <o...@aepfle.de>
  Oliver Neukum <oneu...@suse.com>
  Omar Sandoval <osan...@fb.com>
  Ondrej Kozina <okoz...@redhat.com>
  Paolo Bonzini <pbonz...@redhat.com>
  Patrick Boutilier <bouti...@ednet.ns.ca>
  Patrik Jakobsson <patrik.r.jakobs...@gmail.com>
  Paul Mackerras <pau...@ozlabs.org>
  Paulo Zanoni <paulo.r.zan...@intel.com>
  Pavel Shilovsky <pshi...@microsoft.com>
  Peter Zijlstra (Intel) <pet...@infradead.org>
  Pierre de Villemereuil <fl...@mailoo.org>
  Rabin Vincent <rab...@axis.com>
  Rafael J. Wysocki <rafael.j.wyso...@intel.com>
  Robbie Ko <robbi...@synology.com>
  Russell Currey <rus...@russell.cc>
  Sachin Prabhu <spra...@redhat.com>
  Sasha Levin <alexander.le...@verizon.com>
  Sean Paul <seanp...@chromium.org>
  Shaohua Li <s...@fb.com>
  Stefano Stabellini <sstabell...@kernel.org>
  Steven Rostedt (Red Hat) <rost...@goodmis.org>
  Steven Rostedt <rost...@goodmis.org>
  Sumit Saxena <sumit.sax...@broadcom.com>
  Takashi Iwai <ti...@suse.de>
  Theodore Ts'o <ty...@mit.edu>
  Thomas Gleixner <t...@linutronix.de>
  Trond Myklebust <trond.mykleb...@primarydata.com>
  Ulf Hansson <ulf.hans...@linaro.org>
  Vinod Koul <vinod.k...@intel.com>
  Vittorio Gambaletta (VittGam) <linux-wirel...@vittgam.net>
  Vittorio Gambaletta <linuxb...@vittgam.net>
  Wei Fang <fangw...@huawei.com>
  YOSHIFUJI Hideaki <yoshf...@linux-ipv6.org>
  Yves-Alexis Perez <cor...@corsac.net>
  Zhang Rui <rui.zh...@intel.com>

jobs:
 build-amd64-xsm                                              pass    
 build-armhf-xsm                                              pass    
 build-i386-xsm                                               pass    
 build-amd64                                                  pass    
 build-armhf                                                  pass    
 build-i386                                                   pass    
 build-amd64-libvirt                                          pass    
 build-armhf-libvirt                                          pass    
 build-i386-libvirt                                           pass    
 build-amd64-pvops                                            pass    
 build-armhf-pvops                                            pass    
 build-i386-pvops                                             pass    
 build-amd64-rumprun                                          pass    
 build-i386-rumprun                                           pass    
 test-amd64-amd64-xl                                          pass    
 test-armhf-armhf-xl                                          fail    
 test-amd64-i386-xl                                           pass    
 test-amd64-amd64-xl-qemut-debianhvm-amd64-xsm                pass    
 test-amd64-i386-xl-qemut-debianhvm-amd64-xsm                 pass    
 test-amd64-amd64-libvirt-qemuu-debianhvm-amd64-xsm           pass    
 test-amd64-i386-libvirt-qemuu-debianhvm-amd64-xsm            fail    
 test-amd64-amd64-xl-qemuu-debianhvm-amd64-xsm                pass    
 test-amd64-i386-xl-qemuu-debianhvm-amd64-xsm                 pass    
 test-amd64-amd64-xl-qemut-stubdom-debianhvm-amd64-xsm        pass    
 test-amd64-i386-xl-qemut-stubdom-debianhvm-amd64-xsm         pass    
 test-amd64-amd64-libvirt-xsm                                 pass    
 test-armhf-armhf-libvirt-xsm                                 fail    
 test-amd64-i386-libvirt-xsm                                  pass    
 test-amd64-amd64-xl-xsm                                      pass    
 test-armhf-armhf-xl-xsm                                      fail    
 test-amd64-i386-xl-xsm                                       pass    
 test-amd64-amd64-qemuu-nested-amd                            fail    
 test-amd64-amd64-xl-pvh-amd                                  fail    
 test-amd64-i386-qemut-rhel6hvm-amd                           pass    
 test-amd64-i386-qemuu-rhel6hvm-amd                           pass    
 test-amd64-amd64-xl-qemut-debianhvm-amd64                    pass    
 test-amd64-i386-xl-qemut-debianhvm-amd64                     pass    
 test-amd64-amd64-xl-qemuu-debianhvm-amd64                    pass    
 test-amd64-i386-xl-qemuu-debianhvm-amd64                     pass    
 test-amd64-i386-freebsd10-amd64                              pass    
 test-amd64-amd64-xl-qemuu-ovmf-amd64                         pass    
 test-amd64-i386-xl-qemuu-ovmf-amd64                          pass    
 test-amd64-amd64-rumprun-amd64                               pass    
 test-amd64-amd64-xl-qemut-win7-amd64                         fail    
 test-amd64-i386-xl-qemut-win7-amd64                          fail    
 test-amd64-amd64-xl-qemuu-win7-amd64                         fail    
 test-amd64-i386-xl-qemuu-win7-amd64                          fail    
 test-armhf-armhf-xl-arndale                                  pass    
 test-amd64-amd64-xl-credit2                                  pass    
 test-armhf-armhf-xl-credit2                                  broken  
 test-armhf-armhf-xl-cubietruck                               fail    
 test-amd64-i386-freebsd10-i386                               pass    
 test-amd64-i386-rumprun-i386                                 pass    
 test-amd64-amd64-qemuu-nested-intel                          pass    
 test-amd64-amd64-xl-pvh-intel                                fail    
 test-amd64-i386-qemut-rhel6hvm-intel                         pass    
 test-amd64-i386-qemuu-rhel6hvm-intel                         pass    
 test-amd64-amd64-libvirt                                     pass    
 test-armhf-armhf-libvirt                                     fail    
 test-amd64-i386-libvirt                                      pass    
 test-amd64-amd64-xl-multivcpu                                pass    
 test-armhf-armhf-xl-multivcpu                                fail    
 test-amd64-amd64-pair                                        pass    
 test-amd64-i386-pair                                         pass    
 test-amd64-amd64-libvirt-pair                                pass    
 test-amd64-i386-libvirt-pair                                 pass    
 test-amd64-amd64-amd64-pvgrub                                pass    
 test-amd64-amd64-i386-pvgrub                                 pass    
 test-amd64-amd64-pygrub                                      pass    
 test-armhf-armhf-libvirt-qcow2                               fail    
 test-amd64-amd64-xl-qcow2                                    pass    
 test-armhf-armhf-libvirt-raw                                 fail    
 test-amd64-i386-xl-raw                                       pass    
 test-amd64-amd64-xl-rtds                                     pass    
 test-armhf-armhf-xl-rtds                                     fail    
 test-amd64-i386-xl-qemut-winxpsp3-vcpus1                     pass    
 test-amd64-i386-xl-qemuu-winxpsp3-vcpus1                     pass    
 test-amd64-amd64-libvirt-vhd                                 pass    
 test-armhf-armhf-xl-vhd                                      fail    
 test-amd64-amd64-xl-qemut-winxpsp3                           pass    
 test-amd64-i386-xl-qemut-winxpsp3                            pass    
 test-amd64-amd64-xl-qemuu-winxpsp3                           pass    
 test-amd64-i386-xl-qemuu-winxpsp3                            pass    


------------------------------------------------------------
sg-report-flight on osstest.test-lab.xenproject.org
logs: /home/logs/logs
images: /home/logs/images

Logs, config files, etc. are available at
    http://logs.test-lab.xenproject.org/osstest/logs

Explanation of these reports, and of osstest in general, is at
    http://xenbits.xen.org/gitweb/?p=osstest.git;a=blob;f=README.email;hb=master
    http://xenbits.xen.org/gitweb/?p=osstest.git;a=blob;f=README;hb=master

Test harness code can be found at
    http://xenbits.xen.org/gitweb?p=osstest.git;a=summary


Pushing revision :

+ branch=linux-4.1
+ revision=f40b3cc69de8c97bbcdb74e3cffda06ffcad2cd7
+ . ./cri-lock-repos
++ . ./cri-common
+++ . ./cri-getconfig
+++ umask 002
+++ getrepos
++++ getconfig Repos
++++ perl -e '
                use Osstest;
                readglobalconfig();
                print $c{"Repos"} or die $!;
        '
+++ local repos=/home/osstest/repos
+++ '[' -z /home/osstest/repos ']'
+++ '[' '!' -d /home/osstest/repos ']'
+++ echo /home/osstest/repos
++ repos=/home/osstest/repos
++ repos_lock=/home/osstest/repos/lock
++ '[' x '!=' x/home/osstest/repos/lock ']'
++ OSSTEST_REPOS_LOCK_LOCKED=/home/osstest/repos/lock
++ exec with-lock-ex -w /home/osstest/repos/lock ./ap-push linux-4.1 
f40b3cc69de8c97bbcdb74e3cffda06ffcad2cd7
+ branch=linux-4.1
+ revision=f40b3cc69de8c97bbcdb74e3cffda06ffcad2cd7
+ . ./cri-lock-repos
++ . ./cri-common
+++ . ./cri-getconfig
+++ umask 002
+++ getrepos
++++ getconfig Repos
++++ perl -e '
                use Osstest;
                readglobalconfig();
                print $c{"Repos"} or die $!;
        '
+++ local repos=/home/osstest/repos
+++ '[' -z /home/osstest/repos ']'
+++ '[' '!' -d /home/osstest/repos ']'
+++ echo /home/osstest/repos
++ repos=/home/osstest/repos
++ repos_lock=/home/osstest/repos/lock
++ '[' x/home/osstest/repos/lock '!=' x/home/osstest/repos/lock ']'
+ . ./cri-common
++ . ./cri-getconfig
++ umask 002
+ select_xenbranch
+ case "$branch" in
+ tree=linux
+ xenbranch=xen-unstable
+ '[' xlinux = xlinux ']'
+ linuxbranch=linux-4.1
+ '[' x = x ']'
+ qemuubranch=qemu-upstream-unstable
+ select_prevxenbranch
++ ./cri-getprevxenbranch xen-unstable
+ prevxenbranch=xen-4.8-testing
+ '[' xf40b3cc69de8c97bbcdb74e3cffda06ffcad2cd7 = x ']'
+ : tested/2.6.39.x
+ . ./ap-common
++ : osst...@xenbits.xen.org
+++ getconfig OsstestUpstream
+++ perl -e '
                use Osstest;
                readglobalconfig();
                print $c{"OsstestUpstream"} or die $!;
        '
++ :
++ : git://xenbits.xen.org/xen.git
++ : osst...@xenbits.xen.org:/home/xen/git/xen.git
++ : git://xenbits.xen.org/qemu-xen-traditional.git
++ : git://git.kernel.org
++ : git://git.kernel.org/pub/scm/linux/kernel/git
++ : git
++ : git://xenbits.xen.org/xtf.git
++ : osst...@xenbits.xen.org:/home/xen/git/xtf.git
++ : git://xenbits.xen.org/xtf.git
++ : git://xenbits.xen.org/libvirt.git
++ : osst...@xenbits.xen.org:/home/xen/git/libvirt.git
++ : git://xenbits.xen.org/libvirt.git
++ : git://xenbits.xen.org/osstest/rumprun.git
++ : git
++ : git://xenbits.xen.org/osstest/rumprun.git
++ : osst...@xenbits.xen.org:/home/xen/git/osstest/rumprun.git
++ : git://git.seabios.org/seabios.git
++ : osst...@xenbits.xen.org:/home/xen/git/osstest/seabios.git
++ : git://xenbits.xen.org/osstest/seabios.git
++ : https://github.com/tianocore/edk2.git
++ : osst...@xenbits.xen.org:/home/xen/git/osstest/ovmf.git
++ : git://xenbits.xen.org/osstest/ovmf.git
++ : git://xenbits.xen.org/osstest/linux-firmware.git
++ : osst...@xenbits.xen.org:/home/osstest/ext/linux-firmware.git
++ : git://git.kernel.org/pub/scm/linux/kernel/git/firmware/linux-firmware.git
++ : osst...@xenbits.xen.org:/home/xen/git/linux-pvops.git
++ : git://xenbits.xen.org/linux-pvops.git
++ : tested/linux-3.14
++ : tested/linux-arm-xen
++ '[' xgit://git.kernel.org/pub/scm/linux/kernel/git/stable/linux-stable.git = 
x ']'
++ '[' xgit://git.kernel.org/pub/scm/linux/kernel/git/stable/linux-stable.git = 
x ']'
++ : git://git.kernel.org/pub/scm/linux/kernel/git/konrad/xen.git
++ : tested/2.6.39.x
++ : daily-cron.linux-4.1
++ : daily-cron.linux-4.1
++ : daily-cron.linux-4.1
++ : daily-cron.linux-4.1
++ : daily-cron.linux-4.1
++ : daily-cron.linux-4.1
++ : daily-cron.linux-4.1
++ : http://hg.uk.xensource.com/carbon/trunk/linux-2.6.27
++ : git://xenbits.xen.org/qemu-xen.git
++ : osst...@xenbits.xen.org:/home/xen/git/qemu-xen.git
++ : daily-cron.linux-4.1
++ : git://xenbits.xen.org/qemu-xen.git
++ : git://git.qemu.org/qemu.git
+ TREE_LINUX=osst...@xenbits.xen.org:/home/xen/git/linux-pvops.git
+ TREE_QEMU_UPSTREAM=osst...@xenbits.xen.org:/home/xen/git/qemu-xen.git
+ TREE_XEN=osst...@xenbits.xen.org:/home/xen/git/xen.git
+ TREE_LIBVIRT=osst...@xenbits.xen.org:/home/xen/git/libvirt.git
+ TREE_RUMPRUN=osst...@xenbits.xen.org:/home/xen/git/osstest/rumprun.git
+ TREE_SEABIOS=osst...@xenbits.xen.org:/home/xen/git/osstest/seabios.git
+ TREE_OVMF=osst...@xenbits.xen.org:/home/xen/git/osstest/ovmf.git
+ TREE_XTF=osst...@xenbits.xen.org:/home/xen/git/xtf.git
+ info_linux_tree linux-4.1
+ case $1 in
+ : git://git.kernel.org/pub/scm/linux/kernel/git/stable/linux-stable.git
+ : linux-4.1.y
+ : linux-4.1.y
+ : git
+ : git
+ : git://xenbits.xen.org/linux-pvops.git
+ : osst...@xenbits.xen.org:/home/xen/git/linux-pvops.git
+ : tested/linux-4.1
+ : refs/heads/tested/linux-4.1
+ return 0
+ cd /home/osstest/repos/linux
+ git push osst...@xenbits.xen.org:/home/xen/git/linux-pvops.git 
f40b3cc69de8c97bbcdb74e3cffda06ffcad2cd7:refs/heads/tested/linux-4.1
To osst...@xenbits.xen.org:/home/xen/git/linux-pvops.git
   3532746..f40b3cc  f40b3cc69de8c97bbcdb74e3cffda06ffcad2cd7 -> 
tested/linux-4.1
+ exit 0

_______________________________________________
Xen-devel mailing list
Xen-devel@lists.xen.org
https://lists.xen.org/xen-devel

Reply via email to