This run is configured for baseline tests only.

flight 68336 qemu-upstream-unstable real [real]
http://osstest.xs.citrite.net/~osstest/testlogs/logs/68336/

Regressions :-(

Tests which did not succeed and are blocking,
including tests which could not be run:
 test-amd64-i386-pair         4 host-install/dst_host(4) broken REGR. vs. 68102
 test-amd64-amd64-xl           6 xen-boot                  fail REGR. vs. 68102

Regressions which are regarded as allowable (not blocking):
 test-amd64-i386-xl-qemuu-win7-amd64 16 guest-stop              fail like 68102
 test-amd64-amd64-xl-qemuu-win7-amd64 16 guest-stop             fail like 68102
 test-amd64-amd64-qemuu-nested-intel 16 debian-hvm-install/l1/l2 fail like 68102

Tests which did not succeed, but are not blocking:
 test-amd64-i386-libvirt      12 migrate-support-check        fail   never pass
 test-amd64-amd64-libvirt     12 migrate-support-check        fail   never pass
 test-amd64-amd64-xl-pvh-intel 11 guest-start                  fail  never pass
 test-armhf-armhf-xl-midway   12 migrate-support-check        fail   never pass
 test-armhf-armhf-xl-midway   13 saverestore-support-check    fail   never pass
 test-armhf-armhf-xl          12 migrate-support-check        fail   never pass
 test-armhf-armhf-xl          13 saverestore-support-check    fail   never pass
 test-armhf-armhf-xl-multivcpu 12 migrate-support-check        fail  never pass
 test-armhf-armhf-xl-multivcpu 13 saverestore-support-check    fail  never pass
 test-armhf-armhf-libvirt-xsm 12 migrate-support-check        fail   never pass
 test-armhf-armhf-libvirt     12 migrate-support-check        fail   never pass
 test-armhf-armhf-libvirt-xsm 14 guest-saverestore            fail   never pass
 test-armhf-armhf-xl-xsm      12 migrate-support-check        fail   never pass
 test-armhf-armhf-xl-xsm      13 saverestore-support-check    fail   never pass
 test-armhf-armhf-libvirt     14 guest-saverestore            fail   never pass
 test-armhf-armhf-xl-credit2  12 migrate-support-check        fail   never pass
 test-armhf-armhf-xl-credit2  13 saverestore-support-check    fail   never pass
 test-amd64-amd64-libvirt-xsm 12 migrate-support-check        fail   never pass
 test-amd64-i386-libvirt-xsm  12 migrate-support-check        fail   never pass
 test-amd64-amd64-libvirt-qemuu-debianhvm-amd64-xsm 10 migrate-support-check 
fail never pass
 test-amd64-i386-libvirt-qemuu-debianhvm-amd64-xsm 10 migrate-support-check 
fail never pass
 test-armhf-armhf-xl-rtds     12 migrate-support-check        fail   never pass
 test-armhf-armhf-xl-rtds     13 saverestore-support-check    fail   never pass
 test-amd64-amd64-xl-pvh-amd  11 guest-start                  fail   never pass
 test-armhf-armhf-libvirt-qcow2 11 migrate-support-check        fail never pass
 test-armhf-armhf-libvirt-qcow2 13 guest-saverestore            fail never pass
 test-armhf-armhf-libvirt-raw 11 migrate-support-check        fail   never pass
 test-armhf-armhf-libvirt-raw 13 guest-saverestore            fail   never pass
 test-armhf-armhf-xl-vhd      11 migrate-support-check        fail   never pass
 test-armhf-armhf-xl-vhd      12 saverestore-support-check    fail   never pass
 test-amd64-amd64-qemuu-nested-amd 16 debian-hvm-install/l1/l2  fail never pass
 test-amd64-amd64-libvirt-vhd 11 migrate-support-check        fail   never pass

version targeted for testing:
 qemuu                5cd2e1739763915e6b4c247eef71f948dc808bd5
baseline version:
 qemuu                4220231eb22235e757d269722b9f6a594fbcb70f

Last test of basis    68102  2016-11-26 01:47:35 Z   42 days
Testing same since    68336  2017-01-07 07:17:46 Z    0 days    1 attempts

------------------------------------------------------------
People who touched revisions under test:
  Adrian Bunk <b...@stusta.de>
  Akanksha Srivastava <akanksha....@gmail.com>
  Alberto Garcia <be...@igalia.com>
  Aleksandar Markovic <aleksandar.marko...@imgtec.com>
  Aleksandar Rikalo <aleksandar.rik...@imgtec.com>
  Alex Bennée <alex.ben...@linaro.org>
  Alex Bennée <alex.ben...@linaro.org>
  Alex Williamson <alex.william...@redhat.com>
  Alexey Kardashevskiy <a...@ozlabs.ru>
  Alistair Francis <alistair.fran...@xilinx.com>
  Alistair Francis <alistai...@gmail.com>
  Alistair Francis <alist...@alistair23.me>
  Amit Shah <a...@amitshah.net>
  Anand J <anand.induk...@gmail.com>
  Andreas Färber <afaer...@suse.de>
  Andrew Dutcher <and...@andrewdutcher.com>
  Andrew Jones <drjo...@redhat.com>
  Andrey Smirnov <andrew.smir...@gmail.com>
  Andrey Yurovsky <yurov...@gmail.com>
  André Draszik <g...@andred.net>
  Aneesh Kumar K.V <aneesh.ku...@linux.vnet.ibm.com>
  Ankit Kumar <an...@linux.vnet.ibm.com>
  ann.zhuangyany...@huawei.com
  Anthony PERARD <anthony.per...@citrix.com>
  Artyom Tarasenko <atar4q...@gmail.com>
  Ashijeet Acharya <ashijeetacha...@gmail.com>
  Aurelien Jarno <aurel...@aurel32.net>
  Avinesh Kumar <avine...@linux.vnet.ibm.com>
  Balbir singh <bsinghar...@gmail.com>
  Benjamin Herrenschmidt <b...@kernel.crashing.org>
  Bharata B Rao <bhar...@linux.vnet.ibm.com>
  Bobby Bingham <koor...@koorogi.info>
  Brad Smith <b...@comstyle.com>
  Brian Candler <b.cand...@pobox.com>
  Brian Rak <b...@gameservers.com>
  Bruce Rogers <brog...@suse.com>
  Cao jin <caoj.f...@cn.fujitsu.com>
  Changlimin <changli...@h3c.com>
  Changlong Xie <xiecl.f...@cn.fujitsu.com>
  Chen Fan <fan.c...@easystack.cn>
  Christian Borntraeger <borntrae...@de.ibm.com>
  Christophe Fergeau <cferg...@redhat.com>
  Christopher Covington <c...@codeaurora.org>
  Claudio Imbrenda <imbre...@linux.vnet.ibm.com>
  Colin Lord <cdlo...@illinois.edu>
  Colin Lord <cl...@redhat.com>
  Corey Minyard <cminy...@mvista.com>
  Cornelia Huck <cornelia.h...@de.ibm.com>
  Cornelia Huck <cornelia.h...@de.ibm.com> [ccw]
  Cédric Le Goater <c...@kaod.org>
  Dan Williams <dan.j.willi...@intel.com>
  Daniel Oram <daniel.o...@gmail.com>
  Daniel P. Berrange <berra...@redhat.com>
  Daniel Shahaf <danie...@apache.org>
  David Anderson <d...@natulte.net>
  David Gibson <da...@gibson.dropbear.id.au>
  David Gibson <da...@gibson.dropbear.id.au> (ppc parts)
  David Hildenbrand <d...@linux.vnet.ibm.com>
  David Kiarie <davidkiar...@gmail.com>
  Dejan Jovicevic <dejan.jovice...@rt-rk.com>
  Denis Plotnikov <dplotni...@virtuozzo.com>
  Denis V. Lunev <d...@openvz.org>
  Dmitry Fleytman <dmi...@daynix.com>
  Dmitry Osipenko <dig...@gmail.com>
  Dong Jia Shi <bjsdj...@linux.vnet.ibm.com>
  Doug Evans <d...@google.com>
  Dr. David Alan Gilbert <dgilb...@redhat.com>
  Ed Maste <ema...@freebsd.org>
  Edgar E. Iglesias <edgar.igles...@xilinx.com>
  Eduardo Habkost <ehabk...@redhat.com>
  Eduardo Otubo <eduardo.ot...@profitbricks.com>
  Emil Condrea <emilcond...@gmail.com>
  Emilio G. Cota <c...@braap.org>
  Eric Auger <eric.au...@redhat.com>
  Eric Blake <ebl...@redhat.com>
  Evgeny Yakovlev <eyakov...@virtuozzo.com>
  Fam Zheng <f...@redhat.com>
  Farhan Ali <al...@linux.vnet.ibm.com>
  Felipe Franciosi <fel...@nutanix.com>
  Felix Janda <felix.ja...@posteo.de>
  Feng Wu <feng...@intel.com>
  Francis Deslauriers <francis.deslauri...@efficios.com>
  Fuxin Zhang <zhan...@lemote.com>
  Gautham R. Shenoy <e...@linux.vnet.ibm.com>
  Gerd Hoffmann <kra...@redhat.com>
  Gonglei <arei.gong...@huawei.com>
  Greg Kurz <gk...@linux.vnet.ibm.com>
  Greg Kurz <gr...@kaod.org>
  Greg Ungerer <g...@uclinux.org>
  Guan Xuetao <g...@mprc.pku.edu.cn>
  Guenter Roeck <li...@roeck-us.net>
  Halil Pasic <pa...@linux.vnet.ibm.com>
  Hans de Goede <hdego...@redhat.com>
  Hans Petter Selasky <h...@selasky.org>
  Hans-Peter Nilsson <h...@axis.com>
  Haozhong Zhang <haozhong.zh...@intel.com>
  He Rongguang <herongguang...@huawei.com>
  Heiher <wa...@lemote.com>
  Herongguang (Stephen) <herongguang...@huawei.com>
  Hervé Poussineau <hpous...@reactos.org>
  Hervé Poussineau <hpous...@reactos.org>
  Ian Jackson <ian.jack...@eu.citrix.com>
  Ido Yariv <i...@wizery.com>
  Igor Mammedov <imamm...@redhat.com>
  Isaac Lozano <109loza...@gmail.com>
  Jakub Jermar <ja...@jermar.eu>
  Jan Beulich <jbeul...@suse.com>
  Jason Wang <jasow...@redhat.com>
  Jean-Christophe Dubois <j...@tribudubois.net>
  Jeff Cody <jc...@redhat.com>
  John Arbuckle <programmingk...@gmail.com>
  John Paul Adrian Glaubitz <glaub...@physik.fu-berlin.de>
  John Snow <js...@redhat.com>
  Jonathan Neuschäfer <j.neuschae...@gmx.net>
  Jose Ricardo Ziviani <jos...@linux.vnet.ibm.com>
  Joseph Myers <jos...@codesourcery.com>
  Juan Quintela <quint...@redhat.com>
  Juergen Gross <jgr...@suse.com>
  Julian Brown <jul...@codesourcery.com>
  Junlian Bell <zhong...@sangfor.com.cn>
  Kevin Wolf <kw...@redhat.com>
  Kevin Wolf <m...@kevin-wolf.de>
  KONRAD Frederic <fred.kon...@greensocs.com>
  Ladi Prosek <lpro...@redhat.com>
  Laszlo Ersek <ler...@redhat.com>
  Laurent Vivier <laur...@vivier.eu>
  Laurent Vivier <lviv...@redhat.com>
  Leon Alrae <leon.al...@imgtec.com>
  Li Qiang <liq...@gmail.com>
  Li Qiang <liqiang...@360.cn>
  Li Zhijian <lizhij...@cn.fujitsu.com>
  Liang Li <liang.z...@intel.com>
  Lin Ma <l...@suse.com>
  Lluís Vilanova <vilan...@ac.upc.edu>
  Longpeng(Mike) <longpe...@huawei.com>
  Luiz Capitulino <lcapitul...@redhat.com>
  Luwei Kang <luwei.k...@intel.com>
  Marc Hartmayer <mhart...@linux.vnet.ibm.com> (POSIX only)
  Marc Mari <mar...@redhat.com>
  Marc Marí <mar...@redhat.com>
  Marc-André Lureau <marcandre.lur...@redhat.com>
  Marc-André Lureau <marcandre.lur...@redhat.com>
  Marcel Apfelbaum <mar...@redhat.com>
  Marcin Krzeminski <marcin.krzemin...@nokia.com>
  Mark Cave-Ayland <mark.cave-ayl...@ilande.co.uk>
  Markus Armbruster <arm...@redhat.com>
  Max Reitz <mre...@redhat.com>
  Maxime Coquelin <maxime.coque...@redhat.com>
  Md Haris Iqbal <haris.p...@gmail.com>
  Michael Mueller <m...@linux.vnet.ibm.com>
  Michael Olbrich <m.olbr...@pengutronix.de>
  Michael Roth <mdr...@linux.vnet.ibm.com>
  Michael S. Tsirkin <m...@redhat.com>
  Michael Tokarev <m...@tls.msk.ru>
  Michael Walle <mich...@walle.cc>
  Michal Privoznik <mpriv...@redhat.com>
  Miodrag Dinic <miodrag.di...@imgtec.com>
  Miroslav Tisma <miroslav.ti...@imgtec.com>
  Nathan Rossi <nat...@nathanrossi.com>
  Nathan Whitehorn <nwhiteh...@freebsd.org>
  Nicholas Piggin <npig...@gmail.com>
  Nikunj A Dadhania <nik...@linux.vnet.ibm.com>
  Olaf Hering <o...@aepfle.de>
  P J P <ppan...@redhat.com>
  Paolo Bonzini <pbonz...@redhat.com>
  Paul Durrant <paul.durr...@citrix.com>
  Paulina Szubarczyk <paulinaszubarc...@gmail.com>
  Pavel Butsykin <pbutsy...@virtuozzo.com>
  Pavel Dovgalyuk <pavel.dovga...@ispras.ru>
  Pavel Fedin <p.fe...@samsung.com>
  Peter Korsgaard <pe...@korsgaard.com>
  Peter Lieven <p...@kamp.de>
  Peter Maydell <peter.mayd...@linaro.org>
  Peter Xu <pet...@redhat.com>
  Pierre Morel <pmo...@linux.vnet.ibm.com>
  Pino Toscano <ptosc...@redhat.com>
  Piotr Luc <piotr....@intel.com>
  Pranith Kumar <bobby.pr...@gmail.com>
  Prasad J Pandit <p...@fedoraproject.org>
  Prasanna Kumar Kalever <prasanna.kale...@redhat.com>
  Prem Mallappa <prem.malla...@broadcom.com>
  Programmingkid <programmingk...@gmail.com>
  Quan Xu <quan...@intel.com>
  Quan Xu <xuqu...@huawei.com>
  Rabin Vincent <rab...@axis.com>
  Radim Krčmář <rkrc...@redhat.com>
  Rafael David Tinoco <rafael.tin...@canonical.com>
  Rajalakshmi Srinivasaraghavan <r...@linux.vnet.ibm.com>
  Ravi Bangoria <ravi.bango...@linux.vnet.ibm.com>
  Reda Sallahi <fullma...@gmail.com>
  Richard Henderson <r...@twiddle.net>
  Richard Henderson <r...@twidle.net>
  Riku Voipio <riku.voi...@linaro.org>
  Roger Pau Monné <roger....@citrix.com>
  Roman Pen <roman.peny...@profitbricks.com>
  Rony Weng <ronyw...@synology.com>
  Roy Shterman <ro...@mellanox.com>
  Rutuja Shah <rutu.shah...@gmail.com>
  Samuel Thibault <samuel.thiba...@ens-lyon.org>
  Sander Eikelenboom <li...@eikelenboom.it>
  Sandipan Das <sandipandas1...@gmail.com>
  Sascha Silbe <si...@linux.vnet.ibm.com>
  Sergey Fedorov <serge.f...@gmail.com>
  Sergey Fedorov <sergey.fedo...@linaro.org>
  Sergey Sorokin <afaral...@yandex.ru>
  Shannon Zhao <shannon.z...@linaro.org>
  Shmulik Ladkani <shmulik.ladk...@gmail.com>
  Shmulik Ladkani <shmulik.ladk...@ravellosystems.com>
  Stanislav Shmarov <snar...@gmail.com>
  Stefan Hajnoczi <stefa...@redhat.com>
  Stefan Weil <s...@weilnetz.de>
  Stefano Dong (董兴水) <opensource....@aliyun.com>
  Stefano Stabellini <sstabell...@kernel.org>
  Swapnil Bokade <bokadeswap...@gmail.com>
  Thomas Hanson <thomas.han...@linaro.org>
  Thomas Huth <h...@tuxfamily.org>
  Thomas Huth <th...@redhat.com>
  Thorsten Kohfeldt <thorsten.kohfe...@gmx.de>
  Timothy E Baldwin <t.e.baldwi...@members.leeds.ac.uk>
  Timothy Edward Baldwin <t.e.baldwi...@members.leeds.ac.uk>
  Tomáš Golembiovský <tgole...@redhat.com>
  Vasant Hegde <hegdevas...@linux.vnet.ibm.com>
  Vijay Kumar B <vijayku...@zilogic.com>
  Vijay Kumar B. <vijayku...@zilogic.com>
  Vijaya Kumar K <vijaya.ku...@caviumnetworks.com>
  Vijaya Kumar K <vija...@cavium.com>
  Vivek Andrew Sha <vivekandrew...@gmail.com>
  Vladimir Sementsov-Ogievskiy <vsement...@virtuozzo.com>
  Vladimir Svoboda <ze.v...@gmail.com>
  Wang WeiWei <wangww.f...@cn.fujitsu.com>
  Wanpeng Li <wanpeng...@hotmail.com>
  Wei Huang <w...@redhat.com>
  Wei Jiangang <weijg.f...@cn.fujitsu.com>
  Wei Liu <wei.l...@citrix.com>
  Wei Wang <wei.w.w...@intel.com>
  Wei Yang <richard.weiy...@gmail.com>
  Wen Congyang <we...@cn.fujitsu.com>
  Xiao Guangrong <guangrong.x...@linux.intel.com>
  Xiao Long Jiang <zxi...@linux.vnet.ibm.com>
  xiaoqiang zhao <zxq_yx_...@163.com>
  Xiubo Li <lixi...@cmss.chinamobile.com>
  Xu Tian <xut...@redhat.com>
  Yaowei Bai <baiyao...@cmss.chinamobile.com>
  Yi Min Zhao <zyi...@linux.vnet.ibm.com>
  Yongbok Kim <yongbok....@imgtec.com>
  Yongji Xie <xyj...@linux.vnet.ibm.com>
  Yuri Benditovich <yuri.benditov...@daynix.com>
  Zhang Chen <zhangchen.f...@cn.fujitsu.com>
  zhanghailiang <zhang.zhanghaili...@huawei.com>
  Zhuang Yanying <ann.zhuangyany...@huawei.com>
  ZhuangYanying <ann.zhuangyany...@huawei.com>

jobs:
 build-amd64-xsm                                              pass    
 build-armhf-xsm                                              pass    
 build-i386-xsm                                               pass    
 build-amd64                                                  pass    
 build-armhf                                                  pass    
 build-i386                                                   pass    
 build-amd64-libvirt                                          pass    
 build-armhf-libvirt                                          pass    
 build-i386-libvirt                                           pass    
 build-amd64-pvops                                            pass    
 build-armhf-pvops                                            pass    
 build-i386-pvops                                             pass    
 test-amd64-amd64-xl                                          fail    
 test-armhf-armhf-xl                                          pass    
 test-amd64-i386-xl                                           pass    
 test-amd64-amd64-libvirt-qemuu-debianhvm-amd64-xsm           pass    
 test-amd64-i386-libvirt-qemuu-debianhvm-amd64-xsm            pass    
 test-amd64-amd64-xl-qemuu-debianhvm-amd64-xsm                pass    
 test-amd64-i386-xl-qemuu-debianhvm-amd64-xsm                 pass    
 test-amd64-amd64-libvirt-xsm                                 pass    
 test-armhf-armhf-libvirt-xsm                                 fail    
 test-amd64-i386-libvirt-xsm                                  pass    
 test-amd64-amd64-xl-xsm                                      pass    
 test-armhf-armhf-xl-xsm                                      pass    
 test-amd64-i386-xl-xsm                                       pass    
 test-amd64-amd64-qemuu-nested-amd                            fail    
 test-amd64-amd64-xl-pvh-amd                                  fail    
 test-amd64-i386-qemuu-rhel6hvm-amd                           pass    
 test-amd64-amd64-xl-qemuu-debianhvm-amd64                    pass    
 test-amd64-i386-xl-qemuu-debianhvm-amd64                     pass    
 test-amd64-i386-freebsd10-amd64                              pass    
 test-amd64-amd64-xl-qemuu-ovmf-amd64                         pass    
 test-amd64-i386-xl-qemuu-ovmf-amd64                          pass    
 test-amd64-amd64-xl-qemuu-win7-amd64                         fail    
 test-amd64-i386-xl-qemuu-win7-amd64                          fail    
 test-amd64-amd64-xl-credit2                                  pass    
 test-armhf-armhf-xl-credit2                                  pass    
 test-amd64-i386-freebsd10-i386                               pass    
 test-amd64-amd64-qemuu-nested-intel                          fail    
 test-amd64-amd64-xl-pvh-intel                                fail    
 test-amd64-i386-qemuu-rhel6hvm-intel                         pass    
 test-amd64-amd64-libvirt                                     pass    
 test-armhf-armhf-libvirt                                     fail    
 test-amd64-i386-libvirt                                      pass    
 test-armhf-armhf-xl-midway                                   pass    
 test-amd64-amd64-xl-multivcpu                                pass    
 test-armhf-armhf-xl-multivcpu                                pass    
 test-amd64-amd64-pair                                        pass    
 test-amd64-i386-pair                                         broken  
 test-amd64-amd64-libvirt-pair                                pass    
 test-amd64-i386-libvirt-pair                                 pass    
 test-amd64-amd64-amd64-pvgrub                                pass    
 test-amd64-amd64-i386-pvgrub                                 pass    
 test-amd64-amd64-pygrub                                      pass    
 test-armhf-armhf-libvirt-qcow2                               fail    
 test-amd64-amd64-xl-qcow2                                    pass    
 test-armhf-armhf-libvirt-raw                                 fail    
 test-amd64-i386-xl-raw                                       pass    
 test-amd64-amd64-xl-rtds                                     pass    
 test-armhf-armhf-xl-rtds                                     pass    
 test-amd64-i386-xl-qemuu-winxpsp3-vcpus1                     pass    
 test-amd64-amd64-libvirt-vhd                                 pass    
 test-armhf-armhf-xl-vhd                                      pass    
 test-amd64-amd64-xl-qemuu-winxpsp3                           pass    
 test-amd64-i386-xl-qemuu-winxpsp3                            pass    


------------------------------------------------------------
sg-report-flight on osstest.xs.citrite.net
logs: /home/osstest/logs
images: /home/osstest/images

Logs, config files, etc. are available at
    http://osstest.xs.citrite.net/~osstest/testlogs/logs

Test harness code can be found at
    http://xenbits.xensource.com/gitweb?p=osstest.git;a=summary

broken-step test-amd64-i386-pair host-install/dst_host(4)

Push not applicable.

(No revision log; it would be 40011 lines long.)

_______________________________________________
Xen-devel mailing list
Xen-devel@lists.xen.org
https://lists.xen.org/xen-devel

Reply via email to