flight 103995 linux-4.1 real [real]
http://logs.test-lab.xenproject.org/osstest/logs/103995/

Failures :-/ but no regressions.

Tests which are failing intermittently (not blocking):
 test-armhf-armhf-libvirt     11 guest-start      fail in 103991 pass in 103995
 test-armhf-armhf-libvirt-xsm 11 guest-start                fail pass in 103991
 test-armhf-armhf-xl-arndale  10 debian-fixup               fail pass in 103991

Regressions which are regarded as allowable (not blocking):
 test-armhf-armhf-xl-xsm 15 guest-start/debian.repeat fail in 103991 like 101715
 test-armhf-armhf-libvirt-xsm 13 saverestore-support-check fail in 103991 like 
101737
 test-armhf-armhf-libvirt-xsm 15 guest-start/debian.repeat fail in 103991 like 
101737
 test-armhf-armhf-xl-rtds     11 guest-start         fail in 103991 like 101737
 test-armhf-armhf-libvirt     15 guest-start/debian.repeat    fail  like 101672
 test-armhf-armhf-xl-credit2  15 guest-start/debian.repeat    fail  like 101687
 test-armhf-armhf-xl-cubietruck 15 guest-start/debian.repeat   fail like 101715
 test-armhf-armhf-xl-rtds     15 guest-start/debian.repeat    fail  like 101715
 test-armhf-armhf-libvirt     13 saverestore-support-check    fail  like 101737
 test-amd64-i386-xl-qemut-win7-amd64 16 guest-stop             fail like 101737
 test-armhf-armhf-xl          15 guest-start/debian.repeat    fail  like 101737
 test-armhf-armhf-xl-xsm      11 guest-start                  fail  like 101737
 test-armhf-armhf-xl-multivcpu 15 guest-start/debian.repeat    fail like 101737
 test-amd64-amd64-xl-qemuu-win7-amd64 16 guest-stop            fail like 101737
 test-amd64-amd64-xl-qemut-win7-amd64 16 guest-stop            fail like 101737
 test-armhf-armhf-xl-vhd       9 debian-di-install            fail  like 101737
 test-armhf-armhf-libvirt-qcow2  9 debian-di-install           fail like 101737
 test-amd64-i386-xl-qemuu-win7-amd64 16 guest-stop             fail like 101737

Tests which did not succeed, but are not blocking:
 test-armhf-armhf-libvirt-xsm 12 migrate-support-check fail in 103991 never pass
 test-armhf-armhf-xl-xsm     12 migrate-support-check fail in 103991 never pass
 test-armhf-armhf-xl-xsm 13 saverestore-support-check fail in 103991 never pass
 test-armhf-armhf-xl-arndale 12 migrate-support-check fail in 103991 never pass
 test-armhf-armhf-xl-arndale 13 saverestore-support-check fail in 103991 never 
pass
 test-amd64-amd64-xl-pvh-intel 14 guest-saverestore            fail  never pass
 test-amd64-amd64-libvirt     12 migrate-support-check        fail   never pass
 test-amd64-amd64-libvirt-xsm 12 migrate-support-check        fail   never pass
 test-amd64-i386-libvirt-xsm  12 migrate-support-check        fail   never pass
 test-amd64-i386-libvirt      12 migrate-support-check        fail   never pass
 test-amd64-amd64-xl-pvh-amd  11 guest-start                  fail   never pass
 test-amd64-amd64-libvirt-qemuu-debianhvm-amd64-xsm 10 migrate-support-check 
fail never pass
 test-amd64-i386-libvirt-qemuu-debianhvm-amd64-xsm 10 migrate-support-check 
fail never pass
 test-amd64-amd64-libvirt-vhd 11 migrate-support-check        fail   never pass
 test-armhf-armhf-libvirt     12 migrate-support-check        fail   never pass
 test-amd64-amd64-qemuu-nested-amd 16 debian-hvm-install/l1/l2  fail never pass
 test-armhf-armhf-xl          12 migrate-support-check        fail   never pass
 test-armhf-armhf-xl-cubietruck 12 migrate-support-check        fail never pass
 test-armhf-armhf-xl-cubietruck 13 saverestore-support-check    fail never pass
 test-armhf-armhf-xl          13 saverestore-support-check    fail   never pass
 test-armhf-armhf-xl-credit2  12 migrate-support-check        fail   never pass
 test-armhf-armhf-xl-credit2  13 saverestore-support-check    fail   never pass
 test-armhf-armhf-xl-multivcpu 12 migrate-support-check        fail  never pass
 test-armhf-armhf-xl-multivcpu 13 saverestore-support-check    fail  never pass
 test-armhf-armhf-xl-rtds     12 migrate-support-check        fail   never pass
 test-armhf-armhf-xl-rtds     13 saverestore-support-check    fail   never pass
 test-armhf-armhf-libvirt-raw  9 debian-di-install            fail   never pass

version targeted for testing:
 linux                35327468a79dd9e343eaf7e66cc372f8277b2a84
baseline version:
 linux                9ca365c0c8bdd8552ec064f0e696600cf7ea66dd

Last test of basis   101737  2016-10-28 04:21:54 Z   62 days
Failing since        102733  2016-11-30 09:50:09 Z   29 days   32 attempts
Testing same since   103978  2016-12-27 22:45:26 Z    1 days    4 attempts

------------------------------------------------------------
People who touched revisions under test:
  "Eric W. Biederman" <ebied...@xmission.com>
  Adrian Hunter <adrian.hun...@intel.com>
  Alan Stern <st...@rowland.harvard.edu>
  Alex Deucher <alexander.deuc...@amd.com>
  Alexander Polakov <apolya...@beget.ru>
  Alexander Usyskin <alexander.usys...@intel.com>
  Andreas Dilger <andreas.dil...@intel.com>
  Andreas Gruenbacher <agrue...@redhat.com>
  Andreas Gruenbacher <andreas.gruenbac...@gmail.com>
  Andrew Morton <a...@linux-foundation.org>
  Andy Lutomirski <l...@kernel.org>
  Arve Hjønnevåg <a...@android.com>
  Boris Brezillon <boris.brezil...@free-electrons.com>
  Brian Norris <computersforpe...@gmail.com>
  Bryan Paluch <bryanpal...@gmail.com>
  CAI Qian <caiq...@redhat.com>
  Carlos Santa <carlos.sa...@intel.com>
  Carlos Santa <carlos.sa...@intel.com> (v1)
  Ching Huang <ching2...@areca.com.tw>
  Chris Mason <c...@fb.com>
  Dan Carpenter <dan.carpen...@oracle.com>
  Daniel Vetter <daniel.vet...@ffwll.ch>
  Darrick J. Wong <darrick.w...@oracle.com>
  Dave Airlie <airl...@redhat.com>
  Dave Chinner <da...@fromorbit.com>
  Dave Chinner <dchin...@redhat.com>
  David Howells <dhowe...@redhat.com>
  David S. Miller <da...@davemloft.net>
  Dinesh Israni <d...@datera.io>
  Dmitry Torokhov <dmitry.torok...@gmail.com>
  Dmitry Vyukov <dvyu...@google.com>
  Eric Dumazet <eduma...@google.com>
  Eric W. Biederman <ebied...@xmission.com>
  Ewan D. Milne <emi...@redhat.com>
  Felipe Balbi <felipe.ba...@linux.intel.com>
  Frank Haverkamp <ha...@linux.vnet.ibm.com>
  Frederic Barrat <fbar...@linux.vnet.ibm.com>
  Gerald Schaefer <gerald.schae...@de.ibm.com>
  Greg Kroah-Hartman <gre...@linuxfoundation.org>
  Haibo Chen <haibo.c...@nxp.com>
  Hannes Frederic Sowa <han...@stressinduktion.org>
  Helge Deller <del...@gmx.de>
  Hugh Dickins <hu...@google.com>
  Ian Munsie <imun...@au1.ibm.com>
  Ilya Dryomov <idryo...@gmail.com>
  Ingo Molnar <mi...@kernel.org>
  J. Bruce Fields <bfie...@redhat.com>
  Jaganath Kanakkassery <jaganat...@samsung.com>
  James Hogan <james.ho...@imgtec.com>
  James Morris <james.l.mor...@oracle.com>
  Jan Kara <j...@suse.cz>
  Jann Horn <j...@thejh.net>
  Jens Axboe <ax...@fb.com>
  Jiri Slaby <jsl...@suse.cz>
  Johan Hovold <jo...@kernel.org>
  Johannes Berg <johannes.b...@intel.com>
  John David Anglin <dave.ang...@bell.net>
  Joonwoo Park <joonw...@codeaurora.org>
  K. Y. Srinivasan <k...@microsoft.com>
  Karl Beldan <kbel...@baylibre.com>
  Kashyap Desai <kashyap.de...@broadcom.com>
  Kees Cook <keesc...@chromium.org>
  Kirill A. Shutemov <kir...@shutemov.name>
  Kirill A. Shutemov <kir...@shutemov.name> (v1)
  Li Zefan <lize...@huawei.com>
  Linus Torvalds <torva...@linux-foundation.org>
  Long Li <lon...@microsoft.com>
  Lucas Stach <d...@lynxeye.de>
  Marc Kleine-Budde <m...@pengutronix.de>
  Marc Zyngier <marc.zyng...@arm.com>
  Marcel Hasler <mahas...@gmail.com>
  Marcel Holtmann <mar...@holtmann.org>
  Mark Rutland <mark.rutl...@arm.com>
  Martijn Coenen <m...@android.com>
  Martin K. Petersen <martin.peter...@oracle.com>
  Mathias Nyman <mathias.ny...@linux.intel.com>
  Matt Redfearn <matt.redfe...@imgtec.com>
  Michael Ellerman <m...@ellerman.id.au>
  Michael S. Tsirkin <m...@redhat.com>
  Michal Hocko <mho...@suse.com>
  Michal Kubecek <mkube...@suse.cz>
  Michal Kubeček <mkube...@suse.cz>
  Michal Marek <mma...@suse.com>
  Michel Dänzer <michel.daen...@amd.com>
  Mike Snitzer <snit...@redhat.com>
  Miklos Szeredi <mszer...@redhat.com>
  Ming Lei <tom.leim...@gmail.com>
  Neal Cardwell <ncardw...@google.com>
  NeilBrown <ne...@suse.com>
  Nicholas Bellinger <n...@linux-iscsi.org>
  Nikolay Borisov <ker...@kyup.com>
  Nixon Vincent <nixon.vinc...@calsoftinc.com>
  Ondrej Kozina <okoz...@redhat.com>
  Paolo Bonzini <pbonz...@redhat.com>
  Patrick Scheuring <patrick.scheuring....@gmail.com>
  Pawel Moll <pawel.m...@arm.com>
  Peter Rosin <p...@axentia.se>
  Philip Pettersson <philip.petters...@gmail.com>
  Philipp Hahn <h...@univention.de>
  Radim Krčmář <rkrc...@redhat.com>
  Ralph Sennhauser <ralph.sennhau...@gmail.com>
  Richard Weinberger <rich...@nod.at>
  Ritesh Raj Sarraf <r...@researchut.com>
  Rob Clark <robdcl...@gmail.com>
  Roger Quadros <rog...@ti.com>
  Russell King <rmk+ker...@arm.linux.org.uk>
  Sabrina Dubroca <s...@queasysnail.net>
  Sasha Levin <alexander.le...@verizon.com>
  Scot Doyle <lkm...@scotdoyle.com>
  Sebastian Andrzej Siewior <bige...@linutronix.de>
  Segher Boessenkool <seg...@kernel.crashing.org>
  Sergei Miroshnichenko <sergei...@emcraft.com>
  Shaohua Li <s...@fb.com>
  Sonny Jiang <sonny.ji...@amd.com>
  Stefan Richter <stef...@s5r6.in-berlin.de>
  Stefan Tauner <stefan.tau...@technikum-wien.at>
  Sudeep Holla <sudeep.ho...@arm.com>
  Sumit Saxena <sumit.sax...@broadcom.com>
  Taesoo Kim <tsgat...@gmail.com>
  Takashi Iwai <ti...@suse.de>
  tang.junhui <tang.jun...@zte.com.cn>
  Tejun Heo <t...@kernel.org>
  Theodore Ts'o <ty...@mit.edu>
  Thomas Gleixner <t...@linutronix.de>
  Tom St Denis <tom.stde...@amd.com>
  Tomas Winkler <tomas.wink...@intel.com>
  Tony Luck <tony.l...@intel.com>
  Ulf Hansson <ulf.hans...@linaro.org>
  Vaibhav Tandon <v...@datera.io>
  Ville Syrjälä <ville.syrj...@linux.intel.com>
  Vladimir Davydov <vdavydov....@gmail.com>
  Vladimir Murzin <vladimir.mur...@arm.com>
  Will Deacon <will.dea...@arm.com>
  Ying Xue <ying....@windriver.com>
  zhong jiang <zhongji...@huawei.com>

jobs:
 build-amd64-xsm                                              pass    
 build-armhf-xsm                                              pass    
 build-i386-xsm                                               pass    
 build-amd64                                                  pass    
 build-armhf                                                  pass    
 build-i386                                                   pass    
 build-amd64-libvirt                                          pass    
 build-armhf-libvirt                                          pass    
 build-i386-libvirt                                           pass    
 build-amd64-pvops                                            pass    
 build-armhf-pvops                                            pass    
 build-i386-pvops                                             pass    
 build-amd64-rumprun                                          pass    
 build-i386-rumprun                                           pass    
 test-amd64-amd64-xl                                          pass    
 test-armhf-armhf-xl                                          fail    
 test-amd64-i386-xl                                           pass    
 test-amd64-amd64-xl-qemut-debianhvm-amd64-xsm                pass    
 test-amd64-i386-xl-qemut-debianhvm-amd64-xsm                 pass    
 test-amd64-amd64-libvirt-qemuu-debianhvm-amd64-xsm           pass    
 test-amd64-i386-libvirt-qemuu-debianhvm-amd64-xsm            pass    
 test-amd64-amd64-xl-qemuu-debianhvm-amd64-xsm                pass    
 test-amd64-i386-xl-qemuu-debianhvm-amd64-xsm                 pass    
 test-amd64-amd64-xl-qemut-stubdom-debianhvm-amd64-xsm        pass    
 test-amd64-i386-xl-qemut-stubdom-debianhvm-amd64-xsm         pass    
 test-amd64-amd64-libvirt-xsm                                 pass    
 test-armhf-armhf-libvirt-xsm                                 fail    
 test-amd64-i386-libvirt-xsm                                  pass    
 test-amd64-amd64-xl-xsm                                      pass    
 test-armhf-armhf-xl-xsm                                      fail    
 test-amd64-i386-xl-xsm                                       pass    
 test-amd64-amd64-qemuu-nested-amd                            fail    
 test-amd64-amd64-xl-pvh-amd                                  fail    
 test-amd64-i386-qemut-rhel6hvm-amd                           pass    
 test-amd64-i386-qemuu-rhel6hvm-amd                           pass    
 test-amd64-amd64-xl-qemut-debianhvm-amd64                    pass    
 test-amd64-i386-xl-qemut-debianhvm-amd64                     pass    
 test-amd64-amd64-xl-qemuu-debianhvm-amd64                    pass    
 test-amd64-i386-xl-qemuu-debianhvm-amd64                     pass    
 test-amd64-i386-freebsd10-amd64                              pass    
 test-amd64-amd64-xl-qemuu-ovmf-amd64                         pass    
 test-amd64-i386-xl-qemuu-ovmf-amd64                          pass    
 test-amd64-amd64-rumprun-amd64                               pass    
 test-amd64-amd64-xl-qemut-win7-amd64                         fail    
 test-amd64-i386-xl-qemut-win7-amd64                          fail    
 test-amd64-amd64-xl-qemuu-win7-amd64                         fail    
 test-amd64-i386-xl-qemuu-win7-amd64                          fail    
 test-armhf-armhf-xl-arndale                                  fail    
 test-amd64-amd64-xl-credit2                                  pass    
 test-armhf-armhf-xl-credit2                                  fail    
 test-armhf-armhf-xl-cubietruck                               fail    
 test-amd64-i386-freebsd10-i386                               pass    
 test-amd64-i386-rumprun-i386                                 pass    
 test-amd64-amd64-qemuu-nested-intel                          pass    
 test-amd64-amd64-xl-pvh-intel                                fail    
 test-amd64-i386-qemut-rhel6hvm-intel                         pass    
 test-amd64-i386-qemuu-rhel6hvm-intel                         pass    
 test-amd64-amd64-libvirt                                     pass    
 test-armhf-armhf-libvirt                                     fail    
 test-amd64-i386-libvirt                                      pass    
 test-amd64-amd64-xl-multivcpu                                pass    
 test-armhf-armhf-xl-multivcpu                                fail    
 test-amd64-amd64-pair                                        pass    
 test-amd64-i386-pair                                         pass    
 test-amd64-amd64-libvirt-pair                                pass    
 test-amd64-i386-libvirt-pair                                 pass    
 test-amd64-amd64-amd64-pvgrub                                pass    
 test-amd64-amd64-i386-pvgrub                                 pass    
 test-amd64-amd64-pygrub                                      pass    
 test-armhf-armhf-libvirt-qcow2                               fail    
 test-amd64-amd64-xl-qcow2                                    pass    
 test-armhf-armhf-libvirt-raw                                 fail    
 test-amd64-i386-xl-raw                                       pass    
 test-amd64-amd64-xl-rtds                                     pass    
 test-armhf-armhf-xl-rtds                                     fail    
 test-amd64-i386-xl-qemut-winxpsp3-vcpus1                     pass    
 test-amd64-i386-xl-qemuu-winxpsp3-vcpus1                     pass    
 test-amd64-amd64-libvirt-vhd                                 pass    
 test-armhf-armhf-xl-vhd                                      fail    
 test-amd64-amd64-xl-qemut-winxpsp3                           pass    
 test-amd64-i386-xl-qemut-winxpsp3                            pass    
 test-amd64-amd64-xl-qemuu-winxpsp3                           pass    
 test-amd64-i386-xl-qemuu-winxpsp3                            pass    


------------------------------------------------------------
sg-report-flight on osstest.test-lab.xenproject.org
logs: /home/logs/logs
images: /home/logs/images

Logs, config files, etc. are available at
    http://logs.test-lab.xenproject.org/osstest/logs

Explanation of these reports, and of osstest in general, is at
    http://xenbits.xen.org/gitweb/?p=osstest.git;a=blob;f=README.email;hb=master
    http://xenbits.xen.org/gitweb/?p=osstest.git;a=blob;f=README;hb=master

Test harness code can be found at
    http://xenbits.xen.org/gitweb?p=osstest.git;a=summary


Pushing revision :

+ branch=linux-4.1
+ revision=35327468a79dd9e343eaf7e66cc372f8277b2a84
+ . ./cri-lock-repos
++ . ./cri-common
+++ . ./cri-getconfig
+++ umask 002
+++ getrepos
++++ getconfig Repos
++++ perl -e '
                use Osstest;
                readglobalconfig();
                print $c{"Repos"} or die $!;
        '
+++ local repos=/home/osstest/repos
+++ '[' -z /home/osstest/repos ']'
+++ '[' '!' -d /home/osstest/repos ']'
+++ echo /home/osstest/repos
++ repos=/home/osstest/repos
++ repos_lock=/home/osstest/repos/lock
++ '[' x '!=' x/home/osstest/repos/lock ']'
++ OSSTEST_REPOS_LOCK_LOCKED=/home/osstest/repos/lock
++ exec with-lock-ex -w /home/osstest/repos/lock ./ap-push linux-4.1 
35327468a79dd9e343eaf7e66cc372f8277b2a84
+ branch=linux-4.1
+ revision=35327468a79dd9e343eaf7e66cc372f8277b2a84
+ . ./cri-lock-repos
++ . ./cri-common
+++ . ./cri-getconfig
+++ umask 002
+++ getrepos
++++ getconfig Repos
++++ perl -e '
                use Osstest;
                readglobalconfig();
                print $c{"Repos"} or die $!;
        '
+++ local repos=/home/osstest/repos
+++ '[' -z /home/osstest/repos ']'
+++ '[' '!' -d /home/osstest/repos ']'
+++ echo /home/osstest/repos
++ repos=/home/osstest/repos
++ repos_lock=/home/osstest/repos/lock
++ '[' x/home/osstest/repos/lock '!=' x/home/osstest/repos/lock ']'
+ . ./cri-common
++ . ./cri-getconfig
++ umask 002
+ select_xenbranch
+ case "$branch" in
+ tree=linux
+ xenbranch=xen-unstable
+ '[' xlinux = xlinux ']'
+ linuxbranch=linux-4.1
+ '[' x = x ']'
+ qemuubranch=qemu-upstream-unstable
+ select_prevxenbranch
++ ./cri-getprevxenbranch xen-unstable
+ prevxenbranch=xen-4.8-testing
+ '[' x35327468a79dd9e343eaf7e66cc372f8277b2a84 = x ']'
+ : tested/2.6.39.x
+ . ./ap-common
++ : osst...@xenbits.xen.org
+++ getconfig OsstestUpstream
+++ perl -e '
                use Osstest;
                readglobalconfig();
                print $c{"OsstestUpstream"} or die $!;
        '
++ :
++ : git://xenbits.xen.org/xen.git
++ : osst...@xenbits.xen.org:/home/xen/git/xen.git
++ : git://xenbits.xen.org/qemu-xen-traditional.git
++ : git://git.kernel.org
++ : git://git.kernel.org/pub/scm/linux/kernel/git
++ : git
++ : git://xenbits.xen.org/xtf.git
++ : osst...@xenbits.xen.org:/home/xen/git/xtf.git
++ : git://xenbits.xen.org/xtf.git
++ : git://xenbits.xen.org/libvirt.git
++ : osst...@xenbits.xen.org:/home/xen/git/libvirt.git
++ : git://xenbits.xen.org/libvirt.git
++ : git://xenbits.xen.org/osstest/rumprun.git
++ : git
++ : git://xenbits.xen.org/osstest/rumprun.git
++ : osst...@xenbits.xen.org:/home/xen/git/osstest/rumprun.git
++ : git://git.seabios.org/seabios.git
++ : osst...@xenbits.xen.org:/home/xen/git/osstest/seabios.git
++ : git://xenbits.xen.org/osstest/seabios.git
++ : https://github.com/tianocore/edk2.git
++ : osst...@xenbits.xen.org:/home/xen/git/osstest/ovmf.git
++ : git://xenbits.xen.org/osstest/ovmf.git
++ : git://xenbits.xen.org/osstest/linux-firmware.git
++ : osst...@xenbits.xen.org:/home/osstest/ext/linux-firmware.git
++ : git://git.kernel.org/pub/scm/linux/kernel/git/firmware/linux-firmware.git
++ : osst...@xenbits.xen.org:/home/xen/git/linux-pvops.git
++ : git://xenbits.xen.org/linux-pvops.git
++ : tested/linux-3.14
++ : tested/linux-arm-xen
++ '[' xgit://git.kernel.org/pub/scm/linux/kernel/git/stable/linux-stable.git = 
x ']'
++ '[' xgit://git.kernel.org/pub/scm/linux/kernel/git/stable/linux-stable.git = 
x ']'
++ : git://git.kernel.org/pub/scm/linux/kernel/git/konrad/xen.git
++ : tested/2.6.39.x
++ : daily-cron.linux-4.1
++ : daily-cron.linux-4.1
++ : daily-cron.linux-4.1
++ : daily-cron.linux-4.1
++ : daily-cron.linux-4.1
++ : daily-cron.linux-4.1
++ : daily-cron.linux-4.1
++ : http://hg.uk.xensource.com/carbon/trunk/linux-2.6.27
++ : git://xenbits.xen.org/qemu-xen.git
++ : osst...@xenbits.xen.org:/home/xen/git/qemu-xen.git
++ : daily-cron.linux-4.1
++ : git://xenbits.xen.org/qemu-xen.git
++ : git://git.qemu.org/qemu.git
+ TREE_LINUX=osst...@xenbits.xen.org:/home/xen/git/linux-pvops.git
+ TREE_QEMU_UPSTREAM=osst...@xenbits.xen.org:/home/xen/git/qemu-xen.git
+ TREE_XEN=osst...@xenbits.xen.org:/home/xen/git/xen.git
+ TREE_LIBVIRT=osst...@xenbits.xen.org:/home/xen/git/libvirt.git
+ TREE_RUMPRUN=osst...@xenbits.xen.org:/home/xen/git/osstest/rumprun.git
+ TREE_SEABIOS=osst...@xenbits.xen.org:/home/xen/git/osstest/seabios.git
+ TREE_OVMF=osst...@xenbits.xen.org:/home/xen/git/osstest/ovmf.git
+ TREE_XTF=osst...@xenbits.xen.org:/home/xen/git/xtf.git
+ info_linux_tree linux-4.1
+ case $1 in
+ : git://git.kernel.org/pub/scm/linux/kernel/git/stable/linux-stable.git
+ : linux-4.1.y
+ : linux-4.1.y
+ : git
+ : git
+ : git://xenbits.xen.org/linux-pvops.git
+ : osst...@xenbits.xen.org:/home/xen/git/linux-pvops.git
+ : tested/linux-4.1
+ : refs/heads/tested/linux-4.1
+ return 0
+ cd /home/osstest/repos/linux
+ git push osst...@xenbits.xen.org:/home/xen/git/linux-pvops.git 
35327468a79dd9e343eaf7e66cc372f8277b2a84:refs/heads/tested/linux-4.1
To osst...@xenbits.xen.org:/home/xen/git/linux-pvops.git
   9ca365c..3532746  35327468a79dd9e343eaf7e66cc372f8277b2a84 -> 
tested/linux-4.1
+ exit 0

_______________________________________________
Xen-devel mailing list
Xen-devel@lists.xen.org
https://lists.xen.org/xen-devel

Reply via email to