flight 103897 linux-3.18 real [real] http://logs.test-lab.xenproject.org/osstest/logs/103897/
Regressions :-( Tests which did not succeed and are blocking, including tests which could not be run: test-amd64-amd64-xl-qemut-debianhvm-amd64 6 xen-boot fail REGR. vs. 101675 test-amd64-amd64-xl-qemuu-ovmf-amd64 6 xen-boot fail REGR. vs. 101675 test-amd64-amd64-qemuu-nested-intel 6 xen-boot fail REGR. vs. 101675 test-amd64-amd64-xl-qemut-win7-amd64 6 xen-boot fail REGR. vs. 101675 test-amd64-i386-libvirt-pair 9 xen-boot/src_host fail REGR. vs. 101675 test-amd64-i386-libvirt-pair 10 xen-boot/dst_host fail REGR. vs. 101675 test-amd64-amd64-libvirt-pair 9 xen-boot/src_host fail REGR. vs. 101675 test-amd64-amd64-libvirt-pair 10 xen-boot/dst_host fail REGR. vs. 101675 test-amd64-amd64-libvirt-qemuu-debianhvm-amd64-xsm 6 xen-boot fail REGR. vs. 101675 test-amd64-i386-libvirt-qemuu-debianhvm-amd64-xsm 6 xen-boot fail REGR. vs. 101675 test-amd64-i386-pair 9 xen-boot/src_host fail REGR. vs. 101675 test-amd64-i386-pair 10 xen-boot/dst_host fail REGR. vs. 101675 test-amd64-i386-xl-qemut-win7-amd64 6 xen-boot fail REGR. vs. 101675 test-amd64-amd64-amd64-pvgrub 6 xen-boot fail REGR. vs. 101675 test-amd64-amd64-xl-qemut-debianhvm-amd64-xsm 6 xen-boot fail REGR. vs. 101675 test-amd64-amd64-xl-multivcpu 6 xen-boot fail REGR. vs. 101675 test-amd64-amd64-libvirt-xsm 6 xen-boot fail REGR. vs. 101675 build-i386-pvops 5 kernel-build fail in 102732 REGR. vs. 101675 build-armhf-libvirt 4 host-build-prep fail in 102875 REGR. vs. 101675 Tests which are failing intermittently (not blocking): test-amd64-i386-xl-qemut-stubdom-debianhvm-amd64-xsm 3 host-install(3) broken in 103738 pass in 103897 test-amd64-i386-xl-qemuu-debianhvm-amd64-xsm 3 host-install(3) broken in 103750 pass in 103897 test-amd64-i386-xl-qemut-debianhvm-amd64 3 host-install(3) broken in 103750 pass in 103897 test-amd64-amd64-xl-rtds 3 host-install(3) broken in 103750 pass in 103897 test-amd64-amd64-xl-qemuu-win7-amd64 3 host-install(3) broken in 103750 pass in 103897 test-armhf-armhf-libvirt-qcow2 9 debian-di-install fail in 103312 pass in 103897 test-armhf-armhf-libvirt 4 host-ping-check-native fail in 103688 pass in 103897 test-amd64-i386-qemuu-rhel6hvm-intel 9 redhat-install fail in 103750 pass in 103800 test-amd64-i386-qemut-rhel6hvm-intel 11 guest-start/redhat.repeat fail in 103750 pass in 103800 test-amd64-i386-libvirt-qemuu-debianhvm-amd64-xsm 5 xen-install fail in 103750 pass in 103897 test-amd64-amd64-libvirt 5 xen-install fail in 103750 pass in 103897 test-amd64-i386-xl-xsm 11 guest-start fail in 103750 pass in 103897 test-armhf-armhf-xl-xsm 11 guest-start fail in 103750 pass in 103897 test-armhf-armhf-libvirt-xsm 15 guest-start/debian.repeat fail in 103750 pass in 103897 test-armhf-armhf-libvirt-xsm 11 guest-start fail in 103800 pass in 103897 test-amd64-amd64-pair 9 xen-boot/src_host fail pass in 102732 test-amd64-amd64-pair 10 xen-boot/dst_host fail pass in 102732 test-amd64-amd64-xl-xsm 6 xen-boot fail pass in 102732 test-amd64-amd64-i386-pvgrub 6 xen-boot fail pass in 102754 test-amd64-amd64-xl-qemuu-debianhvm-amd64-xsm 6 xen-boot fail pass in 102823 test-amd64-amd64-libvirt 6 xen-boot fail pass in 102823 test-amd64-amd64-xl-credit2 6 xen-boot fail pass in 102875 test-amd64-i386-xl-raw 6 xen-boot fail pass in 102875 test-amd64-i386-xl-qemuu-debianhvm-amd64 6 xen-boot fail pass in 102974 test-amd64-i386-freebsd10-i386 6 xen-boot fail pass in 103169 test-amd64-i386-xl-qemuu-winxpsp3 6 xen-boot fail pass in 103312 test-amd64-i386-xl-qemuu-winxpsp3-vcpus1 6 xen-boot fail pass in 103688 test-amd64-i386-xl 6 xen-boot fail pass in 103738 test-amd64-amd64-pygrub 6 xen-boot fail pass in 103750 test-amd64-i386-qemut-rhel6hvm-intel 6 xen-boot fail pass in 103800 test-amd64-i386-qemuu-rhel6hvm-intel 6 xen-boot fail pass in 103800 test-amd64-i386-freebsd10-amd64 6 xen-boot fail pass in 103800 Regressions which are regarded as allowable (not blocking): test-amd64-i386-rumprun-i386 3 host-install(3) broken in 103750 blocked in 101675 test-armhf-armhf-xl-vhd 9 debian-di-install fail like 101662 test-armhf-armhf-xl-rtds 15 guest-start/debian.repeat fail like 101662 test-armhf-armhf-libvirt-xsm 13 saverestore-support-check fail like 101675 test-armhf-armhf-libvirt-raw 12 saverestore-support-check fail like 101675 test-armhf-armhf-libvirt 13 saverestore-support-check fail like 101675 test-amd64-i386-xl-qemuu-win7-amd64 16 guest-stop fail like 101675 test-armhf-armhf-libvirt-qcow2 12 saverestore-support-check fail like 101675 test-amd64-amd64-xl-rtds 9 debian-install fail like 101675 test-amd64-amd64-xl-qemuu-win7-amd64 16 guest-stop fail like 101675 Tests which did not succeed, but are not blocking: test-amd64-i386-freebsd10-i386 1 build-check(1) blocked in 102732 n/a test-amd64-i386-libvirt-qemuu-debianhvm-amd64-xsm 1 build-check(1) blocked in 102732 n/a test-amd64-i386-xl-qemuu-debianhvm-amd64-xsm 1 build-check(1) blocked in 102732 n/a test-amd64-i386-xl-qemut-debianhvm-amd64-xsm 1 build-check(1) blocked in 102732 n/a test-amd64-i386-xl-qemuu-winxpsp3-vcpus1 1 build-check(1) blocked in 102732 n/a test-amd64-i386-libvirt-xsm 1 build-check(1) blocked in 102732 n/a test-amd64-i386-xl-qemuu-winxpsp3 1 build-check(1) blocked in 102732 n/a test-amd64-i386-xl-qemut-winxpsp3 1 build-check(1) blocked in 102732 n/a test-amd64-i386-xl-qemut-debianhvm-amd64 1 build-check(1) blocked in 102732 n/a test-amd64-i386-qemut-rhel6hvm-intel 1 build-check(1) blocked in 102732 n/a test-amd64-i386-freebsd10-amd64 1 build-check(1) blocked in 102732 n/a test-amd64-i386-xl-qemuu-debianhvm-amd64 1 build-check(1) blocked in 102732 n/a test-amd64-i386-xl 1 build-check(1) blocked in 102732 n/a test-amd64-i386-libvirt-pair 1 build-check(1) blocked in 102732 n/a test-amd64-i386-xl-xsm 1 build-check(1) blocked in 102732 n/a test-amd64-i386-xl-qemuu-ovmf-amd64 1 build-check(1) blocked in 102732 n/a test-amd64-i386-xl-raw 1 build-check(1) blocked in 102732 n/a test-amd64-i386-qemuu-rhel6hvm-amd 1 build-check(1) blocked in 102732 n/a test-amd64-i386-libvirt 1 build-check(1) blocked in 102732 n/a test-amd64-i386-qemuu-rhel6hvm-intel 1 build-check(1) blocked in 102732 n/a test-amd64-i386-xl-qemut-winxpsp3-vcpus1 1 build-check(1) blocked in 102732 n/a test-amd64-i386-xl-qemuu-win7-amd64 1 build-check(1) blocked in 102732 n/a test-amd64-i386-pair 1 build-check(1) blocked in 102732 n/a test-amd64-i386-rumprun-i386 1 build-check(1) blocked in 102732 n/a test-amd64-i386-xl-qemut-stubdom-debianhvm-amd64-xsm 1 build-check(1) blocked in 102732 n/a test-amd64-i386-xl-qemut-win7-amd64 1 build-check(1) blocked in 102732 n/a test-amd64-i386-qemut-rhel6hvm-amd 1 build-check(1) blocked in 102732 n/a test-armhf-armhf-libvirt 1 build-check(1) blocked in 102875 n/a test-armhf-armhf-libvirt-qcow2 1 build-check(1) blocked in 102875 n/a test-armhf-armhf-libvirt-raw 1 build-check(1) blocked in 102875 n/a test-armhf-armhf-libvirt-xsm 1 build-check(1) blocked in 102875 n/a test-amd64-amd64-libvirt 12 migrate-support-check fail in 102823 never pass test-armhf-armhf-xl-vhd 11 migrate-support-check fail in 103800 never pass test-armhf-armhf-xl-vhd 12 saverestore-support-check fail in 103800 never pass test-amd64-amd64-rumprun-amd64 6 xen-boot fail never pass test-amd64-i386-libvirt 12 migrate-support-check fail never pass test-amd64-amd64-xl-pvh-intel 14 guest-saverestore fail never pass test-amd64-i386-libvirt-xsm 12 migrate-support-check fail never pass test-armhf-armhf-xl-arndale 12 migrate-support-check fail never pass test-armhf-armhf-xl-arndale 13 saverestore-support-check fail never pass test-amd64-amd64-xl-pvh-amd 11 guest-start fail never pass test-armhf-armhf-libvirt-xsm 12 migrate-support-check fail never pass test-armhf-armhf-xl-multivcpu 12 migrate-support-check fail never pass test-armhf-armhf-xl-multivcpu 13 saverestore-support-check fail never pass test-amd64-amd64-libvirt-vhd 11 migrate-support-check fail never pass test-armhf-armhf-xl 12 migrate-support-check fail never pass test-armhf-armhf-xl 13 saverestore-support-check fail never pass test-armhf-armhf-xl-credit2 12 migrate-support-check fail never pass test-armhf-armhf-xl-credit2 13 saverestore-support-check fail never pass test-armhf-armhf-xl-cubietruck 12 migrate-support-check fail never pass test-armhf-armhf-xl-cubietruck 13 saverestore-support-check fail never pass test-amd64-amd64-qemuu-nested-amd 16 debian-hvm-install/l1/l2 fail never pass test-armhf-armhf-xl-xsm 12 migrate-support-check fail never pass test-armhf-armhf-xl-xsm 13 saverestore-support-check fail never pass test-armhf-armhf-libvirt-raw 11 migrate-support-check fail never pass test-armhf-armhf-libvirt 12 migrate-support-check fail never pass test-armhf-armhf-libvirt-qcow2 11 migrate-support-check fail never pass test-armhf-armhf-xl-rtds 12 migrate-support-check fail never pass test-armhf-armhf-xl-rtds 13 saverestore-support-check fail never pass version targeted for testing: linux ac3d826bef907afe35f80ecccbcdd57223df4b88 baseline version: linux a6846cfd266b48af1ee7c3c19d5cb60477ca4469 Last test of basis 101675 2016-10-26 03:40:44 Z 60 days Testing same since 102732 2016-11-30 09:50:09 Z 24 days 24 attempts ------------------------------------------------------------ People who touched revisions under test: Adrian Hunter <adrian.hun...@intel.com> Alan Stern <st...@rowland.harvard.edu> Alex Deucher <alexander.deuc...@amd.com> Alexander Usyskin <alexander.usys...@intel.com> Bryan Paluch <bryanpal...@gmail.com> Ching Huang <ching2...@areca.com.tw> Chris Mason <c...@fb.com> Dan Carpenter <dan.carpen...@oracle.com> Darrick J. Wong <darrick.w...@oracle.com> Dave Chinner <da...@fromorbit.com> David Howells <dhowe...@redhat.com> David S. Miller <da...@davemloft.net> Dinesh Israni <d...@datera.io> Dmitry Torokhov <dmitry.torok...@gmail.com> Dmitry Vyukov <dvyu...@google.com> Eric Dumazet <eduma...@google.com> Ewan D. Milne <emi...@redhat.com> Felipe Balbi <felipe.ba...@linux.intel.com> Frank Haverkamp <ha...@linux.vnet.ibm.com> Frederic Barrat <fbar...@linux.vnet.ibm.com> Gerald Schaefer <gerald.schae...@de.ibm.com> Greg Kroah-Hartman <gre...@linuxfoundation.org> Haibo Chen <haibo.c...@nxp.com> Helge Deller <del...@gmx.de> Herbert Xu <herb...@gondor.apana.org.au> Ian Munsie <imun...@au1.ibm.com> James Hogan <james.ho...@imgtec.com> James Morris <james.l.mor...@oracle.com> Jan Kara <j...@suse.cz> Jiri Slaby <jsl...@suse.cz> Johan Hovold <jo...@kernel.org> Johannes Berg <johannes.b...@intel.com> John David Anglin <dave.ang...@bell.net> K. Y. Srinivasan <k...@microsoft.com> Kashyap Desai <kashyap.de...@broadcom.com> Long Li <lon...@microsoft.com> Lucas Stach <d...@lynxeye.de> Marcel Hasler <mahas...@gmail.com> Martin K. Petersen <martin.peter...@oracle.com> Mathias Nyman <mathias.ny...@linux.intel.com> Matt Redfearn <matt.redfe...@imgtec.com> Michael Ellerman <m...@ellerman.id.au> Michael S. Tsirkin <m...@redhat.com> Michal Marek <mma...@suse.com> Mike Snitzer <snit...@redhat.com> Miklos Szeredi <mszer...@redhat.com> Ming Lei <tom.leim...@gmail.com> NeilBrown <ne...@suse.com> Nicholas Bellinger <n...@linux-iscsi.org> Nixon Vincent <nixon.vinc...@calsoftinc.com> Ondrej Kozina <okoz...@redhat.com> Paolo Bonzini <pbonz...@redhat.com> Patrick Scheuring <patrick.scheuring....@gmail.com> Richard Weinberger <rich...@nod.at> Ritesh Raj Sarraf <r...@researchut.com> Sasha Levin <alexander.le...@verizon.com> Scot Doyle <lkm...@scotdoyle.com> Sebastian Andrzej Siewior <bige...@linutronix.de> Segher Boessenkool <seg...@kernel.crashing.org> Shaohua Li <s...@fb.com> Sonny Jiang <sonny.ji...@amd.com> Stefan Richter <stef...@s5r6.in-berlin.de> Stefan Tauner <stefan.tau...@technikum-wien.at> Sudeep Holla <sudeep.ho...@arm.com> Sumit Saxena <sumit.sax...@broadcom.com> Taesoo Kim <tsgat...@gmail.com> Takashi Iwai <ti...@suse.de> tang.junhui <tang.jun...@zte.com.cn> Theodore Ts'o <ty...@mit.edu> Thomas Gleixner <t...@linutronix.de> Tom St Denis <tom.stde...@amd.com> Tomas Winkler <tomas.wink...@intel.com> Ulf Hansson <ulf.hans...@linaro.org> jobs: build-amd64-xsm pass build-armhf-xsm pass build-i386-xsm pass build-amd64 pass build-armhf pass build-i386 pass build-amd64-libvirt pass build-armhf-libvirt pass build-i386-libvirt pass build-amd64-pvops pass build-armhf-pvops pass build-i386-pvops pass build-amd64-rumprun pass build-i386-rumprun pass test-amd64-amd64-xl pass test-armhf-armhf-xl pass test-amd64-i386-xl fail test-amd64-amd64-xl-qemut-debianhvm-amd64-xsm fail test-amd64-i386-xl-qemut-debianhvm-amd64-xsm pass test-amd64-amd64-libvirt-qemuu-debianhvm-amd64-xsm fail test-amd64-i386-libvirt-qemuu-debianhvm-amd64-xsm fail test-amd64-amd64-xl-qemuu-debianhvm-amd64-xsm fail test-amd64-i386-xl-qemuu-debianhvm-amd64-xsm pass test-amd64-amd64-xl-qemut-stubdom-debianhvm-amd64-xsm pass test-amd64-i386-xl-qemut-stubdom-debianhvm-amd64-xsm pass test-amd64-amd64-libvirt-xsm fail test-armhf-armhf-libvirt-xsm pass test-amd64-i386-libvirt-xsm pass test-amd64-amd64-xl-xsm fail test-armhf-armhf-xl-xsm pass test-amd64-i386-xl-xsm pass test-amd64-amd64-qemuu-nested-amd fail test-amd64-amd64-xl-pvh-amd fail test-amd64-i386-qemut-rhel6hvm-amd pass test-amd64-i386-qemuu-rhel6hvm-amd pass test-amd64-amd64-xl-qemut-debianhvm-amd64 fail test-amd64-i386-xl-qemut-debianhvm-amd64 pass test-amd64-amd64-xl-qemuu-debianhvm-amd64 pass test-amd64-i386-xl-qemuu-debianhvm-amd64 fail test-amd64-i386-freebsd10-amd64 fail test-amd64-amd64-xl-qemuu-ovmf-amd64 fail test-amd64-i386-xl-qemuu-ovmf-amd64 pass test-amd64-amd64-rumprun-amd64 fail test-amd64-amd64-xl-qemut-win7-amd64 fail test-amd64-i386-xl-qemut-win7-amd64 fail test-amd64-amd64-xl-qemuu-win7-amd64 fail test-amd64-i386-xl-qemuu-win7-amd64 fail test-armhf-armhf-xl-arndale pass test-amd64-amd64-xl-credit2 fail test-armhf-armhf-xl-credit2 pass test-armhf-armhf-xl-cubietruck pass test-amd64-i386-freebsd10-i386 fail test-amd64-i386-rumprun-i386 pass test-amd64-amd64-qemuu-nested-intel fail test-amd64-amd64-xl-pvh-intel fail test-amd64-i386-qemut-rhel6hvm-intel fail test-amd64-i386-qemuu-rhel6hvm-intel fail test-amd64-amd64-libvirt fail test-armhf-armhf-libvirt pass test-amd64-i386-libvirt pass test-amd64-amd64-xl-multivcpu fail test-armhf-armhf-xl-multivcpu pass test-amd64-amd64-pair fail test-amd64-i386-pair fail test-amd64-amd64-libvirt-pair fail test-amd64-i386-libvirt-pair fail test-amd64-amd64-amd64-pvgrub fail test-amd64-amd64-i386-pvgrub fail test-amd64-amd64-pygrub fail test-armhf-armhf-libvirt-qcow2 pass test-amd64-amd64-xl-qcow2 pass test-armhf-armhf-libvirt-raw pass test-amd64-i386-xl-raw fail test-amd64-amd64-xl-rtds fail test-armhf-armhf-xl-rtds fail test-amd64-i386-xl-qemut-winxpsp3-vcpus1 pass test-amd64-i386-xl-qemuu-winxpsp3-vcpus1 fail test-amd64-amd64-libvirt-vhd pass test-armhf-armhf-xl-vhd fail test-amd64-amd64-xl-qemut-winxpsp3 pass test-amd64-i386-xl-qemut-winxpsp3 pass test-amd64-amd64-xl-qemuu-winxpsp3 pass test-amd64-i386-xl-qemuu-winxpsp3 fail ------------------------------------------------------------ sg-report-flight on osstest.test-lab.xenproject.org logs: /home/logs/logs images: /home/logs/images Logs, config files, etc. are available at http://logs.test-lab.xenproject.org/osstest/logs Explanation of these reports, and of osstest in general, is at http://xenbits.xen.org/gitweb/?p=osstest.git;a=blob;f=README.email;hb=master http://xenbits.xen.org/gitweb/?p=osstest.git;a=blob;f=README;hb=master Test harness code can be found at http://xenbits.xen.org/gitweb?p=osstest.git;a=summary Not pushing. (No revision log; it would be 1402 lines long.) _______________________________________________ Xen-devel mailing list Xen-devel@lists.xen.org https://lists.xen.org/xen-devel