flight 103463 xen-unstable-smoke real [real] http://logs.test-lab.xenproject.org/osstest/logs/103463/
Regressions :-( Tests which did not succeed and are blocking, including tests which could not be run: build-amd64-libvirt 5 libvirt-build fail REGR. vs. 103284 Tests which did not succeed, but are not blocking: test-amd64-amd64-libvirt 1 build-check(1) blocked n/a test-armhf-armhf-xl 12 migrate-support-check fail never pass test-armhf-armhf-xl 13 saverestore-support-check fail never pass version targeted for testing: xen f04722f78b0f64e1f147389962d8f393a2fa8a7a baseline version: xen fc9229c4bb35c5474fbc67f78e628dcbcc90afc5 Last test of basis 103284 2016-12-13 19:03:56 Z 2 days Failing since 103292 2016-12-13 22:19:08 Z 2 days 23 attempts Testing same since 103463 2016-12-16 12:07:41 Z 0 days 1 attempts ------------------------------------------------------------ People who touched revisions under test: Andrew Cooper <andrew.coop...@citrix.com> Anshul Makkar <anshul.mak...@citrix.com> Cédric Bosdonnat <cbosdon...@suse.com> Daniel De Graaf <dgde...@tycho.nsa.gov> Edgar E. Iglesias <edgar.igles...@xilinx.com> Haozhong Zhang <haozhong.zh...@intel.com> Ian Jackson <ian.jack...@eu.citrix.com> Jan Beulich <jbeul...@suse.com> Juergen Gross <jgr...@suse.com> Julien Grall <julien.gr...@arm.com> Kevin Tian <kevin.t...@intel.com> Konrad Rzeszutek Wilk <konrad.w...@oracle.com> Razvan Cojocaru <rcojoc...@bitdefender.com> Ross Lagerwall <ross.lagerw...@citrix.com> Stefano Stabellini <sstabell...@kernel.org> Suravee Suthikulpanit <suravee.suthikulpa...@amd.com> Tamas K Lengyel <ta...@tklengyel.com> Tim Deegan <t...@xen.org> Wei Liu <wei.l...@citrix.com> jobs: build-amd64 pass build-armhf pass build-amd64-libvirt fail test-armhf-armhf-xl pass test-amd64-amd64-xl-qemuu-debianhvm-i386 pass test-amd64-amd64-libvirt blocked ------------------------------------------------------------ sg-report-flight on osstest.test-lab.xenproject.org logs: /home/logs/logs images: /home/logs/images Logs, config files, etc. are available at http://logs.test-lab.xenproject.org/osstest/logs Explanation of these reports, and of osstest in general, is at http://xenbits.xen.org/gitweb/?p=osstest.git;a=blob;f=README.email;hb=master http://xenbits.xen.org/gitweb/?p=osstest.git;a=blob;f=README;hb=master Test harness code can be found at http://xenbits.xen.org/gitweb?p=osstest.git;a=summary Not pushing. (No revision log; it would be 614 lines long.)
_______________________________________________ Xen-devel mailing list Xen-devel@lists.xen.org https://lists.xen.org/xen-devel