This run is configured for baseline tests only.

flight 68099 qemu-mainline real [real]
http://osstest.xs.citrite.net/~osstest/testlogs/logs/68099/

Regressions :-(

Tests which did not succeed and are blocking,
including tests which could not be run:
 test-armhf-armhf-libvirt-qcow2  3 host-install(3)       broken REGR. vs. 67996
 test-amd64-i386-freebsd10-amd64 13 guest-saverestore      fail REGR. vs. 67996
 test-armhf-armhf-libvirt     11 guest-start               fail REGR. vs. 67996
 test-armhf-armhf-xl          15 guest-start/debian.repeat fail REGR. vs. 67996

Regressions which are regarded as allowable (not blocking):
 test-amd64-amd64-qemuu-nested-intel 16 debian-hvm-install/l1/l2 fail like 67996
 test-armhf-armhf-xl-vhd       9 debian-di-install            fail   like 67996
 test-amd64-i386-xl-qemuu-winxpsp3-vcpus1  9 windows-install    fail like 67996

Tests which did not succeed, but are not blocking:
 test-amd64-amd64-xl-pvh-intel 11 guest-start                  fail  never pass
 test-armhf-armhf-xl-credit2  12 migrate-support-check        fail   never pass
 test-armhf-armhf-xl-credit2  13 saverestore-support-check    fail   never pass
 test-armhf-armhf-xl-multivcpu 12 migrate-support-check        fail  never pass
 test-armhf-armhf-xl-multivcpu 13 saverestore-support-check    fail  never pass
 test-armhf-armhf-libvirt-xsm 12 migrate-support-check        fail   never pass
 test-armhf-armhf-xl          12 migrate-support-check        fail   never pass
 test-armhf-armhf-xl          13 saverestore-support-check    fail   never pass
 test-armhf-armhf-xl-xsm      12 migrate-support-check        fail   never pass
 test-armhf-armhf-libvirt-xsm 14 guest-saverestore            fail   never pass
 test-armhf-armhf-xl-xsm      13 saverestore-support-check    fail   never pass
 test-armhf-armhf-xl-midway   12 migrate-support-check        fail   never pass
 test-armhf-armhf-xl-midway   13 saverestore-support-check    fail   never pass
 test-amd64-amd64-libvirt-xsm 12 migrate-support-check        fail   never pass
 test-amd64-i386-libvirt-xsm  12 migrate-support-check        fail   never pass
 test-amd64-amd64-libvirt-qemuu-debianhvm-amd64-xsm 10 migrate-support-check 
fail never pass
 test-amd64-amd64-xl-pvh-amd  11 guest-start                  fail   never pass
 test-amd64-amd64-libvirt     12 migrate-support-check        fail   never pass
 test-armhf-armhf-xl-rtds     12 migrate-support-check        fail   never pass
 test-armhf-armhf-xl-rtds     13 saverestore-support-check    fail   never pass
 test-amd64-i386-libvirt      12 migrate-support-check        fail   never pass
 test-armhf-armhf-libvirt-raw 11 migrate-support-check        fail   never pass
 test-armhf-armhf-libvirt-raw 13 guest-saverestore            fail   never pass
 test-amd64-amd64-qemuu-nested-amd 16 debian-hvm-install/l1/l2  fail never pass
 test-amd64-amd64-libvirt-vhd 11 migrate-support-check        fail   never pass
 test-amd64-i386-libvirt-qemuu-debianhvm-amd64-xsm 10 migrate-support-check 
fail never pass
 test-amd64-amd64-xl-qemuu-win7-amd64 16 guest-stop             fail never pass
 test-amd64-i386-xl-qemuu-win7-amd64 16 guest-stop              fail never pass

version targeted for testing:
 qemuu                00227fefd2059464cd2f59aed29944874c630e2f
baseline version:
 qemuu                199a5bde46b0eab898ab1ec591f423000302569f

Last test of basis    67996  2016-11-04 13:19:54 Z   21 days
Testing same since    68099  2016-11-25 13:18:37 Z    0 days    1 attempts

------------------------------------------------------------
People who touched revisions under test:
  Alberto Garcia <be...@igalia.com>
  Alex Williamson <alex.william...@redhat.com>
  Alexey Kardashevskiy <a...@ozlabs.ru>
  Ankit Kumar <an...@linux.vnet.ibm.com>
  ann.zhuangyany...@huawei.com
  Anthony PERARD <anthony.per...@citrix.com>
  Ashijeet Acharya <ashijeetacha...@gmail.com>
  Balbir singh <bsinghar...@gmail.com>
  Bharata B Rao <bhar...@linux.vnet.ibm.com>
  Brian Candler <b.cand...@pobox.com>
  Christian Borntraeger <borntrae...@de.ibm.com>
  Cornelia Huck <cornelia.h...@de.ibm.com>
  Cédric Le Goater <c...@kaod.org>
  Daniel Oram <daniel.o...@gmail.com>
  Daniel P. Berrange <berra...@redhat.com>
  David Gibson <da...@gibson.dropbear.id.au>
  Doug Evans <d...@google.com>
  Ed Maste <ema...@freebsd.org>
  Eduardo Habkost <ehabk...@redhat.com>
  Eric Blake <ebl...@redhat.com>
  Fam Zheng <f...@redhat.com>
  Farhan Ali <al...@linux.vnet.ibm.com>
  Gautham R. Shenoy <e...@linux.vnet.ibm.com>
  Gerd Hoffmann <kra...@redhat.com>
  Gonglei <arei.gong...@huawei.com>
  Greg Kurz <gr...@kaod.org>
  Halil Pasic <pa...@linux.vnet.ibm.com>
  Igor Mammedov <imamm...@redhat.com>
  Jan Beulich <jbeul...@suse.com>
  Jason Wang <jasow...@redhat.com>
  Jeff Cody <jc...@redhat.com>
  John Snow <js...@redhat.com>
  Jose Ricardo Ziviani <jos...@linux.vnet.ibm.com>
  Juan Quintela <quint...@redhat.com>
  Juergen Gross <jgr...@suse.com>
  Julian Brown <jul...@codesourcery.com>
  Kevin Wolf <kw...@redhat.com>
  Ladi Prosek <lpro...@redhat.com>
  Laurent Vivier <laur...@vivier.eu>
  Li Qiang <liqiang...@360.cn>
  Marc-André Lureau <marcandre.lur...@redhat.com>
  Marcel Apfelbaum <mar...@redhat.com>
  Marcin Krzeminski <marcin.krzemin...@nokia.com>
  Max Reitz <mre...@redhat.com>
  Michael S. Tsirkin <m...@redhat.com>
  Michael Tokarev <m...@tls.msk.ru>
  Nikunj A Dadhania <nik...@linux.vnet.ibm.com>
  Olaf Hering <o...@aepfle.de>
  Paolo Bonzini <pbonz...@redhat.com>
  Peter Korsgaard <pe...@korsgaard.com>
  Peter Maydell <peter.mayd...@linaro.org>
  Peter Xu <pet...@redhat.com>
  Prasad J Pandit <p...@fedoraproject.org>
  Rafael David Tinoco <rafael.tin...@canonical.com>
  Richard Henderson <r...@twiddle.net>
  Samuel Thibault <samuel.thiba...@ens-lyon.org>
  Sander Eikelenboom <li...@eikelenboom.it>
  Stefan Hajnoczi <stefa...@redhat.com>
  Stefano Stabellini <sstabell...@kernel.org>
  Thomas Huth <th...@redhat.com>
  Tomáš Golembiovský <tgole...@redhat.com>
  Vladimir Sementsov-Ogievskiy <vsement...@virtuozzo.com>
  Wei Liu <wei.l...@citrix.com>
  Xiao Guangrong <guangrong.x...@linux.intel.com>
  Yuri Benditovich <yuri.benditov...@daynix.com>
  Zhang Chen <zhangchen.f...@cn.fujitsu.com>
  zhanghailiang <zhang.zhanghaili...@huawei.com>
  Zhuang Yanying <ann.zhuangyany...@huawei.com>
  ZhuangYanying <ann.zhuangyany...@huawei.com>

jobs:
 build-amd64-xsm                                              pass    
 build-armhf-xsm                                              pass    
 build-i386-xsm                                               pass    
 build-amd64                                                  pass    
 build-armhf                                                  pass    
 build-i386                                                   pass    
 build-amd64-libvirt                                          pass    
 build-armhf-libvirt                                          pass    
 build-i386-libvirt                                           pass    
 build-amd64-pvops                                            pass    
 build-armhf-pvops                                            pass    
 build-i386-pvops                                             pass    
 test-amd64-amd64-xl                                          pass    
 test-armhf-armhf-xl                                          fail    
 test-amd64-i386-xl                                           pass    
 test-amd64-amd64-libvirt-qemuu-debianhvm-amd64-xsm           pass    
 test-amd64-i386-libvirt-qemuu-debianhvm-amd64-xsm            pass    
 test-amd64-amd64-xl-qemuu-debianhvm-amd64-xsm                pass    
 test-amd64-i386-xl-qemuu-debianhvm-amd64-xsm                 pass    
 test-amd64-amd64-libvirt-xsm                                 pass    
 test-armhf-armhf-libvirt-xsm                                 fail    
 test-amd64-i386-libvirt-xsm                                  pass    
 test-amd64-amd64-xl-xsm                                      pass    
 test-armhf-armhf-xl-xsm                                      pass    
 test-amd64-i386-xl-xsm                                       pass    
 test-amd64-amd64-qemuu-nested-amd                            fail    
 test-amd64-amd64-xl-pvh-amd                                  fail    
 test-amd64-i386-qemuu-rhel6hvm-amd                           pass    
 test-amd64-amd64-xl-qemuu-debianhvm-amd64                    pass    
 test-amd64-i386-xl-qemuu-debianhvm-amd64                     pass    
 test-amd64-i386-freebsd10-amd64                              fail    
 test-amd64-amd64-xl-qemuu-ovmf-amd64                         pass    
 test-amd64-i386-xl-qemuu-ovmf-amd64                          pass    
 test-amd64-amd64-xl-qemuu-win7-amd64                         fail    
 test-amd64-i386-xl-qemuu-win7-amd64                          fail    
 test-amd64-amd64-xl-credit2                                  pass    
 test-armhf-armhf-xl-credit2                                  pass    
 test-amd64-i386-freebsd10-i386                               pass    
 test-amd64-amd64-qemuu-nested-intel                          fail    
 test-amd64-amd64-xl-pvh-intel                                fail    
 test-amd64-i386-qemuu-rhel6hvm-intel                         pass    
 test-amd64-amd64-libvirt                                     pass    
 test-armhf-armhf-libvirt                                     fail    
 test-amd64-i386-libvirt                                      pass    
 test-armhf-armhf-xl-midway                                   pass    
 test-amd64-amd64-xl-multivcpu                                pass    
 test-armhf-armhf-xl-multivcpu                                pass    
 test-amd64-amd64-pair                                        pass    
 test-amd64-i386-pair                                         pass    
 test-amd64-amd64-libvirt-pair                                pass    
 test-amd64-i386-libvirt-pair                                 pass    
 test-amd64-amd64-amd64-pvgrub                                pass    
 test-amd64-amd64-i386-pvgrub                                 pass    
 test-amd64-amd64-pygrub                                      pass    
 test-armhf-armhf-libvirt-qcow2                               broken  
 test-amd64-amd64-xl-qcow2                                    pass    
 test-armhf-armhf-libvirt-raw                                 fail    
 test-amd64-i386-xl-raw                                       pass    
 test-amd64-amd64-xl-rtds                                     pass    
 test-armhf-armhf-xl-rtds                                     pass    
 test-amd64-i386-xl-qemuu-winxpsp3-vcpus1                     fail    
 test-amd64-amd64-libvirt-vhd                                 pass    
 test-armhf-armhf-xl-vhd                                      fail    
 test-amd64-amd64-xl-qemuu-winxpsp3                           pass    
 test-amd64-i386-xl-qemuu-winxpsp3                            pass    


------------------------------------------------------------
sg-report-flight on osstest.xs.citrite.net
logs: /home/osstest/logs
images: /home/osstest/images

Logs, config files, etc. are available at
    http://osstest.xs.citrite.net/~osstest/testlogs/logs

Test harness code can be found at
    http://xenbits.xensource.com/gitweb?p=osstest.git;a=summary

broken-step test-armhf-armhf-libvirt-qcow2 host-install(3)

Push not applicable.

(No revision log; it would be 3512 lines long.)

_______________________________________________
Xen-devel mailing list
Xen-devel@lists.xen.org
https://lists.xen.org/xen-devel

Reply via email to