This run is configured for baseline tests only. flight 68023 linux-3.4 real [real] http://osstest.xs.citrite.net/~osstest/testlogs/logs/68023/
Regressions :-( Tests which did not succeed and are blocking, including tests which could not be run: test-amd64-i386-xl-raw 9 debian-di-install fail REGR. vs. 44372 test-amd64-amd64-libvirt-vhd 9 debian-di-install fail REGR. vs. 44372 test-amd64-amd64-amd64-pvgrub 9 debian-di-install fail REGR. vs. 44372 test-amd64-amd64-xl-qcow2 9 debian-di-install fail REGR. vs. 44372 test-amd64-amd64-pygrub 9 debian-di-install fail REGR. vs. 44372 test-amd64-amd64-i386-pvgrub 9 debian-di-install fail REGR. vs. 44372 Tests which did not succeed, but are not blocking: test-amd64-amd64-rumprun-amd64 1 build-check(1) blocked n/a test-amd64-i386-rumprun-i386 1 build-check(1) blocked n/a build-amd64-rumprun 6 xen-build fail never pass test-amd64-amd64-libvirt-xsm 12 migrate-support-check fail never pass test-amd64-i386-libvirt 12 migrate-support-check fail never pass build-i386-rumprun 6 xen-build fail never pass test-amd64-i386-libvirt-qemuu-debianhvm-amd64-xsm 10 migrate-support-check fail never pass test-amd64-amd64-xl-qemuu-win7-amd64 16 guest-stop fail never pass test-amd64-amd64-libvirt 12 migrate-support-check fail never pass test-amd64-amd64-libvirt-qemuu-debianhvm-amd64-xsm 10 migrate-support-check fail never pass test-amd64-i386-libvirt-xsm 12 migrate-support-check fail never pass test-amd64-amd64-xl-pvh-amd 11 guest-start fail never pass test-amd64-i386-xl-qemuu-win7-amd64 16 guest-stop fail never pass test-amd64-amd64-qemuu-nested-amd 16 debian-hvm-install/l1/l2 fail never pass test-amd64-amd64-xl-qemut-win7-amd64 16 guest-stop fail never pass test-amd64-i386-xl-qemut-win7-amd64 16 guest-stop fail never pass test-amd64-amd64-qemuu-nested-intel 16 debian-hvm-install/l1/l2 fail never pass test-amd64-amd64-xl-pvh-intel 11 guest-start fail never pass version targeted for testing: linux 8d1988f838a95e836342b505398d38b223181f17 baseline version: linux 343a5fbeef08baf2097b8cf4e26137cebe3cfef4 Last test of basis 44372 2016-04-29 15:54:02 Z 197 days Testing same since 68023 2016-11-10 04:17:17 Z 2 days 1 attempts ------------------------------------------------------------ People who touched revisions under test: "Suzuki K. Poulose" <suzuki.poul...@arm.com> Aaro Koskinen <aaro.koski...@iki.fi> Al Viro <v...@zeniv.linux.org.uk> Alan Stern <st...@rowland.harvard.edu> Aleksander Morgado <aleksan...@aleksander.es> Alex Thorlton <athorl...@sgi.com> Alexandru Cornea <alexandru.cor...@intel.com> Alexey Khoroshilov <khoroshi...@ispras.ru> Amitkumar Karwar <akar...@marvell.com> Andrew Banman <aban...@sgi.com> Andrew Morton <a...@linux-foundation.org> Andrey Ryabinin <aryabi...@virtuozzo.com> Anson Huang <anson.hu...@freescale.com> Arnaldo Carvalho de Melo <a...@kernel.org> Arnaldo Carvalho de Melo <a...@redhat.com> Arnd Bergmann <a...@arndb.de> Ben Hutchings <b...@decadent.org.uk> Bjørn Mork <bj...@mork.no> Boris Brezillon <boris.brezil...@free-electrons.com> Borislav Petkov <b...@suse.de> Brian Norris <computersforpe...@gmail.com> Charles Keepax <ckee...@opensource.wolfsonmicro.com> Chen Yu <yu.c.c...@intel.com> Christoph Hellwig <h...@lst.de> Chunfeng Yun <chunfeng....@mediatek.com> Clemens Ladisch <clem...@ladisch.de> Colin Ian King <colin.k...@canonical.com> Cong Wang <xiyou.wangc...@gmail.com> Daeho Jeong <daeho.je...@samsung.com> Dan Carpenter <dan.carpen...@oracle.com> Darren Hart <dvh...@linux.intel.com> Dave Airlie <airl...@redhat.com> David Howells <dhowe...@redhat.com> David Rientjes <rient...@google.com> David S. Miller <da...@davemloft.net> David Turner <nova...@novalis.org> David Vrabel <david.vra...@citrix.com> David Woodhouse <david.woodho...@intel.com> Dmitry Tunin <hanipouspi...@gmail.com> Dmitry V. Levin <l...@altlinux.org> Dmitry Vyukov <dvyu...@google.com> Eric Dumazet <eduma...@google.com> Eric Dumazet <eric.duma...@gmail.com> Felipe Balbi <ba...@ti.com> Filipe Manana <fdman...@suse.com> Francesco Ruggeri <frugg...@arista.com> Francesco Ruggeri <frugg...@aristanetworks.com> Greg Kroah-Hartman <gre...@linuxfoundation.org> Helge Deller <del...@gmx.de> Herbert Xu <herb...@gondor.apana.org.au> Hillf Danton <hillf...@alibaba-inc.com> Hobin Woo <hobin....@samsung.com> Hu <yadi...@windriver.com> Ingo Molnar <mi...@kernel.org> James Bottomley <james.bottom...@hansenpartnership.com> James Bottomley <jbottom...@odin.com> James Morris <james.l.mor...@oracle.com> Jan Beulich <jbeul...@suse.com> Jan Kara <j...@suse.cz> Jason A. Donenfeld <ja...@zx2c4.com> Jeff Layton <jeff.lay...@primarydata.com> Jeff Layton <jlay...@poochiereds.net> Jens Axboe <ax...@fb.com> Jiri Kosina <jkos...@suse.cz> Jiri Slaby <jsl...@suse.cz> Joe Thornber <e...@redhat.com> Johan Hovold <jo...@kernel.org> Johannes Berg <johannes.b...@intel.com> Johannes Thumshirn <jthumsh...@suse.de> John Stultz <john.stu...@linaro.org> Jonathan Cameron <ji...@kernel.org> Joseph Qi <joseph...@huawei.com> Kalle Valo <kv...@codeaurora.org> Karl Heiss <khe...@gmail.com> Kashyap Desai <kashyap.de...@avagotech.com> Kees Cook <keesc...@chromium.org> Kinglong Mee <kinglong...@gmail.com> Kirill A. Shutemov <kir...@shutemov.name> Konrad Rzeszutek Wilk <konrad.w...@oracle.com> Konstantin Khlebnikov <koc...@gmail.com> Konstantin Shkolnyy <konstantin.shkol...@gmail.com> Larry Finger <larry.fin...@lwfinger.net> Li Bin <huawei.li...@huawei.com> libin <huawei.li...@huawei.com> Linus Torvalds <torva...@linux-foundation.org> lucien <lucien....@gmail.com> Lv Zheng <lv.zh...@intel.com> Maciej W. Rozycki <ma...@imgtec.com> Marc Kleine-Budde <m...@pengutronix.de> Marcel Holtmann <mar...@holtmann.org> Marcelo Ricardo Leitner <marcelo.leit...@gmail.com> Mark Brown <broo...@kernel.org> Martin K. Petersen <martin.peter...@oracle.com> Mathias Nyman <mathias.ny...@linux.intel.com> Mauricio Faria de Oliveira <mauri...@linux.vnet.ibm.com> Michal Hocko <mho...@suse.com> Michal Kubecek <mkube...@suse.cz> Michal KubeÄek <mkube...@suse.cz> Mike Snitzer <snit...@redhat.com> Miklos Szeredi <mik...@szeredi.hu> Mikulas Patocka <mpato...@redhat.com> Mirza Krak <mirza.k...@hostmobility.com> Naoya Horiguchi <n-horigu...@ah.jp.nec.com> Neal Cardwell <ncardw...@google.com> Neil Horman <nhor...@tuxdriver.com> Nicolas Dichtel <nicolas.dich...@6wind.com> Nikolay Aleksandrov <niko...@cumulusnetworks.com> Paul Bolle <pebo...@tiscali.nl> Pavel Tikhomirov <ptikhomi...@virtuozzo.com> Pete Zaitcev <zait...@yahoo.com> Peter Hurley <pe...@hurleysoftware.com> Peter Oberparleiter <ober...@linux.vnet.ibm.com> Peter Zijlstra (Intel) <pet...@infradead.org> Peter Zijlstra <pet...@infradead.org> Rafael J. Wysocki <rafael.j.wyso...@intel.com> Ralf Baechle <r...@linux-mips.org> Richard Purdie <richard.pur...@linuxfoundation.org> Robert Jarzmik <robert.jarz...@free.fr> Roger Pau Monné <roger....@citrix.com> Roman Gushchin <kl...@yandex-team.ru> Russell King <rmk+ker...@arm.linux.org.uk> Sabrina Dubroca <s...@queasysnail.net> Sachin Pandhare <sachinpandh...@gmail.com> Sebastian Reichel <s...@kernel.org> Sergei Shtylyov <sergei.shtyl...@cogentembedded.com> Stefan Richter <stef...@s5r6.in-berlin.de> Stephan Mueller <smuel...@chronox.de> Steven Rostedt (Red Hat) <rost...@goodmis.org> Steven Rostedt <rost...@goodmis.org> Sumit Saxena <sumit.sax...@avagotech.com> sumit.sax...@avagotech.com <sumit.sax...@avagotech.com> Takashi Iwai <ti...@suse.de> Tejun Heo <t...@kernel.org> Tetsuo Handa <penguin-ker...@i-love.sakura.ne.jp> Theodore Ts'o <ty...@mit.edu> Thomas Gleixner <t...@linutronix.de> Tilman Schmidt <til...@imap.cc> Trond Myklebust <trond.mykleb...@primarydata.com> Uwe Kleine-König <u.kleine-koe...@pengutronix.de> Valentin Rothberg <valentinrothb...@gmail.com> Vlad Yasevich <vyasev...@gmail.com> Vladimir Zapolskiy <v...@mleia.com> WANG Cong <xiyou.wangc...@gmail.com> Xiangliang Yu <xiangliang...@amd.com> Xin Long <lucien....@gmail.com> Xunlei Pang <xlp...@redhat.com> YOSHIFUJI Hideaki <yoshf...@linux-ipv6.org> Yuchung Cheng <ych...@google.com> Zefan Li <lize...@huawei.com> jobs: build-amd64-xsm pass build-i386-xsm pass build-amd64 pass build-i386 pass build-amd64-libvirt pass build-i386-libvirt pass build-amd64-pvops pass build-i386-pvops pass build-amd64-rumprun fail build-i386-rumprun fail test-amd64-amd64-xl pass test-amd64-i386-xl pass test-amd64-amd64-xl-qemut-debianhvm-amd64-xsm pass test-amd64-i386-xl-qemut-debianhvm-amd64-xsm pass test-amd64-amd64-libvirt-qemuu-debianhvm-amd64-xsm pass test-amd64-i386-libvirt-qemuu-debianhvm-amd64-xsm pass test-amd64-amd64-xl-qemuu-debianhvm-amd64-xsm pass test-amd64-i386-xl-qemuu-debianhvm-amd64-xsm pass test-amd64-amd64-xl-qemut-stubdom-debianhvm-amd64-xsm pass test-amd64-i386-xl-qemut-stubdom-debianhvm-amd64-xsm pass test-amd64-amd64-libvirt-xsm pass test-amd64-i386-libvirt-xsm pass test-amd64-amd64-xl-xsm pass test-amd64-i386-xl-xsm pass test-amd64-amd64-qemuu-nested-amd fail test-amd64-amd64-xl-pvh-amd fail test-amd64-i386-qemut-rhel6hvm-amd pass test-amd64-i386-qemuu-rhel6hvm-amd pass test-amd64-amd64-xl-qemut-debianhvm-amd64 pass test-amd64-i386-xl-qemut-debianhvm-amd64 pass test-amd64-amd64-xl-qemuu-debianhvm-amd64 pass test-amd64-i386-xl-qemuu-debianhvm-amd64 pass test-amd64-i386-freebsd10-amd64 pass test-amd64-amd64-xl-qemuu-ovmf-amd64 pass test-amd64-i386-xl-qemuu-ovmf-amd64 pass test-amd64-amd64-rumprun-amd64 blocked test-amd64-amd64-xl-qemut-win7-amd64 fail test-amd64-i386-xl-qemut-win7-amd64 fail test-amd64-amd64-xl-qemuu-win7-amd64 fail test-amd64-i386-xl-qemuu-win7-amd64 fail test-amd64-amd64-xl-credit2 pass test-amd64-i386-freebsd10-i386 pass test-amd64-i386-rumprun-i386 blocked test-amd64-amd64-qemuu-nested-intel fail test-amd64-amd64-xl-pvh-intel fail test-amd64-i386-qemut-rhel6hvm-intel pass test-amd64-i386-qemuu-rhel6hvm-intel pass test-amd64-amd64-libvirt pass test-amd64-i386-libvirt pass test-amd64-amd64-xl-multivcpu pass test-amd64-amd64-pair pass test-amd64-i386-pair pass test-amd64-amd64-libvirt-pair pass test-amd64-i386-libvirt-pair pass test-amd64-amd64-amd64-pvgrub fail test-amd64-amd64-i386-pvgrub fail test-amd64-amd64-pygrub fail test-amd64-amd64-xl-qcow2 fail test-amd64-i386-xl-raw fail test-amd64-amd64-xl-rtds pass test-amd64-i386-xl-qemut-winxpsp3-vcpus1 pass test-amd64-i386-xl-qemuu-winxpsp3-vcpus1 pass test-amd64-amd64-libvirt-vhd fail test-amd64-amd64-xl-qemut-winxpsp3 pass test-amd64-i386-xl-qemut-winxpsp3 pass test-amd64-amd64-xl-qemuu-winxpsp3 pass test-amd64-i386-xl-qemuu-winxpsp3 pass ------------------------------------------------------------ sg-report-flight on osstest.xs.citrite.net logs: /home/osstest/logs images: /home/osstest/images Logs, config files, etc. are available at http://osstest.xs.citrite.net/~osstest/testlogs/logs Test harness code can be found at http://xenbits.xensource.com/gitweb?p=osstest.git;a=summary Push not applicable. (No revision log; it would be 3972 lines long.)
_______________________________________________ Xen-devel mailing list Xen-devel@lists.xen.org https://lists.xen.org/xen-devel