flight 101661 rumprun real [real] http://logs.test-lab.xenproject.org/osstest/logs/101661/
Failures :-/ but no regressions. Tests which did not succeed, but are not blocking: test-amd64-i386-rumprun-i386 1 build-check(1) blocked n/a test-amd64-amd64-rumprun-amd64 1 build-check(1) blocked n/a build-i386-rumprun 7 xen-build fail never pass build-amd64-rumprun 7 xen-build fail never pass version targeted for testing: rumprun 39a97f37a85e44c69b662f6b97b688fbe892603b baseline version: rumprun 30d72f3fc5e35cd53afd82c8179cc0e0b11146ad Last test of basis 101647 2016-10-24 16:55:59 Z 0 days Testing same since 101661 2016-10-25 09:49:34 Z 0 days 1 attempts ------------------------------------------------------------ People who touched revisions under test: Andrew Andkjar <andrew.andk...@gmail.com> Antti Kantee <po...@iki.fi> Dan Skorupski <dan.skorup...@gmail.com> ian eyberg <i...@deferpanic.com> Ian Jackson <ian.jack...@citrix.com> Ian Jackson <ian.jack...@eu.citrix.com> Juergen Gross <jgr...@suse.com> Justin Cormack <jus...@specialbusservice.com> Kevin Boulain <kevinboul...@gmail.com> Martin Lucina <mar...@lucina.net> Martin Lucina <m...@unikernel.com> Matt Gray <matt.g...@7digital.com> Mike Gaffney <m...@uberu.com> Omer Katz <omer.d...@gmail.com> Samuel Thibault <samuel.thiba...@ens-lyon.org> Sebastian Wicki <gan...@gmx.net> Sotiris Salloumis <sotiris.sallou...@gmail.com> Stefan Grundmann <sg2...@googlemail.com> Timmons C. Player <timmons.pla...@spirent.com> Tom Bousso <tombou...@gmail.com> Wei Liu <l...@liuw.name> jobs: build-amd64 pass build-i386 pass build-amd64-pvops pass build-i386-pvops pass build-amd64-rumprun fail build-i386-rumprun fail test-amd64-amd64-rumprun-amd64 blocked test-amd64-i386-rumprun-i386 blocked ------------------------------------------------------------ sg-report-flight on osstest.test-lab.xenproject.org logs: /home/logs/logs images: /home/logs/images Logs, config files, etc. are available at http://logs.test-lab.xenproject.org/osstest/logs Explanation of these reports, and of osstest in general, is at http://xenbits.xen.org/gitweb/?p=osstest.git;a=blob;f=README.email;hb=master http://xenbits.xen.org/gitweb/?p=osstest.git;a=blob;f=README;hb=master Test harness code can be found at http://xenbits.xen.org/gitweb?p=osstest.git;a=summary Pushing revision : + branch=rumprun + revision=39a97f37a85e44c69b662f6b97b688fbe892603b + . ./cri-lock-repos ++ . ./cri-common +++ . ./cri-getconfig +++ umask 002 +++ getrepos ++++ getconfig Repos ++++ perl -e ' use Osstest; readglobalconfig(); print $c{"Repos"} or die $!; ' +++ local repos=/home/osstest/repos +++ '[' -z /home/osstest/repos ']' +++ '[' '!' -d /home/osstest/repos ']' +++ echo /home/osstest/repos ++ repos=/home/osstest/repos ++ repos_lock=/home/osstest/repos/lock ++ '[' x '!=' x/home/osstest/repos/lock ']' ++ OSSTEST_REPOS_LOCK_LOCKED=/home/osstest/repos/lock ++ exec with-lock-ex -w /home/osstest/repos/lock ./ap-push rumprun 39a97f37a85e44c69b662f6b97b688fbe892603b + branch=rumprun + revision=39a97f37a85e44c69b662f6b97b688fbe892603b + . ./cri-lock-repos ++ . ./cri-common +++ . ./cri-getconfig +++ umask 002 +++ getrepos ++++ getconfig Repos ++++ perl -e ' use Osstest; readglobalconfig(); print $c{"Repos"} or die $!; ' +++ local repos=/home/osstest/repos +++ '[' -z /home/osstest/repos ']' +++ '[' '!' -d /home/osstest/repos ']' +++ echo /home/osstest/repos ++ repos=/home/osstest/repos ++ repos_lock=/home/osstest/repos/lock ++ '[' x/home/osstest/repos/lock '!=' x/home/osstest/repos/lock ']' + . ./cri-common ++ . ./cri-getconfig ++ umask 002 + select_xenbranch + case "$branch" in + tree=rumprun + xenbranch=xen-unstable + '[' xrumprun = xlinux ']' + linuxbranch= + '[' x = x ']' + qemuubranch=qemu-upstream-unstable + select_prevxenbranch ++ ./cri-getprevxenbranch xen-unstable + prevxenbranch=xen-4.7-testing + '[' x39a97f37a85e44c69b662f6b97b688fbe892603b = x ']' + : tested/2.6.39.x + . ./ap-common ++ : osst...@xenbits.xen.org +++ getconfig OsstestUpstream +++ perl -e ' use Osstest; readglobalconfig(); print $c{"OsstestUpstream"} or die $!; ' ++ : ++ : git://xenbits.xen.org/xen.git ++ : osst...@xenbits.xen.org:/home/xen/git/xen.git ++ : git://xenbits.xen.org/qemu-xen-traditional.git ++ : git://git.kernel.org ++ : git://git.kernel.org/pub/scm/linux/kernel/git ++ : git ++ : git://xenbits.xen.org/xtf.git ++ : osst...@xenbits.xen.org:/home/xen/git/xtf.git ++ : git://xenbits.xen.org/xtf.git ++ : git://xenbits.xen.org/libvirt.git ++ : osst...@xenbits.xen.org:/home/xen/git/libvirt.git ++ : git://xenbits.xen.org/libvirt.git ++ : http://repo.rumpkernel.org/rumprun ++ : git ++ : git://xenbits.xen.org/osstest/rumprun.git ++ : osst...@xenbits.xen.org:/home/xen/git/osstest/rumprun.git ++ : git://git.seabios.org/seabios.git ++ : osst...@xenbits.xen.org:/home/xen/git/osstest/seabios.git ++ : git://xenbits.xen.org/osstest/seabios.git ++ : https://github.com/tianocore/edk2.git ++ : osst...@xenbits.xen.org:/home/xen/git/osstest/ovmf.git ++ : git://xenbits.xen.org/osstest/ovmf.git ++ : git://xenbits.xen.org/osstest/linux-firmware.git ++ : osst...@xenbits.xen.org:/home/osstest/ext/linux-firmware.git ++ : git://git.kernel.org/pub/scm/linux/kernel/git/firmware/linux-firmware.git ++ : osst...@xenbits.xen.org:/home/xen/git/linux-pvops.git ++ : git://xenbits.xen.org/linux-pvops.git ++ : tested/linux-3.14 ++ : tested/linux-arm-xen ++ '[' xgit://xenbits.xen.org/linux-pvops.git = x ']' ++ '[' x = x ']' ++ : git://xenbits.xen.org/linux-pvops.git ++ : tested/linux-arm-xen ++ : git://git.kernel.org/pub/scm/linux/kernel/git/konrad/xen.git ++ : tested/2.6.39.x ++ : daily-cron.rumprun ++ : daily-cron.rumprun ++ : daily-cron.rumprun ++ : daily-cron.rumprun ++ : daily-cron.rumprun ++ : daily-cron.rumprun ++ : daily-cron.rumprun ++ : http://hg.uk.xensource.com/carbon/trunk/linux-2.6.27 ++ : git://xenbits.xen.org/qemu-xen.git ++ : osst...@xenbits.xen.org:/home/xen/git/qemu-xen.git ++ : daily-cron.rumprun ++ : git://xenbits.xen.org/qemu-xen.git ++ : git://git.qemu.org/qemu.git + TREE_LINUX=osst...@xenbits.xen.org:/home/xen/git/linux-pvops.git + TREE_QEMU_UPSTREAM=osst...@xenbits.xen.org:/home/xen/git/qemu-xen.git + TREE_XEN=osst...@xenbits.xen.org:/home/xen/git/xen.git + TREE_LIBVIRT=osst...@xenbits.xen.org:/home/xen/git/libvirt.git + TREE_RUMPRUN=osst...@xenbits.xen.org:/home/xen/git/osstest/rumprun.git + TREE_SEABIOS=osst...@xenbits.xen.org:/home/xen/git/osstest/seabios.git + TREE_OVMF=osst...@xenbits.xen.org:/home/xen/git/osstest/ovmf.git + TREE_XTF=osst...@xenbits.xen.org:/home/xen/git/xtf.git + info_linux_tree rumprun + case $1 in + return 1 + case "$branch" in + cd /home/osstest/repos/rumprun + git push osst...@xenbits.xen.org:/home/xen/git/osstest/rumprun.git 39a97f37a85e44c69b662f6b97b688fbe892603b:refs/heads/xen-tested-master To osst...@xenbits.xen.org:/home/xen/git/osstest/rumprun.git 30d72f3..39a97f3 39a97f37a85e44c69b662f6b97b688fbe892603b -> xen-tested-master _______________________________________________ Xen-devel mailing list Xen-devel@lists.xen.org https://lists.xen.org/xen-devel