This run is configured for baseline tests only.

flight 67926 qemu-mainline real [real]
http://osstest.xs.citrite.net/~osstest/testlogs/logs/67926/

Regressions :-(

Tests which did not succeed and are blocking,
including tests which could not be run:
 test-amd64-i386-libvirt-qemuu-debianhvm-amd64-xsm 9 debian-hvm-install fail 
REGR. vs. 67884
 test-amd64-i386-xl-qemuu-debianhvm-amd64 9 debian-hvm-install fail REGR. vs. 
67884
 test-amd64-i386-freebsd10-i386 10 guest-start             fail REGR. vs. 67884
 test-amd64-amd64-xl-qemuu-debianhvm-amd64 9 debian-hvm-install fail REGR. vs. 
67884

Regressions which are regarded as allowable (not blocking):
 test-amd64-amd64-qemuu-nested-intel 16 debian-hvm-install/l1/l2 fail like 67884
 test-amd64-amd64-amd64-pvgrub 10 guest-start                  fail  like 67884
 test-amd64-i386-xl-qemuu-winxpsp3-vcpus1  9 windows-install    fail like 67884

Tests which did not succeed, but are not blocking:
 test-amd64-amd64-xl-pvh-intel 11 guest-start                  fail  never pass
 test-armhf-armhf-xl-multivcpu 12 migrate-support-check        fail  never pass
 test-armhf-armhf-xl-multivcpu 13 saverestore-support-check    fail  never pass
 test-armhf-armhf-xl-xsm      12 migrate-support-check        fail   never pass
 test-armhf-armhf-xl-xsm      13 saverestore-support-check    fail   never pass
 test-armhf-armhf-libvirt     12 migrate-support-check        fail   never pass
 test-armhf-armhf-libvirt-xsm 12 migrate-support-check        fail   never pass
 test-armhf-armhf-libvirt-xsm 14 guest-saverestore            fail   never pass
 test-armhf-armhf-libvirt     14 guest-saverestore            fail   never pass
 test-armhf-armhf-xl          12 migrate-support-check        fail   never pass
 test-armhf-armhf-xl          13 saverestore-support-check    fail   never pass
 test-amd64-i386-libvirt      12 migrate-support-check        fail   never pass
 test-amd64-amd64-xl-pvh-amd  11 guest-start                  fail   never pass
 test-armhf-armhf-xl-rtds     12 migrate-support-check        fail   never pass
 test-armhf-armhf-xl-rtds     13 saverestore-support-check    fail   never pass
 test-amd64-i386-libvirt-xsm  12 migrate-support-check        fail   never pass
 test-armhf-armhf-libvirt-qcow2 11 migrate-support-check        fail never pass
 test-armhf-armhf-libvirt-qcow2 13 guest-saverestore            fail never pass
 test-amd64-amd64-libvirt     12 migrate-support-check        fail   never pass
 test-amd64-amd64-libvirt-xsm 12 migrate-support-check        fail   never pass
 test-armhf-armhf-libvirt-raw 11 migrate-support-check        fail   never pass
 test-armhf-armhf-libvirt-raw 13 guest-saverestore            fail   never pass
 test-armhf-armhf-xl-vhd      11 migrate-support-check        fail   never pass
 test-armhf-armhf-xl-vhd      12 saverestore-support-check    fail   never pass
 test-armhf-armhf-xl-midway   12 migrate-support-check        fail   never pass
 test-armhf-armhf-xl-midway   13 saverestore-support-check    fail   never pass
 test-amd64-amd64-libvirt-qemuu-debianhvm-amd64-xsm 10 migrate-support-check 
fail never pass
 test-amd64-amd64-qemuu-nested-amd 16 debian-hvm-install/l1/l2  fail never pass
 test-armhf-armhf-xl-credit2  12 migrate-support-check        fail   never pass
 test-armhf-armhf-xl-credit2  13 saverestore-support-check    fail   never pass
 test-amd64-amd64-xl-qemuu-win7-amd64 16 guest-stop             fail never pass
 test-amd64-i386-xl-qemuu-win7-amd64 16 guest-stop              fail never pass
 test-amd64-amd64-libvirt-vhd 11 migrate-support-check        fail   never pass

version targeted for testing:
 qemuu                b49e452fe994f8fbcd22bf5a87b79a2355481318
baseline version:
 qemuu                6aa5a3679449cdf0b6fe5a6829b22e642ded57fd

Last test of basis    67884  2016-10-14 23:17:50 Z    9 days
Testing same since    67926  2016-10-24 10:13:55 Z    0 days    1 attempts

------------------------------------------------------------
People who touched revisions under test:
  Aleksandar Markovic <aleksandar.marko...@imgtec.com>
  Aleksandar Rikalo <aleksandar.rik...@imgtec.com>
  Alex Bennée <alex.ben...@linaro.org>
  Alex Williamson <alex.william...@redhat.com>
  Alistair Francis <alistair.fran...@xilinx.com>
  Andreas Färber <afaer...@suse.de>
  Andrew Jones <drjo...@redhat.com>
  Ashijeet Acharya <ashijeetacha...@gmail.com>
  Benjamin Herrenschmidt <b...@kernel.crashing.org>
  Cao jin <caoj.f...@cn.fujitsu.com>
  Christopher Covington <c...@codeaurora.org>
  Cédric Le Goater <c...@kaod.org>
  Daniel P. Berrange <berra...@redhat.com>
  David Gibson <da...@gibson.dropbear.id.au>
  Dejan Jovicevic <dejan.jovice...@rt-rk.com>
  Dr. David Alan Gilbert <dgilb...@redhat.com>
  Edgar E. Iglesias <edgar.igles...@xilinx.com>
  Eduardo Habkost <ehabk...@redhat.com>
  Eric Auger <eric.au...@redhat.com>
  Eric Blake <ebl...@redhat.com>
  Fam Zheng <f...@redhat.com>
  Felix Janda <felix.ja...@posteo.de>
  Gonglei <arei.gong...@huawei.com>
  Greg Kurz <gr...@kaod.org>
  Juan Quintela <quint...@redhat.com>
  Laurent Vivier <laur...@vivier.eu>
  Laurent Vivier <lviv...@redhat.com>
  Li Qiang <liqiang...@360.cn>
  Markus Armbruster <arm...@redhat.com>
  Michael Olbrich <m.olbr...@pengutronix.de>
  Michael Roth <mdr...@linux.vnet.ibm.com>
  Miroslav Tisma <miroslav.ti...@imgtec.com>
  Nikunj A Dadhania <nik...@linux.vnet.ibm.com>
  Paolo Bonzini <pbonz...@redhat.com>
  Peter Maydell <peter.mayd...@linaro.org>
  Radim Krčmář <rkrc...@redhat.com>
  Riku Voipio <riku.voi...@linaro.org>
  Rutuja Shah <rutu.shah...@gmail.com>
  Thomas Hanson <thomas.han...@linaro.org>
  Thomas Huth <th...@redhat.com>
  Thorsten Kohfeldt <thorsten.kohfe...@gmx.de>
  Vijay Kumar B <vijayku...@zilogic.com>
  Vijay Kumar B. <vijayku...@zilogic.com>

jobs:
 build-amd64-xsm                                              pass    
 build-armhf-xsm                                              pass    
 build-i386-xsm                                               pass    
 build-amd64                                                  pass    
 build-armhf                                                  pass    
 build-i386                                                   pass    
 build-amd64-libvirt                                          pass    
 build-armhf-libvirt                                          pass    
 build-i386-libvirt                                           pass    
 build-amd64-pvops                                            pass    
 build-armhf-pvops                                            pass    
 build-i386-pvops                                             pass    
 test-amd64-amd64-xl                                          pass    
 test-armhf-armhf-xl                                          pass    
 test-amd64-i386-xl                                           pass    
 test-amd64-amd64-libvirt-qemuu-debianhvm-amd64-xsm           pass    
 test-amd64-i386-libvirt-qemuu-debianhvm-amd64-xsm            fail    
 test-amd64-amd64-xl-qemuu-debianhvm-amd64-xsm                pass    
 test-amd64-i386-xl-qemuu-debianhvm-amd64-xsm                 pass    
 test-amd64-amd64-libvirt-xsm                                 pass    
 test-armhf-armhf-libvirt-xsm                                 fail    
 test-amd64-i386-libvirt-xsm                                  pass    
 test-amd64-amd64-xl-xsm                                      pass    
 test-armhf-armhf-xl-xsm                                      pass    
 test-amd64-i386-xl-xsm                                       pass    
 test-amd64-amd64-qemuu-nested-amd                            fail    
 test-amd64-amd64-xl-pvh-amd                                  fail    
 test-amd64-i386-qemuu-rhel6hvm-amd                           pass    
 test-amd64-amd64-xl-qemuu-debianhvm-amd64                    fail    
 test-amd64-i386-xl-qemuu-debianhvm-amd64                     fail    
 test-amd64-i386-freebsd10-amd64                              pass    
 test-amd64-amd64-xl-qemuu-ovmf-amd64                         pass    
 test-amd64-i386-xl-qemuu-ovmf-amd64                          pass    
 test-amd64-amd64-xl-qemuu-win7-amd64                         fail    
 test-amd64-i386-xl-qemuu-win7-amd64                          fail    
 test-amd64-amd64-xl-credit2                                  pass    
 test-armhf-armhf-xl-credit2                                  pass    
 test-amd64-i386-freebsd10-i386                               fail    
 test-amd64-amd64-qemuu-nested-intel                          fail    
 test-amd64-amd64-xl-pvh-intel                                fail    
 test-amd64-i386-qemuu-rhel6hvm-intel                         pass    
 test-amd64-amd64-libvirt                                     pass    
 test-armhf-armhf-libvirt                                     fail    
 test-amd64-i386-libvirt                                      pass    
 test-armhf-armhf-xl-midway                                   pass    
 test-amd64-amd64-xl-multivcpu                                pass    
 test-armhf-armhf-xl-multivcpu                                pass    
 test-amd64-amd64-pair                                        pass    
 test-amd64-i386-pair                                         pass    
 test-amd64-amd64-libvirt-pair                                pass    
 test-amd64-i386-libvirt-pair                                 pass    
 test-amd64-amd64-amd64-pvgrub                                fail    
 test-amd64-amd64-i386-pvgrub                                 pass    
 test-amd64-amd64-pygrub                                      pass    
 test-armhf-armhf-libvirt-qcow2                               fail    
 test-amd64-amd64-xl-qcow2                                    pass    
 test-armhf-armhf-libvirt-raw                                 fail    
 test-amd64-i386-xl-raw                                       pass    
 test-amd64-amd64-xl-rtds                                     pass    
 test-armhf-armhf-xl-rtds                                     pass    
 test-amd64-i386-xl-qemuu-winxpsp3-vcpus1                     fail    
 test-amd64-amd64-libvirt-vhd                                 pass    
 test-armhf-armhf-xl-vhd                                      pass    
 test-amd64-amd64-xl-qemuu-winxpsp3                           pass    
 test-amd64-i386-xl-qemuu-winxpsp3                            pass    


------------------------------------------------------------
sg-report-flight on osstest.xs.citrite.net
logs: /home/osstest/logs
images: /home/osstest/images

Logs, config files, etc. are available at
    http://osstest.xs.citrite.net/~osstest/testlogs/logs

Test harness code can be found at
    http://xenbits.xensource.com/gitweb?p=osstest.git;a=summary


Push not applicable.

(No revision log; it would be 3079 lines long.)

_______________________________________________
Xen-devel mailing list
Xen-devel@lists.xen.org
https://lists.xen.org/xen-devel

Reply via email to