flight 101542 xen-unstable-coverity real [real] http://logs.test-lab.xenproject.org/osstest/logs/101542/
Regressions :-( Tests which did not succeed and are blocking, including tests which could not be run: coverity-amd64 6 coverity-upload fail REGR. vs. 101279 version targeted for testing: xen f9acf51a163a98d1b511d654299cf191cdb418a0 baseline version: xen b7dd797c7fe4cd849018f78f6c7b9eb3d33b89d8 Last test of basis 101279 2016-10-05 09:19:19 Z 14 days Failing since 101343 2016-10-09 09:18:41 Z 10 days 4 attempts Testing same since 101542 2016-10-19 09:19:06 Z 0 days 1 attempts ------------------------------------------------------------ People who touched revisions under test: Alistair Francis <alistair.fran...@xilinx.com> Andrew Cooper <andrew.coop...@citrix.com> Dario Faggioli <dario.faggi...@citrix.com> Edgar E. Iglesias <edgar.igles...@xilinx.com> George Dunlap <george.dun...@citrix.com> Ian Jackson <ian.jack...@eu.citrix.com> Igor Druzhinin <igor.druzhi...@citrix.com> Jan Beulich <jbeul...@suse.com> Konrad Rzeszutek Wilk <konrad.w...@oracle.com> Lan Tianyu <tianyu....@intel.com> Razvan Cojocaru <rcojoc...@bitdefender.com> Ronald Rojas <ronlad...@gmail.com> Stefano Stabellini <sstabell...@kernel.org> Steve Capper <steve.cap...@linaro.org> Wei Liu <wei.l...@citrix.com> jobs: coverity-amd64 fail ------------------------------------------------------------ sg-report-flight on osstest.test-lab.xenproject.org logs: /home/logs/logs images: /home/logs/images Logs, config files, etc. are available at http://logs.test-lab.xenproject.org/osstest/logs Explanation of these reports, and of osstest in general, is at http://xenbits.xen.org/gitweb/?p=osstest.git;a=blob;f=README.email;hb=master http://xenbits.xen.org/gitweb/?p=osstest.git;a=blob;f=README;hb=master Test harness code can be found at http://xenbits.xen.org/gitweb?p=osstest.git;a=summary Not pushing. (No revision log; it would be 424 lines long.) _______________________________________________ Xen-devel mailing list Xen-devel@lists.xen.org https://lists.xen.org/xen-devel