This run is configured for baseline tests only. flight 67860 qemu-mainline real [real] http://osstest.xs.citrite.net/~osstest/testlogs/logs/67860/
Regressions :-( Tests which did not succeed and are blocking, including tests which could not be run: build-amd64 5 xen-build fail REGR. vs. 67857 test-armhf-armhf-libvirt-qcow2 9 debian-di-install fail REGR. vs. 67857 Tests which did not succeed, but are not blocking: build-amd64-libvirt 1 build-check(1) blocked n/a test-amd64-amd64-libvirt-xsm 1 build-check(1) blocked n/a test-amd64-amd64-libvirt-vhd 1 build-check(1) blocked n/a test-amd64-amd64-libvirt-pair 1 build-check(1) blocked n/a test-amd64-amd64-libvirt 1 build-check(1) blocked n/a test-amd64-amd64-libvirt-qemuu-debianhvm-amd64-xsm 1 build-check(1) blocked n/a test-amd64-amd64-amd64-pvgrub 1 build-check(1) blocked n/a test-amd64-amd64-i386-pvgrub 1 build-check(1) blocked n/a test-amd64-amd64-pair 1 build-check(1) blocked n/a test-amd64-amd64-xl-credit2 1 build-check(1) blocked n/a test-amd64-amd64-pygrub 1 build-check(1) blocked n/a test-amd64-amd64-qemuu-nested-intel 1 build-check(1) blocked n/a test-amd64-i386-xl-qemuu-ovmf-amd64 1 build-check(1) blocked n/a test-amd64-i386-xl-raw 1 build-check(1) blocked n/a test-amd64-i386-xl-qemuu-winxpsp3-vcpus1 1 build-check(1) blocked n/a test-amd64-i386-libvirt 1 build-check(1) blocked n/a test-amd64-amd64-xl-multivcpu 1 build-check(1) blocked n/a test-amd64-i386-xl-qemuu-winxpsp3 1 build-check(1) blocked n/a test-amd64-i386-qemuu-rhel6hvm-intel 1 build-check(1) blocked n/a test-amd64-i386-xl-qemuu-win7-amd64 1 build-check(1) blocked n/a test-amd64-amd64-xl 1 build-check(1) blocked n/a test-amd64-amd64-xl-pvh-amd 1 build-check(1) blocked n/a test-amd64-i386-freebsd10-amd64 1 build-check(1) blocked n/a test-amd64-amd64-qemuu-nested-amd 1 build-check(1) blocked n/a test-amd64-i386-libvirt-pair 1 build-check(1) blocked n/a test-amd64-amd64-xl-qemuu-debianhvm-amd64 1 build-check(1) blocked n/a test-amd64-i386-freebsd10-i386 1 build-check(1) blocked n/a test-amd64-amd64-xl-pvh-intel 1 build-check(1) blocked n/a test-amd64-i386-qemuu-rhel6hvm-amd 1 build-check(1) blocked n/a test-amd64-i386-pair 1 build-check(1) blocked n/a test-amd64-i386-xl-qemuu-debianhvm-amd64 1 build-check(1) blocked n/a test-amd64-i386-xl 1 build-check(1) blocked n/a test-amd64-amd64-xl-qemuu-win7-amd64 1 build-check(1) blocked n/a test-amd64-amd64-xl-qemuu-winxpsp3 1 build-check(1) blocked n/a test-amd64-amd64-xl-qcow2 1 build-check(1) blocked n/a test-amd64-amd64-xl-rtds 1 build-check(1) blocked n/a test-amd64-amd64-xl-qemuu-ovmf-amd64 1 build-check(1) blocked n/a test-armhf-armhf-xl-credit2 12 migrate-support-check fail never pass test-armhf-armhf-xl-credit2 13 saverestore-support-check fail never pass test-armhf-armhf-xl 12 migrate-support-check fail never pass test-armhf-armhf-xl 13 saverestore-support-check fail never pass test-armhf-armhf-libvirt 12 migrate-support-check fail never pass test-armhf-armhf-libvirt 14 guest-saverestore fail never pass test-armhf-armhf-xl-midway 12 migrate-support-check fail never pass test-armhf-armhf-xl-midway 13 saverestore-support-check fail never pass test-armhf-armhf-xl-multivcpu 12 migrate-support-check fail never pass test-armhf-armhf-xl-multivcpu 13 saverestore-support-check fail never pass test-amd64-i386-libvirt-qemuu-debianhvm-amd64-xsm 10 migrate-support-check fail never pass test-armhf-armhf-xl-rtds 12 migrate-support-check fail never pass test-armhf-armhf-xl-rtds 13 saverestore-support-check fail never pass test-amd64-i386-libvirt-xsm 12 migrate-support-check fail never pass test-armhf-armhf-xl-vhd 11 migrate-support-check fail never pass test-armhf-armhf-xl-vhd 12 saverestore-support-check fail never pass test-armhf-armhf-xl-xsm 12 migrate-support-check fail never pass test-armhf-armhf-xl-xsm 13 saverestore-support-check fail never pass test-armhf-armhf-libvirt-xsm 12 migrate-support-check fail never pass test-armhf-armhf-libvirt-xsm 14 guest-saverestore fail never pass test-armhf-armhf-libvirt-raw 11 migrate-support-check fail never pass test-armhf-armhf-libvirt-raw 13 guest-saverestore fail never pass version targeted for testing: qemuu 627eae7d729277c84f8e0ac07a8caab39c92c38d baseline version: qemuu 0f183e679d85fec74fc83f35f973cf8e56d97861 Last test of basis 67857 2016-10-11 02:17:41 Z 0 days Testing same since 67860 2016-10-11 11:14:03 Z 0 days 1 attempts ------------------------------------------------------------ People who touched revisions under test: Daniel P. Berrange <berra...@redhat.com> Feng Wu <feng...@intel.com> Greg Kurz <gr...@kaod.org> Halil Pasic <pa...@linux.vnet.ibm.com> Igor Mammedov <imamm...@redhat.com> Ladi Prosek <lpro...@redhat.com> Liang Li <liang.z...@intel.com> Michael S. Tsirkin <m...@redhat.com> Peter Maydell <peter.mayd...@linaro.org> Sascha Silbe <si...@linux.vnet.ibm.com> Stefan Hajnoczi <stefa...@redhat.com> jobs: build-amd64-xsm pass build-armhf-xsm pass build-i386-xsm pass build-amd64 fail build-armhf pass build-i386 pass build-amd64-libvirt blocked build-armhf-libvirt pass build-i386-libvirt pass build-amd64-pvops pass build-armhf-pvops pass build-i386-pvops pass test-amd64-amd64-xl blocked test-armhf-armhf-xl pass test-amd64-i386-xl blocked test-amd64-amd64-libvirt-qemuu-debianhvm-amd64-xsm blocked test-amd64-i386-libvirt-qemuu-debianhvm-amd64-xsm pass test-amd64-amd64-xl-qemuu-debianhvm-amd64-xsm pass test-amd64-i386-xl-qemuu-debianhvm-amd64-xsm pass test-amd64-amd64-libvirt-xsm blocked test-armhf-armhf-libvirt-xsm fail test-amd64-i386-libvirt-xsm pass test-amd64-amd64-xl-xsm pass test-armhf-armhf-xl-xsm pass test-amd64-i386-xl-xsm pass test-amd64-amd64-qemuu-nested-amd blocked test-amd64-amd64-xl-pvh-amd blocked test-amd64-i386-qemuu-rhel6hvm-amd blocked test-amd64-amd64-xl-qemuu-debianhvm-amd64 blocked test-amd64-i386-xl-qemuu-debianhvm-amd64 blocked test-amd64-i386-freebsd10-amd64 blocked test-amd64-amd64-xl-qemuu-ovmf-amd64 blocked test-amd64-i386-xl-qemuu-ovmf-amd64 blocked test-amd64-amd64-xl-qemuu-win7-amd64 blocked test-amd64-i386-xl-qemuu-win7-amd64 blocked test-amd64-amd64-xl-credit2 blocked test-armhf-armhf-xl-credit2 pass test-amd64-i386-freebsd10-i386 blocked test-amd64-amd64-qemuu-nested-intel blocked test-amd64-amd64-xl-pvh-intel blocked test-amd64-i386-qemuu-rhel6hvm-intel blocked test-amd64-amd64-libvirt blocked test-armhf-armhf-libvirt fail test-amd64-i386-libvirt blocked test-armhf-armhf-xl-midway pass test-amd64-amd64-xl-multivcpu blocked test-armhf-armhf-xl-multivcpu pass test-amd64-amd64-pair blocked test-amd64-i386-pair blocked test-amd64-amd64-libvirt-pair blocked test-amd64-i386-libvirt-pair blocked test-amd64-amd64-amd64-pvgrub blocked test-amd64-amd64-i386-pvgrub blocked test-amd64-amd64-pygrub blocked test-armhf-armhf-libvirt-qcow2 fail test-amd64-amd64-xl-qcow2 blocked test-armhf-armhf-libvirt-raw fail test-amd64-i386-xl-raw blocked test-amd64-amd64-xl-rtds blocked test-armhf-armhf-xl-rtds pass test-amd64-i386-xl-qemuu-winxpsp3-vcpus1 blocked test-amd64-amd64-libvirt-vhd blocked test-armhf-armhf-xl-vhd pass test-amd64-amd64-xl-qemuu-winxpsp3 blocked test-amd64-i386-xl-qemuu-winxpsp3 blocked ------------------------------------------------------------ sg-report-flight on osstest.xs.citrite.net logs: /home/osstest/logs images: /home/osstest/images Logs, config files, etc. are available at http://osstest.xs.citrite.net/~osstest/testlogs/logs Test harness code can be found at http://xenbits.xensource.com/gitweb?p=osstest.git;a=summary Push not applicable. (No revision log; it would be 697 lines long.) _______________________________________________ Xen-devel mailing list Xen-devel@lists.xen.org https://lists.xen.org/xen-devel