This run is configured for baseline tests only.

flight 67760 qemu-mainline real [real]
http://osstest.xs.citrite.net/~osstest/testlogs/logs/67760/

Regressions :-(

Tests which did not succeed and are blocking,
including tests which could not be run:
 test-amd64-amd64-qemuu-nested-intel 17 capture-logs/l1(17) fail REGR. vs. 67756

Regressions which are regarded as allowable (not blocking):
 test-amd64-amd64-qemuu-nested-intel 16 debian-hvm-install/l1/l2 fail like 67756
 test-amd64-amd64-amd64-pvgrub 10 guest-start                  fail  like 67756

Tests which did not succeed, but are not blocking:
 test-armhf-armhf-xl-midway   12 migrate-support-check        fail   never pass
 test-armhf-armhf-xl-midway   13 saverestore-support-check    fail   never pass
 test-armhf-armhf-xl-multivcpu 12 migrate-support-check        fail  never pass
 test-armhf-armhf-xl-multivcpu 13 saverestore-support-check    fail  never pass
 test-amd64-amd64-libvirt     12 migrate-support-check        fail   never pass
 test-armhf-armhf-xl-rtds     12 migrate-support-check        fail   never pass
 test-armhf-armhf-xl-rtds     13 saverestore-support-check    fail   never pass
 test-armhf-armhf-xl-vhd      11 migrate-support-check        fail   never pass
 test-armhf-armhf-xl-vhd      12 saverestore-support-check    fail   never pass
 test-amd64-i386-libvirt-xsm  12 migrate-support-check        fail   never pass
 test-armhf-armhf-libvirt-raw 11 migrate-support-check        fail   never pass
 test-armhf-armhf-libvirt-raw 13 guest-saverestore            fail   never pass
 test-amd64-i386-libvirt-qemuu-debianhvm-amd64-xsm 10 migrate-support-check 
fail never pass
 test-amd64-amd64-libvirt-vhd 11 migrate-support-check        fail   never pass
 test-armhf-armhf-xl-xsm      12 migrate-support-check        fail   never pass
 test-armhf-armhf-xl-xsm      13 saverestore-support-check    fail   never pass
 test-amd64-amd64-libvirt-qemuu-debianhvm-amd64-xsm 10 migrate-support-check 
fail never pass
 test-armhf-armhf-xl          12 migrate-support-check        fail   never pass
 test-armhf-armhf-xl          13 saverestore-support-check    fail   never pass
 test-armhf-armhf-libvirt     12 migrate-support-check        fail   never pass
 test-armhf-armhf-libvirt     14 guest-saverestore            fail   never pass
 test-armhf-armhf-libvirt-xsm 12 migrate-support-check        fail   never pass
 test-armhf-armhf-libvirt-xsm 14 guest-saverestore            fail   never pass
 test-armhf-armhf-xl-credit2  12 migrate-support-check        fail   never pass
 test-armhf-armhf-xl-credit2  13 saverestore-support-check    fail   never pass
 test-amd64-i386-libvirt      12 migrate-support-check        fail   never pass
 test-amd64-amd64-xl-pvh-amd  11 guest-start                  fail   never pass
 test-armhf-armhf-libvirt-qcow2 11 migrate-support-check        fail never pass
 test-armhf-armhf-libvirt-qcow2 13 guest-saverestore            fail never pass
 test-amd64-amd64-qemuu-nested-amd 16 debian-hvm-install/l1/l2  fail never pass
 test-amd64-amd64-libvirt-xsm 12 migrate-support-check        fail   never pass
 test-amd64-amd64-xl-pvh-intel 11 guest-start                  fail  never pass
 test-amd64-amd64-xl-qemuu-win7-amd64 16 guest-stop             fail never pass
 test-amd64-i386-xl-qemuu-win7-amd64 16 guest-stop              fail never pass

version targeted for testing:
 qemuu                3b71ec8516bb50e9a743645bf139571de0b39f61
baseline version:
 qemuu                e678c56f169bb576b607cda2a39c0b626ebfb221

Last test of basis    67756  2016-09-23 19:16:49 Z    0 days
Testing same since    67760  2016-09-24 12:45:29 Z    0 days    1 attempts

------------------------------------------------------------
People who touched revisions under test:
  Alberto Garcia <be...@igalia.com>
  Aleksandar Markovic <aleksandar.marko...@imgtec.com>
  Aleksandar Rikalo <aleksandar.rik...@imgtec.com>
  Alexey Kardashevskiy <a...@ozlabs.ru>
  André Draszik <g...@andred.net>
  Benjamin Herrenschmidt <b...@kernel.crashing.org>
  Bharata B Rao <bhar...@linux.vnet.ibm.com>
  Cédric Le Goater <c...@kaod.org>
  Daniel P. Berrange <berra...@redhat.com>
  David Gibson <da...@gibson.dropbear.id.au>
  Denis V. Lunev <d...@openvz.org>
  Dr. David Alan Gilbert <dgilb...@redhat.com>
  Eduardo Habkost <ehabk...@redhat.com>
  Eric Blake <ebl...@redhat.com>
  Fam Zheng <f...@redhat.com>
  Greg Kurz <gr...@kaod.org>
  He Rongguang <herongguang...@huawei.com>
  Herongguang (Stephen) <herongguang...@huawei.com>
  John Arbuckle <programmingk...@gmail.com>
  Kevin Wolf <kw...@redhat.com>
  Laurent Vivier <lviv...@redhat.com>
  Leon Alrae <leon.al...@imgtec.com>
  Lin Ma <l...@suse.com>
  Michael Walle <mich...@walle.cc>
  Miodrag Dinic <miodrag.di...@imgtec.com>
  Nathan Whitehorn <nwhiteh...@freebsd.org>
  Nikunj A Dadhania <nik...@linux.vnet.ibm.com>
  Paolo Bonzini <pbonz...@redhat.com>
  Peter Maydell <peter.mayd...@linaro.org>
  Rajalakshmi Srinivasaraghavan <r...@linux.vnet.ibm.com>
  Ravi Bangoria <ravi.bango...@linux.vnet.ibm.com>
  Riku Voipio <riku.voi...@linaro.org>
  Thomas Huth <th...@redhat.com>

jobs:
 build-amd64-xsm                                              pass    
 build-armhf-xsm                                              pass    
 build-i386-xsm                                               pass    
 build-amd64                                                  pass    
 build-armhf                                                  pass    
 build-i386                                                   pass    
 build-amd64-libvirt                                          pass    
 build-armhf-libvirt                                          pass    
 build-i386-libvirt                                           pass    
 build-amd64-pvops                                            pass    
 build-armhf-pvops                                            pass    
 build-i386-pvops                                             pass    
 test-amd64-amd64-xl                                          pass    
 test-armhf-armhf-xl                                          pass    
 test-amd64-i386-xl                                           pass    
 test-amd64-amd64-libvirt-qemuu-debianhvm-amd64-xsm           pass    
 test-amd64-i386-libvirt-qemuu-debianhvm-amd64-xsm            pass    
 test-amd64-amd64-xl-qemuu-debianhvm-amd64-xsm                pass    
 test-amd64-i386-xl-qemuu-debianhvm-amd64-xsm                 pass    
 test-amd64-amd64-libvirt-xsm                                 pass    
 test-armhf-armhf-libvirt-xsm                                 fail    
 test-amd64-i386-libvirt-xsm                                  pass    
 test-amd64-amd64-xl-xsm                                      pass    
 test-armhf-armhf-xl-xsm                                      pass    
 test-amd64-i386-xl-xsm                                       pass    
 test-amd64-amd64-qemuu-nested-amd                            fail    
 test-amd64-amd64-xl-pvh-amd                                  fail    
 test-amd64-i386-qemuu-rhel6hvm-amd                           pass    
 test-amd64-amd64-xl-qemuu-debianhvm-amd64                    pass    
 test-amd64-i386-xl-qemuu-debianhvm-amd64                     pass    
 test-amd64-i386-freebsd10-amd64                              pass    
 test-amd64-amd64-xl-qemuu-ovmf-amd64                         pass    
 test-amd64-i386-xl-qemuu-ovmf-amd64                          pass    
 test-amd64-amd64-xl-qemuu-win7-amd64                         fail    
 test-amd64-i386-xl-qemuu-win7-amd64                          fail    
 test-amd64-amd64-xl-credit2                                  pass    
 test-armhf-armhf-xl-credit2                                  pass    
 test-amd64-i386-freebsd10-i386                               pass    
 test-amd64-amd64-qemuu-nested-intel                          fail    
 test-amd64-amd64-xl-pvh-intel                                fail    
 test-amd64-i386-qemuu-rhel6hvm-intel                         pass    
 test-amd64-amd64-libvirt                                     pass    
 test-armhf-armhf-libvirt                                     fail    
 test-amd64-i386-libvirt                                      pass    
 test-armhf-armhf-xl-midway                                   pass    
 test-amd64-amd64-xl-multivcpu                                pass    
 test-armhf-armhf-xl-multivcpu                                pass    
 test-amd64-amd64-pair                                        pass    
 test-amd64-i386-pair                                         pass    
 test-amd64-amd64-libvirt-pair                                pass    
 test-amd64-i386-libvirt-pair                                 pass    
 test-amd64-amd64-amd64-pvgrub                                fail    
 test-amd64-amd64-i386-pvgrub                                 pass    
 test-amd64-amd64-pygrub                                      pass    
 test-armhf-armhf-libvirt-qcow2                               fail    
 test-amd64-amd64-xl-qcow2                                    pass    
 test-armhf-armhf-libvirt-raw                                 fail    
 test-amd64-i386-xl-raw                                       pass    
 test-amd64-amd64-xl-rtds                                     pass    
 test-armhf-armhf-xl-rtds                                     pass    
 test-amd64-i386-xl-qemuu-winxpsp3-vcpus1                     pass    
 test-amd64-amd64-libvirt-vhd                                 pass    
 test-armhf-armhf-xl-vhd                                      pass    
 test-amd64-amd64-xl-qemuu-winxpsp3                           pass    
 test-amd64-i386-xl-qemuu-winxpsp3                            pass    


------------------------------------------------------------
sg-report-flight on osstest.xs.citrite.net
logs: /home/osstest/logs
images: /home/osstest/images

Logs, config files, etc. are available at
    http://osstest.xs.citrite.net/~osstest/testlogs/logs

Test harness code can be found at
    http://xenbits.xensource.com/gitweb?p=osstest.git;a=summary


Push not applicable.

(No revision log; it would be 2056 lines long.)

_______________________________________________
Xen-devel mailing list
Xen-devel@lists.xen.org
https://lists.xen.org/xen-devel

Reply via email to