This run is configured for baseline tests only. flight 67638 linux-4.1 real [real] http://osstest.xs.citrite.net/~osstest/testlogs/logs/67638/
Regressions :-( Tests which did not succeed and are blocking, including tests which could not be run: test-amd64-amd64-xl-xsm 11 guest-start fail REGR. vs. 67584 test-armhf-armhf-xl-midway 18 leak-check/check fail REGR. vs. 67584 test-amd64-i386-xl-raw 15 guest-saverestore.2 fail REGR. vs. 67584 test-amd64-amd64-xl-qemut-stubdom-debianhvm-amd64-xsm 9 debian-hvm-install fail REGR. vs. 67584 Regressions which are regarded as allowable (not blocking): build-amd64-rumpuserxen 6 xen-build fail like 67584 build-i386-rumpuserxen 6 xen-build fail like 67584 test-amd64-amd64-qemuu-nested-intel 16 debian-hvm-install/l1/l2 fail like 67584 test-amd64-i386-qemut-rhel6hvm-intel 9 redhat-install fail like 67584 test-amd64-i386-xl-qemuu-win7-amd64 16 guest-stop fail like 67584 test-amd64-amd64-xl-qemuu-win7-amd64 16 guest-stop fail like 67584 test-amd64-i386-xl-qemut-winxpsp3 9 windows-install fail like 67584 test-amd64-i386-xl-qemut-win7-amd64 9 windows-install fail like 67584 test-amd64-amd64-xl-qemut-winxpsp3 9 windows-install fail like 67584 Tests which did not succeed, but are not blocking: test-amd64-i386-rumpuserxen-i386 1 build-check(1) blocked n/a test-amd64-amd64-rumpuserxen-amd64 1 build-check(1) blocked n/a test-armhf-armhf-xl-multivcpu 12 migrate-support-check fail never pass test-armhf-armhf-xl-multivcpu 13 saverestore-support-check fail never pass test-armhf-armhf-xl-credit2 12 migrate-support-check fail never pass test-armhf-armhf-xl-credit2 13 saverestore-support-check fail never pass test-armhf-armhf-xl 12 migrate-support-check fail never pass test-armhf-armhf-xl 13 saverestore-support-check fail never pass test-armhf-armhf-libvirt-xsm 12 migrate-support-check fail never pass test-armhf-armhf-xl-xsm 12 migrate-support-check fail never pass test-armhf-armhf-xl-xsm 13 saverestore-support-check fail never pass test-armhf-armhf-libvirt-xsm 14 guest-saverestore fail never pass test-armhf-armhf-xl-midway 12 migrate-support-check fail never pass test-armhf-armhf-xl-midway 13 saverestore-support-check fail never pass test-armhf-armhf-libvirt 12 migrate-support-check fail never pass test-armhf-armhf-libvirt 14 guest-saverestore fail never pass test-amd64-i386-libvirt-xsm 12 migrate-support-check fail never pass test-amd64-amd64-xl-pvh-amd 11 guest-start fail never pass test-amd64-i386-libvirt-qemuu-debianhvm-amd64-xsm 10 migrate-support-check fail never pass test-amd64-amd64-xl-pvh-intel 14 guest-saverestore fail never pass test-amd64-amd64-libvirt 12 migrate-support-check fail never pass test-armhf-armhf-libvirt-qcow2 11 migrate-support-check fail never pass test-armhf-armhf-libvirt-qcow2 13 guest-saverestore fail never pass test-armhf-armhf-libvirt-raw 11 migrate-support-check fail never pass test-armhf-armhf-libvirt-raw 13 guest-saverestore fail never pass test-armhf-armhf-xl-rtds 12 migrate-support-check fail never pass test-armhf-armhf-xl-rtds 13 saverestore-support-check fail never pass test-amd64-amd64-libvirt-xsm 12 migrate-support-check fail never pass test-armhf-armhf-xl-vhd 11 migrate-support-check fail never pass test-armhf-armhf-xl-vhd 12 saverestore-support-check fail never pass test-amd64-i386-libvirt 12 migrate-support-check fail never pass test-amd64-amd64-libvirt-qemuu-debianhvm-amd64-xsm 10 migrate-support-check fail never pass test-amd64-amd64-libvirt-vhd 11 migrate-support-check fail never pass test-amd64-amd64-qemuu-nested-amd 16 debian-hvm-install/l1/l2 fail never pass test-amd64-amd64-xl-qemut-win7-amd64 16 guest-stop fail never pass version targeted for testing: linux 3b60b86aec06fbae1142ccc4e55b39b529ae2a25 baseline version: linux 99f614a3bb23603a947be2e95b78507112c484e5 Last test of basis 67584 2016-08-23 16:49:45 Z 13 days Testing same since 67638 2016-09-05 15:17:10 Z 0 days 1 attempts ------------------------------------------------------------ People who touched revisions under test: Agrawal, Nitesh-kumar <nitesh-kumar.agra...@amd.com> Alan Stern <st...@rowland.harvard.edu> Alex Deucher <alexander.deuc...@amd.com> Alexey Klimov <klimov.li...@gmail.com> Andrej Krutak <d...@andree.sk> Andrew Donnellan <andrew.donnel...@au1.ibm.com> Andrew Morton <a...@linux-foundation.org> Andrey Ryabinin <aryabi...@virtuozzo.com> Artem Bityutskiy <artem.bityuts...@linux.intel.com> Bart Van Assche <bart.vanass...@sandisk.com> Benjamin Coddington <bcodd...@redhat.com> Bjorn Helgaas <bhelg...@google.com> Bruno Wolff III <br...@wolff.to> Chen-Yu Tsai <w...@csie.org> Christian König <christian.koe...@amd.com> Christoph Huber <c.hu...@bct-electronic.com> Daniel Lezcano <daniel.lezc...@linaro.org> Daniel Mentz <danielme...@google.com> Daniel Vetter <daniel.vet...@ffwll.ch> Daniel Vetter <daniel.vet...@intel.com> Daniele Palmas <dnl...@gmail.com> Dave Airlie <airl...@redhat.com> Dave Carroll <david.carr...@microsemi.com> David S. Miller <da...@davemloft.net> David Vrabel <david.vra...@citrix.com> Dmitry Torokhov <dmitry.torok...@gmail.com> Dmitry Vyukov <dvyu...@google.com> Eric Dumazet <eduma...@google.com> Eric Wheeler <bca...@linux.ewheeler.net> Eric Wheeler <g...@linux.ewheeler.net> Felipe Balbi <ba...@ti.com> Felipe Balbi <felipe.ba...@linux.intel.com> Felix Fietkau <n...@nbd.name> Gavin Li <g...@thegavinli.com> Gavin Shan <gws...@linux.vnet.ibm.com> Greg Kroah-Hartman <gre...@linuxfoundation.org> Heikki Krogerus <heikki.kroge...@linux.intel.com> Helge Deller <del...@gmx.de> Herbert Xu <herb...@gondor.apana.org.au> Ingo Molnar <mi...@kernel.org> Jan Beulich <jbeul...@suse.com> Jani Nikula <jani.nik...@intel.com> Jason Baron <jba...@akamai.com> Jason S. McMullan <jason.mcmul...@netronome.com> Jens Axboe <ax...@fb.com> Jim Lin <ji...@nvidia.com> Johan Hovold <jo...@kernel.org> Johannes Berg <johannes.b...@intel.com> John Stultz <john.stu...@linaro.org> John Youn <john.y...@synopsys.com> John Youn <johny...@synopsys.com> Kent Overstreet <kent.overstr...@gmail.com> Laxman Dewangan <ldewan...@nvidia.com> Liav Rehana <li...@mellanox.com> Linus Torvalds <torva...@linux-foundation.org> Linus Walleij <linus.wall...@linaro.org> Lu Baolu <baolu...@linux.intel.com> Lubomir Rintel <lkund...@v3.sk> Marc Ohlf <o...@mkt-sys.de> Mark Brown <broo...@kernel.org> Martin K. Petersen <martin.peter...@oracle.com> Martin Schwidefsky <schwidef...@de.ibm.com> Masahiro Yamada <yamada.masah...@socionext.com> Mathias Nyman <mathias.ny...@linux.intel.com> Matthew Auld <matthew.a...@intel.com> Maxime Ripard <maxime.rip...@free-electrons.com> Michael Ellerman <m...@ellerman.id.au> Michael S. Tsirkin <m...@redhat.com> Michal Hocko <mho...@kernel.org> Mike Snitzer <snit...@redhat.com> Neal Cardwell <ncardw...@google.com> Nitesh Kumar Agrawal <nitesh-kumar.agra...@amd.com> Oleg Nesterov <o...@redhat.com> Oliver Neukum <oneu...@suse.com> Peter Meerwald-Stadler <p.meerw...@bct-electronic.com> Richard Schütz <rschu...@uni-koblenz.de> Richard Weinberger <rich...@nod.at> Robert Delien <rob...@delien.nl> Robert Deliën <rob...@delien.nl> Russell King <rmk+ker...@armlinux.org.uk> Sasha Levin <alexander.le...@verizon.com> Sheng-Hui J. Chu <s.jeffrey....@gmail.com> Simon Horman <simon.hor...@netronome.com> Stefan Haberland <s...@linux.vnet.ibm.com> Takashi Iwai <ti...@suse.de> Thierry Reding <tred...@nvidia.com> Thomas Gleixner <t...@linutronix.de> Vegard Nossum <vegard.nos...@oracle.com> Vincent Stehlé <vincent.ste...@intel.com> Vineet Gupta <vgu...@synopsys.com> Viresh Kumar <viresh.ku...@linaro.org> Wanpeng Li <wanpeng...@hotmail.com> Yoshihiro Shimoda <yoshihiro.shimoda...@renesas.com> Yuchung Cheng <ych...@google.com> jobs: build-amd64-xsm pass build-armhf-xsm pass build-i386-xsm pass build-amd64 pass build-armhf pass build-i386 pass build-amd64-libvirt pass build-armhf-libvirt pass build-i386-libvirt pass build-amd64-pvops pass build-armhf-pvops pass build-i386-pvops pass build-amd64-rumpuserxen fail build-i386-rumpuserxen fail test-amd64-amd64-xl pass test-armhf-armhf-xl pass test-amd64-i386-xl pass test-amd64-amd64-xl-qemut-debianhvm-amd64-xsm pass test-amd64-i386-xl-qemut-debianhvm-amd64-xsm pass test-amd64-amd64-libvirt-qemuu-debianhvm-amd64-xsm pass test-amd64-i386-libvirt-qemuu-debianhvm-amd64-xsm pass test-amd64-amd64-xl-qemuu-debianhvm-amd64-xsm pass test-amd64-i386-xl-qemuu-debianhvm-amd64-xsm pass test-amd64-amd64-xl-qemut-stubdom-debianhvm-amd64-xsm fail test-amd64-i386-xl-qemut-stubdom-debianhvm-amd64-xsm pass test-amd64-amd64-libvirt-xsm pass test-armhf-armhf-libvirt-xsm fail test-amd64-i386-libvirt-xsm pass test-amd64-amd64-xl-xsm fail test-armhf-armhf-xl-xsm pass test-amd64-i386-xl-xsm pass test-amd64-amd64-qemuu-nested-amd fail test-amd64-amd64-xl-pvh-amd fail test-amd64-i386-qemut-rhel6hvm-amd pass test-amd64-i386-qemuu-rhel6hvm-amd pass test-amd64-amd64-xl-qemut-debianhvm-amd64 pass test-amd64-i386-xl-qemut-debianhvm-amd64 pass test-amd64-amd64-xl-qemuu-debianhvm-amd64 pass test-amd64-i386-xl-qemuu-debianhvm-amd64 pass test-amd64-i386-freebsd10-amd64 pass test-amd64-amd64-xl-qemuu-ovmf-amd64 pass test-amd64-i386-xl-qemuu-ovmf-amd64 pass test-amd64-amd64-rumpuserxen-amd64 blocked test-amd64-amd64-xl-qemut-win7-amd64 fail test-amd64-i386-xl-qemut-win7-amd64 fail test-amd64-amd64-xl-qemuu-win7-amd64 fail test-amd64-i386-xl-qemuu-win7-amd64 fail test-amd64-amd64-xl-credit2 pass test-armhf-armhf-xl-credit2 pass test-amd64-i386-freebsd10-i386 pass test-amd64-i386-rumpuserxen-i386 blocked test-amd64-amd64-qemuu-nested-intel fail test-amd64-amd64-xl-pvh-intel fail test-amd64-i386-qemut-rhel6hvm-intel fail test-amd64-i386-qemuu-rhel6hvm-intel pass test-amd64-amd64-libvirt pass test-armhf-armhf-libvirt fail test-amd64-i386-libvirt pass test-armhf-armhf-xl-midway fail test-amd64-amd64-xl-multivcpu pass test-armhf-armhf-xl-multivcpu pass test-amd64-amd64-pair pass test-amd64-i386-pair pass test-amd64-amd64-libvirt-pair pass test-amd64-i386-libvirt-pair pass test-amd64-amd64-amd64-pvgrub pass test-amd64-amd64-i386-pvgrub pass test-amd64-amd64-pygrub pass test-armhf-armhf-libvirt-qcow2 fail test-amd64-amd64-xl-qcow2 pass test-armhf-armhf-libvirt-raw fail test-amd64-i386-xl-raw fail test-amd64-amd64-xl-rtds pass test-armhf-armhf-xl-rtds pass test-amd64-i386-xl-qemut-winxpsp3-vcpus1 pass test-amd64-i386-xl-qemuu-winxpsp3-vcpus1 pass test-amd64-amd64-libvirt-vhd pass test-armhf-armhf-xl-vhd pass test-amd64-amd64-xl-qemut-winxpsp3 fail test-amd64-i386-xl-qemut-winxpsp3 fail test-amd64-amd64-xl-qemuu-winxpsp3 pass test-amd64-i386-xl-qemuu-winxpsp3 pass ------------------------------------------------------------ sg-report-flight on osstest.xs.citrite.net logs: /home/osstest/logs images: /home/osstest/images Logs, config files, etc. are available at http://osstest.xs.citrite.net/~osstest/testlogs/logs Test harness code can be found at http://xenbits.xensource.com/gitweb?p=osstest.git;a=summary Push not applicable. (No revision log; it would be 1781 lines long.)
_______________________________________________ Xen-devel mailing list Xen-devel@lists.xen.org https://lists.xen.org/xen-devel