flight 100648 linux-3.10 real [real] http://logs.test-lab.xenproject.org/osstest/logs/100648/
Failures :-/ but no regressions. Regressions which are regarded as allowable (not blocking): build-amd64-rumpuserxen 6 xen-build fail like 95869 build-i386-rumpuserxen 6 xen-build fail like 95869 test-amd64-amd64-xl-qemuu-win7-amd64 16 guest-stop fail like 95869 test-amd64-i386-xl-qemut-win7-amd64 16 guest-stop fail like 95869 Tests which did not succeed, but are not blocking: test-amd64-i386-rumpuserxen-i386 1 build-check(1) blocked n/a test-amd64-amd64-rumpuserxen-amd64 1 build-check(1) blocked n/a test-amd64-amd64-libvirt-xsm 12 migrate-support-check fail never pass test-amd64-amd64-xl-pvh-intel 11 guest-start fail never pass test-amd64-amd64-libvirt 12 migrate-support-check fail never pass test-amd64-i386-libvirt 12 migrate-support-check fail never pass test-amd64-amd64-xl-pvh-amd 11 guest-start fail never pass test-amd64-i386-libvirt-xsm 12 migrate-support-check fail never pass test-amd64-i386-libvirt-qemuu-debianhvm-amd64-xsm 10 migrate-support-check fail never pass test-amd64-amd64-libvirt-qemuu-debianhvm-amd64-xsm 10 migrate-support-check fail never pass test-amd64-amd64-libvirt-vhd 11 migrate-support-check fail never pass test-amd64-amd64-qemuu-nested-amd 16 debian-hvm-install/l1/l2 fail never pass version targeted for testing: linux 2ecaf1d025af0f481d00b3701ffbcc600dcab076 baseline version: linux ca1199fccf14540e86f6da955333e31d6fec5f3e Last test of basis 95869 2016-06-17 18:00:54 Z 72 days Testing same since 100646 2016-08-28 18:16:39 Z 0 days 2 attempts ------------------------------------------------------------ People who touched revisions under test: Al Viro <v...@zeniv.linux.org.uk> Alan Stern <st...@rowland.harvard.edu> Alex Deucher <alexander.deuc...@amd.com> Alex Hung <alex.h...@canonical.com> Alexander Klein <a...@de.ibm.com> Alexander Shiyan <shc_w...@mail.ru> Alexandru Cornea <alexandru.cor...@intel.com> Alexey Brodkin <abrod...@synopsys.com> Alexey Brodkin <alexey.brod...@synopsys.com> Amadeusz Sà Âawià Âski <amadeusz.slawin...@tieto.com> Amr Bekhit <amrbek...@gmail.com> Andi Kleen <a...@linux.intel.com> Andrew Goodbody <andrew.goodb...@cambrionix.com> Andrew Morton <a...@linux-foundation.org> Andrey Grodzovsky <andrey2...@gmail.com> Andrey Ryabinin <aryabi...@virtuozzo.com> Andy Lutomirski <l...@kernel.org> Anna Schumaker <anna.schuma...@netapp.com> Anthony Romano <anthony.rom...@coreos.com> Antonio Alecrim Jr <antonio.alec...@gmail.com> Ben Hutchings <b...@decadent.org.uk> Benjamin Herrenschmidt <b...@kernel.crashing.org> Bernhard Thaler <bernhard.tha...@wvnet.at> Bin Liu <b-...@ti.com> Bjorn Helgaas <bhelg...@google.com> Bjørn Mork <bj...@mork.no> Bjørn Mork <bj...@mork.no> Bob Copeland <m...@bobcopeland.com> Borislav Petkov <b...@suse.de> Brian King <brk...@linux.vnet.ibm.com> Cameron Gutman <aicomman...@gmail.com> Charles (Chas) Williams <ciwil...@brocade.com> Chas Williams <3ch...@gmail.com> Chas Williams <ciwil...@brocade.com> Christian König <christian.koe...@amd.com> Christoph Hellwig <h...@lst.de> Crestez Dan Leonard <leonard.cres...@intel.com> Cyril Bur <cyril...@gmail.com> Dan Carpenter <dan.carpen...@oracle.com> dan.carpen...@oracle.com <dan.carpen...@oracle.com> Daniel Vetter <daniel.vet...@ffwll.ch> Daniele Palmas <dnl...@gmail.com> Darren Hart <dvh...@linux.intel.com> Dave Chinner <da...@fromorbit.com> Dave Chinner <dchin...@redhat.com> Dave Jones <da...@codemonkey.org.uk> Dave Weinstein <olo...@google.com> David Howells <dhowe...@redhat.com> David S. Miller <da...@davemloft.net> David Vrabel <david.vra...@citrix.com> Denis V. Lunev <d...@openvz.org> Dmitri Epshtein <d...@marvell.com> Dmitry Torokhov <dmitry.torok...@gmail.com> Dmitry Vyukov <dvyu...@google.com> Doug Ledford <dledf...@redhat.com> Erez Shitrit <ere...@mellanox.com> Eric Dumazet <eduma...@google.com> Evgenii Shatokhin <eugene.shatok...@yandex.ru> Felipe Balbi <felipe.ba...@linux.intel.com> Feng Tang <feng.t...@intel.com> Florian Westphal <f...@strlen.de> Fred Veldini <fred.veld...@gmail.com> Gavin Shan <gws...@linux.vnet.ibm.com> Greg Kroah-Hartman <gre...@linuxfoundation.org> Guilherme G. Piccoli <gpicc...@linux.vnet.ibm.com> H. Peter Anvin <h...@linux.intel.com> H. Peter Anvin <h...@zytor.com> Hari Bathini <hbath...@linux.vnet.ibm.com> Helge Deller <del...@gmx.de> Herbert Xu <herb...@gondor.apana.org.au> Hugh Dickins <hu...@google.com> Ilya Dryomov <idryo...@gmail.com> Imre Palik <im...@amazon.de> Ingo Molnar <mi...@kernel.org> Iosif Harutyunov <iharutyu...@sonicwall.com> Itai Handler <itai_hand...@hotmail.com> J. Bruce Fields <bfie...@redhat.com> Jack Wang <jinpu.w...@profitbricks.com> James Bottomley <james.bottom...@hansenpartnership.com> James C Boyd <jcboyd....@gmail.com> James E.J. Bottomley <j...@linux.vnet.ibm.com> James Hogan <james.ho...@imgtec.com> Jan Beulich <jbeul...@suse.com> Jan Kara <j...@suse.com> Jan Willeke <will...@de.ibm.com> Jann Horn <ja...@google.com> Jason Gunthorpe <jguntho...@obsidianresearch.com> Javier Martinez Canillas <jav...@osg.samsung.com> Jeff Layton <jlay...@poochiereds.net> Jeff Mahoney <je...@suse.com> Jens Axboe <ax...@fb.com> Jiri Kosina <jkos...@suse.cz> Jiri Slaby <jsl...@suse.cz> Johan Hovold <jo...@kernel.org> Johannes Berg <johannes.b...@intel.com> John Stultz <john.stu...@linaro.org> Jonathan Cameron <ji...@kernel.org> Joseph Salisbury <joseph.salisb...@canonical.com> Joshua Henderson <joshua.hender...@microchip.com> Kalle Valo <kv...@codeaurora.org> Kalle Valo <kv...@qca.qualcomm.com> Kangjie Lu <kangji...@gmail.com> Kangjie Lu <k...@gatech.edu> Karl Heiss <khe...@gmail.com> Kirill A. Shutemov <kirill.shute...@linux.intel.com> Konstantin Neumoin <kneum...@virtuozzo.com> Larry Finger <larry.fin...@lwfinger.net> Laura Abbott <labb...@redhat.com> Leon Romanovsky <l...@kernel.org> Linus Torvalds <torva...@linux-foundation.org> Linus Walleij <linus.wall...@linaro.org> Luis de Bethencourt <lui...@osg.samsung.com> Luis Henriques <luis.henriq...@canonical.com> Lyude <cp...@redhat.com> Mahesh Salgaonkar <mah...@linux.vnet.ibm.com> Marc Kleine-Budde <m...@pengutronix.de> Marcel Holtmann <mar...@holtmann.org> Marcin Wojtas <m...@semihalf.com> Marek Szyprowski <m.szyprow...@samsung.com> Mark Brown <broo...@kernel.org> Mark Brown <broo...@linaro.org> Martin K. Petersen <martin.peter...@oracle.com> Martin Schwidefsky <schwidef...@de.ibm.com> Martin Willi <mar...@strongswan.org> Masami Hiramatsu <mhira...@kernel.org> Matthias Schiffer <mschif...@universe-factory.net> Mauro Carvalho Chehab <m.che...@samsung.com> Michael Ellerman <m...@ellerman.id.au> Michael Krufky <mkru...@linuxtv.org> Michael S. Tsirkin <m...@redhat.com> Mike Snitzer <snit...@redhat.com> Miklos Szeredi <mszer...@redhat.com> Namhyung Kim <namhy...@kernel.org> Neal Cardwell <ncardw...@google.com> Neil Horman <nhor...@tuxdriver.com> Nicolai Stange <nicsta...@gmail.com> Ole Lukoie <oleluk...@mail.ru> Oleg Nesterov <o...@redhat.com> Oliver Hartkopp <socket...@hartkopp.net> Pablo Neira Ayuso <pa...@netfilter.org> Palik, Imre <im...@amazon.de> Paolo Bonzini <pbonz...@redhat.com> Patrik Jakobsson <patrik.r.jakobs...@gmail.com> Paul Burton <paul.bur...@imgtec.com> Paul Mackerras <pau...@ozlabs.org> Paul Moore <p...@paul-moore.com> Pavel Shilovsky <pshilov...@samba.org> Peter Zijlstra (Intel) <pet...@infradead.org> Phil Turnbull <phil.turnb...@oracle.com> Ping Cheng <pi...@wacom.com> Ping Cheng <pingli...@gmail.com> Prarit Bhargava <pra...@redhat.com> Radim KrÃÂmÃ¡à  <rkrc...@redhat.com> Raghava Aditya Renukunta <raghavaaditya.renuku...@microsemi.com> Ralf Baechle <r...@linux-mips.org> Richard Weinberger <rich...@nod.at> Ricky Liang <jcli...@chromium.org> Russell Currey <rus...@russell.cc> Russell King <rmk+ker...@armlinux.org.uk> Rusty Russell <ru...@rustcorp.com.au> Ryusuke Konishi <konishi.ryus...@lab.ntt.co.jp> Sachin Prabhu <spra...@redhat.com> Scott Bauer <sba...@plzdonthack.me> Shyam Kaushik <sh...@zadarastorage.com> Simon Horman <simon.hor...@netronome.com> Simon Marchi <simon.mar...@ericsson.com> Soheil Hassas Yeganeh <soh...@google.com> Steve French <smfre...@gmail.com> Steve French <steve.fre...@primarydata.com> Steven Rostedt (Red Hat) <rost...@goodmis.org> Steven Rostedt <rost...@goodmis.org> Sylwester Nawrocki <s.nawro...@samsung.com> Takashi Iwai <ti...@suse.de> Taras Kondratiuk <takon...@cisco.com> Tejun Heo <t...@kernel.org> Theodore Ts'o <ty...@mit.edu> Thomas Huth <th...@redhat.com> Tim Gardner <tim.gard...@canonical.com> Tom Goff <thomas.g...@ll.mit.edu> Tomer Barletz <barl...@gmail.com> TomÃ¡à ¡ Trnka <ttr...@mail.muni.cz> Torsten Hilbrich <torsten.hilbr...@secunet.com> Trond Myklebust <trond.mykleb...@primarydata.com> Tyler Hicks <tyhi...@canonical.com> Ulf Hansson <ulf.hans...@linaro.org> Ursula Braun <ubr...@linux.vnet.ibm.com> Vegard Nossum <vegard.nos...@oracle.com> Vignesh R <vigne...@ti.com> Ville Syrjälä <ville.syrj...@linux.intel.com> Vineet Gupta <vgu...@synopsys.com> Vladimir Davydov <vdavy...@parallels.com> Wang YanQing <udkni...@gmail.com> Wei Fang <fangw...@huawei.com> Wei Tang <tang...@cmss.chinamobile.com> Wilfried Klaebe <linux-ker...@lebenslange-mailadresse.de> Will Deacon <will.dea...@arm.com> Willy Tarreau <w...@1wt.eu> Wolfgang Grandegger <w...@grandegger.com> Xiubo Li <lixi...@cmss.chinamobile.com> Yinghai Lu <ying...@kernel.org> Yishai Hadas <yish...@mellanox.com> YOSHIFUJI Hideaki <yoshf...@linux-ipv6.org> Yoshihiro Shimoda <yoshihiro.shimoda...@renesas.com> Yuchung Cheng <ych...@google.com> Zhang Zhuoyu <zhangzhu...@cmss.chinamobile.com> jobs: build-amd64-xsm pass build-i386-xsm pass build-amd64 pass build-i386 pass build-amd64-libvirt pass build-i386-libvirt pass build-amd64-pvops pass build-i386-pvops pass build-amd64-rumpuserxen fail build-i386-rumpuserxen fail test-amd64-amd64-xl pass test-amd64-i386-xl pass test-amd64-amd64-xl-qemut-debianhvm-amd64-xsm pass test-amd64-i386-xl-qemut-debianhvm-amd64-xsm pass test-amd64-amd64-libvirt-qemuu-debianhvm-amd64-xsm pass test-amd64-i386-libvirt-qemuu-debianhvm-amd64-xsm pass test-amd64-amd64-xl-qemuu-debianhvm-amd64-xsm pass test-amd64-i386-xl-qemuu-debianhvm-amd64-xsm pass test-amd64-amd64-xl-qemut-stubdom-debianhvm-amd64-xsm pass test-amd64-i386-xl-qemut-stubdom-debianhvm-amd64-xsm pass test-amd64-amd64-libvirt-xsm pass test-amd64-i386-libvirt-xsm pass test-amd64-amd64-xl-xsm pass test-amd64-i386-xl-xsm pass test-amd64-amd64-qemuu-nested-amd fail test-amd64-amd64-xl-pvh-amd fail test-amd64-i386-qemut-rhel6hvm-amd pass test-amd64-i386-qemuu-rhel6hvm-amd pass test-amd64-amd64-xl-qemut-debianhvm-amd64 pass test-amd64-i386-xl-qemut-debianhvm-amd64 pass test-amd64-amd64-xl-qemuu-debianhvm-amd64 pass test-amd64-i386-xl-qemuu-debianhvm-amd64 pass test-amd64-i386-freebsd10-amd64 pass test-amd64-amd64-xl-qemuu-ovmf-amd64 pass test-amd64-i386-xl-qemuu-ovmf-amd64 pass test-amd64-amd64-rumpuserxen-amd64 blocked test-amd64-amd64-xl-qemut-win7-amd64 pass test-amd64-i386-xl-qemut-win7-amd64 fail test-amd64-amd64-xl-qemuu-win7-amd64 fail test-amd64-i386-xl-qemuu-win7-amd64 pass test-amd64-amd64-xl-credit2 pass test-amd64-i386-freebsd10-i386 pass test-amd64-i386-rumpuserxen-i386 blocked test-amd64-amd64-qemuu-nested-intel pass test-amd64-amd64-xl-pvh-intel fail test-amd64-i386-qemut-rhel6hvm-intel pass test-amd64-i386-qemuu-rhel6hvm-intel pass test-amd64-amd64-libvirt pass test-amd64-i386-libvirt pass test-amd64-amd64-xl-multivcpu pass test-amd64-amd64-pair pass test-amd64-i386-pair pass test-amd64-amd64-libvirt-pair pass test-amd64-i386-libvirt-pair pass test-amd64-amd64-amd64-pvgrub pass test-amd64-amd64-i386-pvgrub pass test-amd64-amd64-pygrub pass test-amd64-amd64-xl-qcow2 pass test-amd64-i386-xl-raw pass test-amd64-amd64-xl-rtds pass test-amd64-i386-xl-qemut-winxpsp3-vcpus1 pass test-amd64-i386-xl-qemuu-winxpsp3-vcpus1 pass test-amd64-amd64-libvirt-vhd pass test-amd64-amd64-xl-qemut-winxpsp3 pass test-amd64-i386-xl-qemut-winxpsp3 pass test-amd64-amd64-xl-qemuu-winxpsp3 pass test-amd64-i386-xl-qemuu-winxpsp3 pass ------------------------------------------------------------ sg-report-flight on osstest.test-lab.xenproject.org logs: /home/logs/logs images: /home/logs/images Logs, config files, etc. are available at http://logs.test-lab.xenproject.org/osstest/logs Explanation of these reports, and of osstest in general, is at http://xenbits.xen.org/gitweb/?p=osstest.git;a=blob;f=README.email;hb=master http://xenbits.xen.org/gitweb/?p=osstest.git;a=blob;f=README;hb=master Test harness code can be found at http://xenbits.xen.org/gitweb?p=osstest.git;a=summary Pushing revision : + branch=linux-3.10 + revision=2ecaf1d025af0f481d00b3701ffbcc600dcab076 + . ./cri-lock-repos ++ . ./cri-common +++ . ./cri-getconfig +++ umask 002 +++ getrepos ++++ getconfig Repos ++++ perl -e ' use Osstest; readglobalconfig(); print $c{"Repos"} or die $!; ' +++ local repos=/home/osstest/repos +++ '[' -z /home/osstest/repos ']' +++ '[' '!' -d /home/osstest/repos ']' +++ echo /home/osstest/repos ++ repos=/home/osstest/repos ++ repos_lock=/home/osstest/repos/lock ++ '[' x '!=' x/home/osstest/repos/lock ']' ++ OSSTEST_REPOS_LOCK_LOCKED=/home/osstest/repos/lock ++ exec with-lock-ex -w /home/osstest/repos/lock ./ap-push linux-3.10 2ecaf1d025af0f481d00b3701ffbcc600dcab076 + branch=linux-3.10 + revision=2ecaf1d025af0f481d00b3701ffbcc600dcab076 + . ./cri-lock-repos ++ . ./cri-common +++ . ./cri-getconfig +++ umask 002 +++ getrepos ++++ getconfig Repos ++++ perl -e ' use Osstest; readglobalconfig(); print $c{"Repos"} or die $!; ' +++ local repos=/home/osstest/repos +++ '[' -z /home/osstest/repos ']' +++ '[' '!' -d /home/osstest/repos ']' +++ echo /home/osstest/repos ++ repos=/home/osstest/repos ++ repos_lock=/home/osstest/repos/lock ++ '[' x/home/osstest/repos/lock '!=' x/home/osstest/repos/lock ']' + . ./cri-common ++ . ./cri-getconfig ++ umask 002 + select_xenbranch + case "$branch" in + tree=linux + xenbranch=xen-unstable + '[' xlinux = xlinux ']' + linuxbranch=linux-3.10 + '[' x = x ']' + qemuubranch=qemu-upstream-unstable + select_prevxenbranch ++ ./cri-getprevxenbranch xen-unstable + prevxenbranch=xen-4.7-testing + '[' x2ecaf1d025af0f481d00b3701ffbcc600dcab076 = x ']' + : tested/2.6.39.x + . ./ap-common ++ : osst...@xenbits.xen.org +++ getconfig OsstestUpstream +++ perl -e ' use Osstest; readglobalconfig(); print $c{"OsstestUpstream"} or die $!; ' ++ : ++ : git://xenbits.xen.org/xen.git ++ : osst...@xenbits.xen.org:/home/xen/git/xen.git ++ : git://xenbits.xen.org/qemu-xen-traditional.git ++ : git://git.kernel.org ++ : git://git.kernel.org/pub/scm/linux/kernel/git ++ : git ++ : git://xenbits.xen.org/libvirt.git ++ : osst...@xenbits.xen.org:/home/xen/git/libvirt.git ++ : git://xenbits.xen.org/libvirt.git ++ : git://xenbits.xen.org/rumpuser-xen.git ++ : git ++ : git://xenbits.xen.org/rumpuser-xen.git ++ : osst...@xenbits.xen.org:/home/xen/git/rumpuser-xen.git +++ besteffort_repo https://github.com/rumpkernel/rumpkernel-netbsd-src +++ local repo=https://github.com/rumpkernel/rumpkernel-netbsd-src +++ cached_repo https://github.com/rumpkernel/rumpkernel-netbsd-src '[fetch=try]' +++ local repo=https://github.com/rumpkernel/rumpkernel-netbsd-src +++ local 'options=[fetch=try]' ++++ getconfig GitCacheProxy ++++ perl -e ' use Osstest; readglobalconfig(); print $c{"GitCacheProxy"} or die $!; ' +++ local cache=git://cache:9419/ +++ '[' xgit://cache:9419/ '!=' x ']' +++ echo 'git://cache:9419/https://github.com/rumpkernel/rumpkernel-netbsd-src%20[fetch=try]' ++ : 'git://cache:9419/https://github.com/rumpkernel/rumpkernel-netbsd-src%20[fetch=try]' ++ : git ++ : git://git.seabios.org/seabios.git ++ : osst...@xenbits.xen.org:/home/xen/git/osstest/seabios.git ++ : git://xenbits.xen.org/osstest/seabios.git ++ : https://github.com/tianocore/edk2.git ++ : osst...@xenbits.xen.org:/home/xen/git/osstest/ovmf.git ++ : git://xenbits.xen.org/osstest/ovmf.git ++ : git://xenbits.xen.org/osstest/linux-firmware.git ++ : osst...@xenbits.xen.org:/home/osstest/ext/linux-firmware.git ++ : git://git.kernel.org/pub/scm/linux/kernel/git/firmware/linux-firmware.git ++ : osst...@xenbits.xen.org:/home/xen/git/linux-pvops.git ++ : git://xenbits.xen.org/linux-pvops.git ++ : tested/linux-3.14 ++ : tested/linux-arm-xen ++ '[' xgit://git.kernel.org/pub/scm/linux/kernel/git/stable/linux-stable.git = x ']' ++ '[' xgit://git.kernel.org/pub/scm/linux/kernel/git/stable/linux-stable.git = x ']' ++ : git://git.kernel.org/pub/scm/linux/kernel/git/konrad/xen.git ++ : tested/2.6.39.x ++ : daily-cron.linux-3.10 ++ : daily-cron.linux-3.10 ++ : daily-cron.linux-3.10 ++ : daily-cron.linux-3.10 ++ : daily-cron.linux-3.10 ++ : daily-cron.linux-3.10 ++ : http://hg.uk.xensource.com/carbon/trunk/linux-2.6.27 ++ : git://xenbits.xen.org/qemu-xen.git ++ : osst...@xenbits.xen.org:/home/xen/git/qemu-xen.git ++ : daily-cron.linux-3.10 ++ : git://xenbits.xen.org/qemu-xen.git ++ : git://git.qemu.org/qemu.git + TREE_LINUX=osst...@xenbits.xen.org:/home/xen/git/linux-pvops.git + TREE_QEMU_UPSTREAM=osst...@xenbits.xen.org:/home/xen/git/qemu-xen.git + TREE_XEN=osst...@xenbits.xen.org:/home/xen/git/xen.git + TREE_LIBVIRT=osst...@xenbits.xen.org:/home/xen/git/libvirt.git + TREE_RUMPUSERXEN=osst...@xenbits.xen.org:/home/xen/git/rumpuser-xen.git + TREE_SEABIOS=osst...@xenbits.xen.org:/home/xen/git/osstest/seabios.git + TREE_OVMF=osst...@xenbits.xen.org:/home/xen/git/osstest/ovmf.git + info_linux_tree linux-3.10 + case $1 in + : git://git.kernel.org/pub/scm/linux/kernel/git/stable/linux-stable.git + : linux-3.10.y + : linux-3.10.y + : git + : git + : git://xenbits.xen.org/linux-pvops.git + : osst...@xenbits.xen.org:/home/xen/git/linux-pvops.git + : tested/linux-3.10 + : refs/heads/tested/linux-3.10 + return 0 + cd /home/osstest/repos/linux + git push osst...@xenbits.xen.org:/home/xen/git/linux-pvops.git 2ecaf1d025af0f481d00b3701ffbcc600dcab076:refs/heads/tested/linux-3.10 To osst...@xenbits.xen.org:/home/xen/git/linux-pvops.git ca1199f..2ecaf1d 2ecaf1d025af0f481d00b3701ffbcc600dcab076 -> tested/linux-3.10 + exit 0
_______________________________________________ Xen-devel mailing list Xen-devel@lists.xen.org https://lists.xen.org/xen-devel