flight 100371 linux-4.1 real [real] http://logs.test-lab.xenproject.org/osstest/logs/100371/
Regressions :-( Tests which did not succeed and are blocking, including tests which could not be run: test-amd64-i386-libvirt 9 debian-install fail REGR. vs. 99879 Regressions which are regarded as allowable (not blocking): test-armhf-armhf-xl-rtds 11 guest-start fail REGR. vs. 99879 build-amd64-rumpuserxen 6 xen-build fail like 99879 build-i386-rumpuserxen 6 xen-build fail like 99879 test-armhf-armhf-xl-credit2 15 guest-start/debian.repeat fail like 99879 test-armhf-armhf-xl-xsm 15 guest-start/debian.repeat fail like 99879 test-armhf-armhf-xl 15 guest-start/debian.repeat fail like 99879 test-amd64-i386-xl-qemuu-win7-amd64 16 guest-stop fail like 99879 test-amd64-amd64-xl-qemuu-win7-amd64 16 guest-stop fail like 99879 test-amd64-amd64-xl-qemut-win7-amd64 16 guest-stop fail like 99879 test-armhf-armhf-xl-vhd 9 debian-di-install fail like 99879 test-amd64-i386-xl-qemut-win7-amd64 16 guest-stop fail like 99879 Tests which did not succeed, but are not blocking: test-amd64-i386-rumpuserxen-i386 1 build-check(1) blocked n/a test-amd64-amd64-rumpuserxen-amd64 1 build-check(1) blocked n/a test-amd64-amd64-xl-pvh-amd 11 guest-start fail never pass test-armhf-armhf-libvirt-qcow2 11 migrate-support-check fail never pass test-armhf-armhf-libvirt-qcow2 13 guest-saverestore fail never pass test-amd64-i386-libvirt-xsm 12 migrate-support-check fail never pass test-armhf-armhf-libvirt 14 guest-saverestore fail never pass test-armhf-armhf-libvirt 12 migrate-support-check fail never pass test-armhf-armhf-xl-arndale 12 migrate-support-check fail never pass test-armhf-armhf-xl-arndale 13 saverestore-support-check fail never pass test-amd64-i386-libvirt-qemuu-debianhvm-amd64-xsm 10 migrate-support-check fail never pass test-armhf-armhf-xl-credit2 13 saverestore-support-check fail never pass test-armhf-armhf-xl-credit2 12 migrate-support-check fail never pass test-armhf-armhf-xl-xsm 13 saverestore-support-check fail never pass test-armhf-armhf-xl-xsm 12 migrate-support-check fail never pass test-amd64-amd64-libvirt-vhd 11 migrate-support-check fail never pass test-amd64-amd64-libvirt 12 migrate-support-check fail never pass test-armhf-armhf-xl 12 migrate-support-check fail never pass test-armhf-armhf-xl 13 saverestore-support-check fail never pass test-amd64-amd64-libvirt-xsm 12 migrate-support-check fail never pass test-armhf-armhf-xl-cubietruck 12 migrate-support-check fail never pass test-armhf-armhf-xl-cubietruck 13 saverestore-support-check fail never pass test-amd64-amd64-xl-pvh-intel 14 guest-saverestore fail never pass test-amd64-amd64-libvirt-qemuu-debianhvm-amd64-xsm 10 migrate-support-check fail never pass test-armhf-armhf-xl-multivcpu 13 saverestore-support-check fail never pass test-armhf-armhf-xl-multivcpu 12 migrate-support-check fail never pass test-amd64-amd64-qemuu-nested-amd 16 debian-hvm-install/l1/l2 fail never pass test-armhf-armhf-libvirt-xsm 12 migrate-support-check fail never pass test-armhf-armhf-libvirt-xsm 14 guest-saverestore fail never pass test-armhf-armhf-libvirt-raw 9 debian-di-install fail never pass version targeted for testing: linux 558ba5fd7d8dbe0b233c309ce89317c1d0858bd7 baseline version: linux c3ed55b836cff718dd0d654b6daf7c96be2a5ac2 Last test of basis 99879 2016-08-01 02:32:34 Z 9 days Testing same since 100371 2016-08-09 19:20:23 Z 0 days 1 attempts ------------------------------------------------------------ People who touched revisions under test: Alexey Dobriyan <adobri...@gmail.com> Andrew Morton <a...@linux-foundation.org> Andrew Worsley <amwors...@gmail.com> # [MacBookPro10,1] Andrey Ryabinin <aryabi...@virtuozzo.com> Awais Belal <awais_be...@mentor.com> Bryan Paradis <bryan.para...@gmail.com> # [MacBookPro9,2] Cameron Gutman <aicomman...@gmail.com> Chris Bainbridge <chris.bainbri...@gmail.com> # [MacBookPro10,2] Chris Wilson <ch...@chris-wilson.co.uk> Daniel Vetter <daniel.vet...@ffwll.ch> David Rientjes <rient...@google.com> David S. Miller <da...@davemloft.net> Dmitri Epshtein <d...@marvell.com> Dmitry Torokhov <dmitry.torok...@gmail.com> Dmitry Vyukov <dvyu...@google.com> Florian Westphal <f...@strlen.de> Greg Kroah-Hartman <gre...@linuxfoundation.org> Gregory CLEMENT <gregory.clem...@free-electrons.com> Hui Wang <hui.w...@canonical.com> Ilya Dryomov <idryo...@gmail.com> Ingo Molnar <mi...@kernel.org> James Patrick-Evans <ja...@jmp-e.com> Jeff Wu <wuji...@gmail.com> Jiri Slaby <jsl...@suse.cz> Joonsoo Kim <iamjoonsoo....@lge.com> Konstantin Khlebnikov <koc...@gmail.com> Konstantin Simanov <k.sima...@stlk.ru> # [MacBookPro8,1] Linus Torvalds <torva...@linux-foundation.org> Lukas Wunner <lu...@wunner.de> Lukas Wunner <lu...@wunner.de> # [MacBookPro9,1] Marcin Wojtas <m...@semihalf.com> Matt Fleming <m...@codeblueprint.co.uk> Maxim Patlasov <mpatla...@virtuozzo.com> Mel Gorman <mgor...@suse.de> Miklos Szeredi <mszer...@redhat.com> Minchan Kim <minc...@kernel.org> Pablo Neira Ayuso <pa...@netfilter.org> Peter Wu <pe...@lekensteyn.nl> RafaÅ MiÅecki <zaj...@gmail.com> Rodolfo Giometti <giome...@enneenne.com> Romain Perier <romain.per...@free-electrons.com> Sasha Levin <alexander.le...@verizon.com> Sinclair Yeh <s...@vmware.com> Takashi Iwai <ti...@suse.de> Taras Kondratiuk <takon...@cisco.com> Tejun Heo <t...@kernel.org> Terry Stockert <stock...@inkblotadmirer.me> Thomas Gleixner <t...@linutronix.de> Thomas Petazzoni <thomas.petazz...@free-electrons.com> Ulf Hansson <ulf.hans...@linaro.org> Vivek Goyal <vgo...@redhat.com> Vlastimil Babka <vba...@suse.cz> Willy Tarreau <w...@1wt.eu> Yan, Zheng <z...@redhat.com> jobs: build-amd64-xsm pass build-armhf-xsm pass build-i386-xsm pass build-amd64 pass build-armhf pass build-i386 pass build-amd64-libvirt pass build-armhf-libvirt pass build-i386-libvirt pass build-amd64-pvops pass build-armhf-pvops pass build-i386-pvops pass build-amd64-rumpuserxen fail build-i386-rumpuserxen fail test-amd64-amd64-xl pass test-armhf-armhf-xl fail test-amd64-i386-xl pass test-amd64-amd64-xl-qemut-debianhvm-amd64-xsm pass test-amd64-i386-xl-qemut-debianhvm-amd64-xsm pass test-amd64-amd64-libvirt-qemuu-debianhvm-amd64-xsm pass test-amd64-i386-libvirt-qemuu-debianhvm-amd64-xsm pass test-amd64-amd64-xl-qemuu-debianhvm-amd64-xsm pass test-amd64-i386-xl-qemuu-debianhvm-amd64-xsm pass test-amd64-amd64-xl-qemut-stubdom-debianhvm-amd64-xsm pass test-amd64-i386-xl-qemut-stubdom-debianhvm-amd64-xsm pass test-amd64-amd64-libvirt-xsm pass test-armhf-armhf-libvirt-xsm fail test-amd64-i386-libvirt-xsm pass test-amd64-amd64-xl-xsm pass test-armhf-armhf-xl-xsm fail test-amd64-i386-xl-xsm pass test-amd64-amd64-qemuu-nested-amd fail test-amd64-amd64-xl-pvh-amd fail test-amd64-i386-qemut-rhel6hvm-amd pass test-amd64-i386-qemuu-rhel6hvm-amd pass test-amd64-amd64-xl-qemut-debianhvm-amd64 pass test-amd64-i386-xl-qemut-debianhvm-amd64 pass test-amd64-amd64-xl-qemuu-debianhvm-amd64 pass test-amd64-i386-xl-qemuu-debianhvm-amd64 pass test-amd64-i386-freebsd10-amd64 pass test-amd64-amd64-xl-qemuu-ovmf-amd64 pass test-amd64-i386-xl-qemuu-ovmf-amd64 pass test-amd64-amd64-rumpuserxen-amd64 blocked test-amd64-amd64-xl-qemut-win7-amd64 fail test-amd64-i386-xl-qemut-win7-amd64 fail test-amd64-amd64-xl-qemuu-win7-amd64 fail test-amd64-i386-xl-qemuu-win7-amd64 fail test-armhf-armhf-xl-arndale pass test-amd64-amd64-xl-credit2 pass test-armhf-armhf-xl-credit2 fail test-armhf-armhf-xl-cubietruck pass test-amd64-i386-freebsd10-i386 pass test-amd64-i386-rumpuserxen-i386 blocked test-amd64-amd64-qemuu-nested-intel pass test-amd64-amd64-xl-pvh-intel fail test-amd64-i386-qemut-rhel6hvm-intel pass test-amd64-i386-qemuu-rhel6hvm-intel pass test-amd64-amd64-libvirt pass test-armhf-armhf-libvirt fail test-amd64-i386-libvirt fail test-amd64-amd64-xl-multivcpu pass test-armhf-armhf-xl-multivcpu pass test-amd64-amd64-pair pass test-amd64-i386-pair pass test-amd64-amd64-libvirt-pair pass test-amd64-i386-libvirt-pair pass test-amd64-amd64-amd64-pvgrub pass test-amd64-amd64-i386-pvgrub pass test-amd64-amd64-pygrub pass test-armhf-armhf-libvirt-qcow2 fail test-amd64-amd64-xl-qcow2 pass test-armhf-armhf-libvirt-raw fail test-amd64-i386-xl-raw pass test-amd64-amd64-xl-rtds pass test-armhf-armhf-xl-rtds fail test-amd64-i386-xl-qemut-winxpsp3-vcpus1 pass test-amd64-i386-xl-qemuu-winxpsp3-vcpus1 pass test-amd64-amd64-libvirt-vhd pass test-armhf-armhf-xl-vhd fail test-amd64-amd64-xl-qemut-winxpsp3 pass test-amd64-i386-xl-qemut-winxpsp3 pass test-amd64-amd64-xl-qemuu-winxpsp3 pass test-amd64-i386-xl-qemuu-winxpsp3 pass ------------------------------------------------------------ sg-report-flight on osstest.test-lab.xenproject.org logs: /home/logs/logs images: /home/logs/images Logs, config files, etc. are available at http://logs.test-lab.xenproject.org/osstest/logs Explanation of these reports, and of osstest in general, is at http://xenbits.xen.org/gitweb/?p=osstest.git;a=blob;f=README.email;hb=master http://xenbits.xen.org/gitweb/?p=osstest.git;a=blob;f=README;hb=master Test harness code can be found at http://xenbits.xen.org/gitweb?p=osstest.git;a=summary Not pushing. (No revision log; it would be 1018 lines long.)
_______________________________________________ Xen-devel mailing list Xen-devel@lists.xen.org https://lists.xen.org/xen-devel