This run is configured for baseline tests only.

flight 66875 qemu-mainline real [real]
http://osstest.xs.citrite.net/~osstest/testlogs/logs/66875/

Regressions :-(

Tests which did not succeed and are blocking,
including tests which could not be run:
 test-amd64-amd64-xl-pvh-intel  3 host-install(3)        broken REGR. vs. 66814
 test-amd64-amd64-xl-multivcpu  3 host-install(3)        broken REGR. vs. 66814
 test-amd64-i386-xl            3 host-install(3)         broken REGR. vs. 66814
 test-amd64-i386-libvirt-xsm   3 host-install(3)         broken REGR. vs. 66814
 test-amd64-amd64-libvirt-vhd  3 host-install(3)         broken REGR. vs. 66814
 test-amd64-i386-freebsd10-amd64  3 host-install(3)      broken REGR. vs. 66814
 test-amd64-i386-xl-raw        3 host-install(3)         broken REGR. vs. 66814
 test-amd64-amd64-pair        3 host-install/src_host(3) broken REGR. vs. 66814
 test-amd64-amd64-xl-qemuu-debianhvm-amd64-xsm 3 host-install(3) broken REGR. 
vs. 66814
 test-amd64-i386-xl-qemuu-winxpsp3  3 host-install(3)    broken REGR. vs. 66814
 test-amd64-amd64-xl-qemuu-ovmf-amd64  3 host-install(3) broken REGR. vs. 66814
 test-amd64-amd64-qemuu-nested-amd  3 host-install(3)    broken REGR. vs. 66814
 test-amd64-i386-xl-qemuu-winxpsp3-vcpus1 3 host-install(3) broken REGR. vs. 
66814
 test-amd64-i386-libvirt-pair 4 host-install/dst_host(4) broken REGR. vs. 66814
 test-amd64-amd64-xl-qemuu-winxpsp3  3 host-install(3)   broken REGR. vs. 66814
 test-amd64-amd64-xl-credit2  19 guest-start/debian.repeat fail REGR. vs. 66814
 test-amd64-amd64-amd64-pvgrub 10 guest-start              fail REGR. vs. 66814

Regressions which are regarded as allowable (not blocking):
 test-armhf-armhf-xl-vhd     14 guest-start/debian.repeat fail blocked in 66814
 test-amd64-amd64-qemuu-nested-intel 16 debian-hvm-install/l1/l2 fail like 66814

Tests which did not succeed, but are not blocking:
 test-armhf-armhf-libvirt     14 guest-saverestore            fail   never pass
 test-armhf-armhf-libvirt     12 migrate-support-check        fail   never pass
 test-armhf-armhf-libvirt-xsm 12 migrate-support-check        fail   never pass
 test-armhf-armhf-libvirt-xsm 14 guest-saverestore            fail   never pass
 test-amd64-amd64-xl-pvh-amd  11 guest-start                  fail   never pass
 test-armhf-armhf-xl-multivcpu 13 saverestore-support-check    fail  never pass
 test-armhf-armhf-xl-multivcpu 12 migrate-support-check        fail  never pass
 test-armhf-armhf-libvirt-raw 13 guest-saverestore            fail   never pass
 test-armhf-armhf-libvirt-raw 11 migrate-support-check        fail   never pass
 test-armhf-armhf-xl-xsm      13 saverestore-support-check    fail   never pass
 test-armhf-armhf-xl-xsm      12 migrate-support-check        fail   never pass
 test-armhf-armhf-xl-midway   13 saverestore-support-check    fail   never pass
 test-armhf-armhf-xl-midway   12 migrate-support-check        fail   never pass
 test-armhf-armhf-xl-rtds     13 saverestore-support-check    fail   never pass
 test-armhf-armhf-xl-rtds     12 migrate-support-check        fail   never pass
 test-armhf-armhf-xl-vhd      11 migrate-support-check        fail   never pass
 test-armhf-armhf-xl-vhd      12 saverestore-support-check    fail   never pass
 test-armhf-armhf-xl-credit2  13 saverestore-support-check    fail   never pass
 test-armhf-armhf-xl-credit2  12 migrate-support-check        fail   never pass
 test-amd64-amd64-libvirt-qemuu-debianhvm-amd64-xsm 10 migrate-support-check 
fail never pass
 test-amd64-i386-libvirt-qemuu-debianhvm-amd64-xsm 10 migrate-support-check 
fail never pass
 test-armhf-armhf-xl          12 migrate-support-check        fail   never pass
 test-armhf-armhf-xl          13 saverestore-support-check    fail   never pass
 test-amd64-amd64-xl-qemuu-win7-amd64 16 guest-stop             fail never pass
 test-armhf-armhf-libvirt-qcow2 11 migrate-support-check        fail never pass
 test-armhf-armhf-libvirt-qcow2 13 guest-saverestore            fail never pass
 test-amd64-i386-libvirt      12 migrate-support-check        fail   never pass
 test-amd64-amd64-libvirt     12 migrate-support-check        fail   never pass
 test-amd64-amd64-libvirt-xsm 12 migrate-support-check        fail   never pass
 test-amd64-i386-xl-qemuu-win7-amd64 16 guest-stop              fail never pass

version targeted for testing:
 qemuu                69d490079f82f5ffe31fff426aaa580d5fec5fb7
baseline version:
 qemuu                2d2e632ad00d11867c6c5625605b1fbc022dd62f

Last test of basis    66814  2016-07-26 11:16:28 Z    5 days
Testing same since    66875  2016-08-01 02:16:10 Z    0 days    1 attempts

------------------------------------------------------------
People who touched revisions under test:
  Aaron Lindsay <alind...@codeaurora.org>
  Benjamin Herrenschmidt <b...@kernel.crashing.org>
  Bharata B Rao <bhar...@linux.vnet.ibm.com>
  Cao jin <caoj.f...@cn.fujitsu.com>
  Daniel P. Berrange <berra...@redhat.com>
  David Gibson <da...@gibson.dropbear.id.au>
  Denis V. Lunev <d...@openvz.org>
  Eduardo Habkost <ehabk...@redhat.com>
  Greg Kurz <gr...@kaod.org>
  Igor Mammedov <imamm...@redhat.com>
  Ilya Maximets <i.maxim...@samsung.com>
  Jeff Cody <jc...@redhat.com>
  John Snow <js...@redhat.com>
  Laszlo Ersek <ler...@redhat.com>
  Laurent Vivier <lviv...@redhat.com>
  Leon Alrae <leon.al...@imgtec.com>
  lviv...@redhat.com <lviv...@redhat.com>
  Marc-André Lureau <marcandre.lur...@redhat.com>
  Marcel Apfelbaum <mar...@redhat.com>
  Max Reitz <mre...@redhat.com>
  Michael Roth <mdr...@linux.vnet.ibm.com>
  Michael S. Tsirkin <m...@redhat.com>
  Michael Walle <mich...@walle.cc>
  Paolo Bonzini <pbonz...@redhat.com>
  Paul Burton <paul.bur...@imgtec.com>
  Peter Maydell <peter.mayd...@linaro.org>
  Prasad J Pandit <p...@fedoraproject.org>
  Prasanna Kumar Kalever <prasanna.kale...@redhat.com>
  Sean Bruno <sbr...@freebsd.org>
  Stefan Hajnoczi <stefa...@redhat.com>
  Thomas Huth <th...@redhat.com>
  Vladimir Sementsov-Ogievskiy <vsement...@virtuozzo.com>
  Wei Jiangang <weijg.f...@cn.fujitsu.com>

jobs:
 build-amd64-xsm                                              pass    
 build-armhf-xsm                                              pass    
 build-i386-xsm                                               pass    
 build-amd64                                                  pass    
 build-armhf                                                  pass    
 build-i386                                                   pass    
 build-amd64-libvirt                                          pass    
 build-armhf-libvirt                                          pass    
 build-i386-libvirt                                           pass    
 build-amd64-pvops                                            pass    
 build-armhf-pvops                                            pass    
 build-i386-pvops                                             pass    
 test-amd64-amd64-xl                                          pass    
 test-armhf-armhf-xl                                          pass    
 test-amd64-i386-xl                                           broken  
 test-amd64-amd64-libvirt-qemuu-debianhvm-amd64-xsm           pass    
 test-amd64-i386-libvirt-qemuu-debianhvm-amd64-xsm            pass    
 test-amd64-amd64-xl-qemuu-debianhvm-amd64-xsm                broken  
 test-amd64-i386-xl-qemuu-debianhvm-amd64-xsm                 pass    
 test-amd64-amd64-libvirt-xsm                                 pass    
 test-armhf-armhf-libvirt-xsm                                 fail    
 test-amd64-i386-libvirt-xsm                                  broken  
 test-amd64-amd64-xl-xsm                                      pass    
 test-armhf-armhf-xl-xsm                                      pass    
 test-amd64-i386-xl-xsm                                       pass    
 test-amd64-amd64-qemuu-nested-amd                            broken  
 test-amd64-amd64-xl-pvh-amd                                  fail    
 test-amd64-i386-qemuu-rhel6hvm-amd                           pass    
 test-amd64-amd64-xl-qemuu-debianhvm-amd64                    pass    
 test-amd64-i386-xl-qemuu-debianhvm-amd64                     pass    
 test-amd64-i386-freebsd10-amd64                              broken  
 test-amd64-amd64-xl-qemuu-ovmf-amd64                         broken  
 test-amd64-i386-xl-qemuu-ovmf-amd64                          pass    
 test-amd64-amd64-xl-qemuu-win7-amd64                         fail    
 test-amd64-i386-xl-qemuu-win7-amd64                          fail    
 test-amd64-amd64-xl-credit2                                  fail    
 test-armhf-armhf-xl-credit2                                  pass    
 test-amd64-i386-freebsd10-i386                               pass    
 test-amd64-amd64-qemuu-nested-intel                          fail    
 test-amd64-amd64-xl-pvh-intel                                broken  
 test-amd64-i386-qemuu-rhel6hvm-intel                         pass    
 test-amd64-amd64-libvirt                                     pass    
 test-armhf-armhf-libvirt                                     fail    
 test-amd64-i386-libvirt                                      pass    
 test-armhf-armhf-xl-midway                                   pass    
 test-amd64-amd64-xl-multivcpu                                broken  
 test-armhf-armhf-xl-multivcpu                                pass    
 test-amd64-amd64-pair                                        broken  
 test-amd64-i386-pair                                         pass    
 test-amd64-amd64-libvirt-pair                                pass    
 test-amd64-i386-libvirt-pair                                 broken  
 test-amd64-amd64-amd64-pvgrub                                fail    
 test-amd64-amd64-i386-pvgrub                                 pass    
 test-amd64-amd64-pygrub                                      pass    
 test-armhf-armhf-libvirt-qcow2                               fail    
 test-amd64-amd64-xl-qcow2                                    pass    
 test-armhf-armhf-libvirt-raw                                 fail    
 test-amd64-i386-xl-raw                                       broken  
 test-amd64-amd64-xl-rtds                                     pass    
 test-armhf-armhf-xl-rtds                                     pass    
 test-amd64-i386-xl-qemuu-winxpsp3-vcpus1                     broken  
 test-amd64-amd64-libvirt-vhd                                 broken  
 test-armhf-armhf-xl-vhd                                      fail    
 test-amd64-amd64-xl-qemuu-winxpsp3                           broken  
 test-amd64-i386-xl-qemuu-winxpsp3                            broken  


------------------------------------------------------------
sg-report-flight on osstest.xs.citrite.net
logs: /home/osstest/logs
images: /home/osstest/images

Logs, config files, etc. are available at
    http://osstest.xs.citrite.net/~osstest/testlogs/logs

Test harness code can be found at
    http://xenbits.xensource.com/gitweb?p=osstest.git;a=summary

broken-step test-amd64-amd64-xl-pvh-intel host-install(3)
broken-step test-amd64-amd64-xl-multivcpu host-install(3)
broken-step test-amd64-i386-xl host-install(3)
broken-step test-amd64-i386-libvirt-xsm host-install(3)
broken-step test-amd64-amd64-libvirt-vhd host-install(3)
broken-step test-amd64-i386-freebsd10-amd64 host-install(3)
broken-step test-amd64-i386-xl-raw host-install(3)
broken-step test-amd64-amd64-pair host-install/src_host(3)
broken-step test-amd64-amd64-xl-qemuu-debianhvm-amd64-xsm host-install(3)
broken-step test-amd64-i386-xl-qemuu-winxpsp3 host-install(3)
broken-step test-amd64-amd64-xl-qemuu-ovmf-amd64 host-install(3)
broken-step test-amd64-amd64-qemuu-nested-amd host-install(3)
broken-step test-amd64-i386-xl-qemuu-winxpsp3-vcpus1 host-install(3)
broken-step test-amd64-i386-libvirt-pair host-install/dst_host(4)
broken-step test-amd64-amd64-xl-qemuu-winxpsp3 host-install(3)

Push not applicable.

(No revision log; it would be 1801 lines long.)

_______________________________________________
Xen-devel mailing list
Xen-devel@lists.xen.org
https://lists.xen.org/xen-devel

Reply via email to