flight 97701 xen-unstable-coverity real [real] http://logs.test-lab.xenproject.org/osstest/logs/97701/
Regressions :-( Tests which did not succeed and are blocking, including tests which could not be run: coverity-amd64 5 coverity-build fail REGR. vs. 96924 version targeted for testing: xen 22b430e0e3c5f3d071cb8e2713d7ea33ee8624ec baseline version: xen 7da483b0236d8974cc97f81780dcf8e559a63175 Last test of basis 96924 2016-07-10 09:19:23 Z 10 days Failing since 97501 2016-07-17 09:26:52 Z 3 days 2 attempts Testing same since 97701 2016-07-20 09:23:32 Z 0 days 1 attempts ------------------------------------------------------------ People who touched revisions under test: Andrew Cooper <andrew.coop...@citrix.com> Anshul Makkar <anshul.mak...@citrix.com> Corneliu ZUZU <cz...@bitdefender.com> Daniel De Graaf <dgde...@tycho.nsa.gov> Dario Faggioli <dario.faggi...@citrix.com> Doug Goldstein <car...@cardoe.com> Elena Ufimtseva <elena.ufimts...@oracle.com> George Dunlap <george.dun...@citrix.com> Ian Jackson <ian.jack...@eu.citrix.com> Jan Beulich <jbeul...@suse.com> Juergen Gross <jgr...@suse.com> Julien Grall <julien.gr...@arm.com> Kevin Tian <kevin.t...@intel.com> Konrad Rzeszutek Wilk <konrad.w...@oracle.com> Marek Marczykowski-Górecki <marma...@invisiblethingslab.com> Quan Xu <quan...@intel.com> Razvan Cojocaru <rcojoc...@bitdefender.com> Roger Pau Monne <roger....@citrix.com> Roger Pau Monné <roger....@citrix.com> Shanker Donthineni <shank...@codeaurora.org> Stefano Stabellini <sstabell...@kernel.org> Tamas K Lengyel <tamas.leng...@zentific.com> Tim Deegan <t...@xen.org> Vitaly Kuznetsov <vkuzn...@redhat.com> Wei Liu <wei.l...@citrix.com> jobs: coverity-amd64 fail ------------------------------------------------------------ sg-report-flight on osstest.test-lab.xenproject.org logs: /home/logs/logs images: /home/logs/images Logs, config files, etc. are available at http://logs.test-lab.xenproject.org/osstest/logs Explanation of these reports, and of osstest in general, is at http://xenbits.xen.org/gitweb/?p=osstest.git;a=blob;f=README.email;hb=master http://xenbits.xen.org/gitweb/?p=osstest.git;a=blob;f=README;hb=master Test harness code can be found at http://xenbits.xen.org/gitweb?p=osstest.git;a=summary Not pushing. (No revision log; it would be 1396 lines long.)
_______________________________________________ Xen-devel mailing list Xen-devel@lists.xen.org https://lists.xen.org/xen-devel