This run is configured for baseline tests only.

flight 66492 linux-3.18 real [real]
http://osstest.xs.citrite.net/~osstest/testlogs/logs/66492/

Failures and problems with tests :-(

Tests which did not succeed and are blocking,
including tests which could not be run:
 build-amd64-rumpuserxen       4 capture-logs             !broken [st=!broken!]
 build-armhf-pvops             4 capture-logs             !broken [st=!broken!]
 build-armhf-xsm               4 capture-logs             !broken [st=!broken!]
 build-armhf                   4 capture-logs             !broken [st=!broken!]
 build-amd64-rumpuserxen       3 host-install(3)         broken REGR. vs. 44416

Regressions which are regarded as allowable (not blocking):
 build-armhf-pvops             3 host-install(3)              broken like 44416
 build-armhf-xsm               3 host-install(3)              broken like 44416
 build-armhf                   3 host-install(3)              broken like 44416
 build-i386-rumpuserxen        6 xen-build                    fail   like 44416

Tests which did not succeed, but are not blocking:
 build-armhf-libvirt           1 build-check(1)               blocked  n/a
 test-armhf-armhf-xl           1 build-check(1)               blocked  n/a
 test-armhf-armhf-xl-xsm       1 build-check(1)               blocked  n/a
 test-armhf-armhf-xl-multivcpu  1 build-check(1)               blocked  n/a
 test-armhf-armhf-libvirt      1 build-check(1)               blocked  n/a
 test-armhf-armhf-libvirt-qcow2  1 build-check(1)               blocked  n/a
 test-armhf-armhf-libvirt-raw  1 build-check(1)               blocked  n/a
 test-armhf-armhf-xl-vhd       1 build-check(1)               blocked  n/a
 test-armhf-armhf-xl-credit2   1 build-check(1)               blocked  n/a
 test-armhf-armhf-xl-rtds      1 build-check(1)               blocked  n/a
 test-armhf-armhf-libvirt-xsm  1 build-check(1)               blocked  n/a
 test-armhf-armhf-xl-midway    1 build-check(1)               blocked  n/a
 test-amd64-amd64-rumpuserxen-amd64  1 build-check(1)               blocked n/a
 test-amd64-i386-rumpuserxen-i386  1 build-check(1)               blocked  n/a
 test-amd64-amd64-xl-pvh-intel 14 guest-saverestore            fail  never pass
 test-amd64-amd64-xl-pvh-amd  11 guest-start                  fail   never pass
 test-amd64-i386-libvirt      12 migrate-support-check        fail   never pass
 test-amd64-amd64-libvirt     12 migrate-support-check        fail   never pass
 test-amd64-i386-libvirt-xsm  12 migrate-support-check        fail   never pass
 test-amd64-amd64-libvirt-xsm 12 migrate-support-check        fail   never pass
 test-amd64-i386-libvirt-qemuu-debianhvm-amd64-xsm 10 migrate-support-check 
fail never pass
 test-amd64-amd64-qemuu-nested-amd 16 debian-hvm-install/l1/l2  fail never pass
 test-amd64-amd64-xl-qemut-win7-amd64 16 guest-stop             fail never pass
 test-amd64-amd64-libvirt-qemuu-debianhvm-amd64-xsm 10 migrate-support-check 
fail never pass
 test-amd64-i386-xl-qemuu-win7-amd64 16 guest-stop              fail never pass
 test-amd64-amd64-libvirt-vhd 11 migrate-support-check        fail   never pass
 test-amd64-amd64-xl-qemuu-win7-amd64 16 guest-stop             fail never pass
 test-amd64-i386-xl-qemut-win7-amd64 16 guest-stop              fail never pass

version targeted for testing:
 linux                d420f00c7bfb405884dd71fb7f87974f0d1be455
baseline version:
 linux                6b12ebc0ecce75d7bd3660cd85f8b47a615c2071

Last test of basis    44416  2016-05-14 19:20:44 Z   52 days
Testing same since    66492  2016-07-01 10:54:36 Z    5 days    1 attempts

------------------------------------------------------------
People who touched revisions under test:
  "Eric W. Biederman" <ebied...@xmission.com>
  "Kirill A. Shutemov" <kir...@shutemov.name>
  AceLan Kao <acelan....@canonical.com>
  Adrian Hunter <adrian.hun...@intel.com>
  Al Viro <v...@zeniv.linux.org.uk>
  Alan Stern <st...@rowland.harvard.edu>
  Alex Deucher <alexander.deuc...@amd.com>
  Andre Przywara <andre.przyw...@arm.com>
  Andreas Noever <andreas.noe...@gmail.com>
  Andreas Werner <andreas.wer...@men.de>
  Andrew Donnellan <andrew.donnel...@au1.ibm.com>
  Andrew Jeffery <and...@aj.id.au>
  Andrew Morton <a...@linux-foundation.org>
  Andy Lutomirski <l...@kernel.org> # On a Dell XPS 13 9350
  Anton Blanchard <an...@samba.org>
  Aristeu Rozanski <a...@redhat.com>
  Arnaldo Carvalho de Melo <a...@redhat.com>
  Arnd Bergmann <a...@arndb.de>
  Artem Bityutskiy <artem.bityuts...@linux.intel.com>
  Axel Lin <axel....@ingics.com>
  Ben Dooks <ben.do...@codethink.co.uk>
  Ben Skeggs <bske...@redhat.com>
  Bjorn Helgaas <bhelg...@google.com>
  Bob Copeland <m...@bobcopeland.com>
  Bob Moore <robert.mo...@intel.com>
  Bobi Mihalca <bobbymiha...@touchtech.ro>
  Borislav Petkov <b...@suse.de>
  Brian Norris <computersforpe...@gmail.com>
  Catalin Marinas <catalin.mari...@arm.com>
  Catalin Vasile <cata.vas...@nxp.com>
  Chen Yu <yu.c.c...@intel.com>
  Chris Bainbridge <chris.bainbri...@gmail.com>
  Chris Wilson <ch...@chris-wilson.co.uk>
  Christoffer Dall <christoffer.d...@linaro.org>
  Christopher Oo <t-chr...@microsoft.com>
  Chunyu Hu <ch...@redhat.com>
  Conrad Kostecki <ck+linuxker...@bl4ckb0x.de>
  cp...@redhat.com <cp...@redhat.com>
  Damien Wyart <damien.wy...@free.fr>
  Dan Carpenter <dan.carpen...@oracle.com>
  Daniel Lezcano <daniel.lezc...@linaro.org>
  Daniel Vetter <daniel.vet...@ffwll.ch>
  Daniel Vetter <daniel.vet...@intel.com>
  Dave Airlie <airl...@redhat.com>
  Dave Chinner <da...@fromorbit.com>
  Dave Chinner <dchin...@redhat.com>
  Dave Gerlach <d-gerl...@ti.com>
  David S. Miller <da...@davemloft.net>
  David Sterba <dste...@suse.com>
  David Vrabel <david.vra...@citrix.com>
  Dexuan Cui <de...@microsoft.com>
  Dibyajyoti Ghosh <dibyajyo...@gmail.com>
  Dinh Nguyen <dingu...@opensource.altera.com>
  Dmitry Torokhov <dmitry.torok...@gmail.com>
  Dmitry V. Levin <l...@altlinux.org>
  Doug Ledford <dledf...@redhat.com>
  Eric Dumazet <eric.duma...@gmail.com>
  Eric Sandeen <sand...@redhat.com>
  Eric W. Biederman <ebied...@xmission.com>
  Ewan D. Milne <emi...@redhat.com>
  Ezequiel Garcia <ezequ...@vanguardiasur.com.ar>
  Felipe Balbi <ba...@ti.com>
  Felipe Balbi <felipe.ba...@linux.intel.com>
  Fengwei Yin <yfw.ker...@gmail.com>
  Fred Veldini <fred.veld...@gmail.com>
  Gavin Shan <gws...@linux.vnet.ibm.com>
  Geert Uytterhoeven <geert+rene...@glider.be>
  Greg Kroah-Hartman <gre...@linuxfoundation.org>
  Gregor Boirie <gregor.boi...@parrot.com>
  Grygorii Strashko <grygorii.stras...@ti.com>
  H. Nikolaus Schaller <h...@goldelico.com>
  H. Peter Anvin <h...@zytor.com>
  Hans Verkuil <hans.verk...@cisco.com>
  Hans Verkuil <hverk...@xs4all.nl>
  Hans-Christoph Schemmel <hans-christoph.schem...@gemalto.com>
  Hari Bathini <hbath...@linux.vnet.ibm.com>
  Helge Deller <del...@gmx.de>
  Herbert Xu <herb...@gondor.apana.org.au>
  Hugh Dickins <hu...@google.com>
  Ian Munsie <imun...@au1.ibm.com>
  Imre Deak <imre.d...@intel.com>
  Ingo Molnar <mi...@kernel.org>
  Itai Handler <itai_hand...@hotmail.com>
  J. Bruce Fields <bfie...@redhat.com>
  Jack Pham <ja...@codeaurora.org>
  Jack Wang <jinpu.w...@profitbricks.com>
  James Bottomley <james.bottom...@hansenpartnership.com>
  James E.J. Bottomley <j...@linux.vnet.ibm.com>
  James Hogan <james.ho...@imgtec.com>
  Jan Kara <j...@suse.cz>
  Jan Stancek <jstan...@redhat.com>
  Jani Nikula <jani.nik...@intel.com>
  Jann Horn <ja...@google.com>
  Jasem Mutlaq <mutla...@ikarustech.com>
  Jason Gunthorpe <jguntho...@obsidianresearch.com>
  Javier Martinez Canillas <jav...@osg.samsung.com>
  Jeff Layton <jlay...@poochiereds.net>
  Jiang Liu <jiang....@linux.intel.com>
  Jiri Slaby <jsl...@suse.cz>
  Johan Hovold <jo...@kernel.org>
  Johannes Berg <johannes.b...@intel.com>
  Johannes Thumshirn <jthumsh...@suse.de>
  Jonathan Cameron <ji...@kernel.org>
  Joonsoo Kim <iamjoonsoo....@lge.com>
  Joseph Salisbury <joseph.salisb...@canonical.com>
  Junxiao Bi <junxiao...@oracle.com>
  K. Y. Srinivasan <k...@microsoft.com>
  Kaho Ng <ngkaho1...@gmail.com>
  Kalle Valo <kv...@codeaurora.org>
  Kalle Valo <kv...@qca.qualcomm.com>
  Kevin Hilman <khil...@baylibre.com>
  Kirill A. Shutemov <kirill.shute...@linux.intel.com>
  Kirill A. Shutemov <kir...@shutemov.name>
  Konstantin Khlebnikov <khlebni...@yandex-team.ru> ( backport for 3.18 )
  Konstantin Khlebnikov <koc...@gmail.com>
  Konstantin Shkolnyy <konstantin.shkol...@gmail.com>
  Krzysztof Kozlowski <k.kozlow...@samsung.com>
  Kuninori Morimoto <kuninori.morimoto...@renesas.com>
  Larry Finger <larry.fin...@lwfinger.net>
  Laszlo Ersek <ler...@redhat.com>
  Lee Jones <lee.jo...@linaro.org>
  Lei Liu <lei35...@163.com>
  lei liu <liu.le...@zte.com.cn>
  Linus Torvalds <torva...@linux-foundation.org>
  Linus Walleij <linus.wall...@linaro.org>
  Lukas Wunner <lu...@wunner.de>
  Luke Dashjr <luke-jr+...@utopios.org>
  Luke Dashjr <l...@dashjr.org>
  Lv Zheng <lv.zh...@intel.com>
  Lyude <cp...@redhat.com>
  Maarten Lankhorst <maarten.lankho...@linux.intel.com>
  Maciej W. Rozycki <ma...@imgtec.com>
  Mahesh Salgaonkar <mah...@linux.vnet.ibm.com>
  Marc Kleine-Budde <m...@pengutronix.de>
  Marc Zyngier <marc.zyng...@arm.com>
  Marcel Holtmann <mar...@holtmann.org>
  Marek Szyprowski <m.szyprow...@samsung.com>
  Mark Brown <broo...@kernel.org>
  Martin K. Petersen <martin.peter...@oracle.com>
  Martin Willi <mar...@strongswan.org>
  Mathias Nyman <mathias.ny...@linux.intel.com>
  Mathieu Malaterre <ma...@debian.org>
  Matt Fleming <m...@codeblueprint.co.uk>
  Matt Gumbel <matthew.k.gum...@intel.com>
  Matt Roper <matthew.d.ro...@intel.com>
  Matthew Giassa <matt...@giassa.net>
  Matthias Schiffer <mschif...@universe-factory.net>
  Mauro Carvalho Chehab <mche...@osg.samsung.com>
  Maxim Patlasov <mpatla...@virtuozzo.com>
  Michael Ellerman <m...@ellerman.id.au>
  Michael Neuling <mi...@neuling.org>
  Michal Marek <mma...@suse.com>
  Michal Nazarewicz <min...@mina86.com>
  Mike Frysinger <vap...@gentoo.org>
  Mike Manning <mich...@bsch.com.au>
  Miklos Szeredi <mszer...@redhat.com>
  Namhyung Kim <namhy...@kernel.org>
  Nicolai Stange <nicsta...@gmail.com>
  Oleg Nesterov <o...@redhat.com>
  Oliver Hartkopp <socket...@hartkopp.net>
  Olof Johansson <o...@lixom.net>
  Paolo Bonzini <pbonz...@redhat.com>
  Patrik Jakobsson <patrik.r.jakobs...@gmail.com>
  Paul Burton <paul.bur...@imgtec.com>
  Paul Mackerras <pau...@ozlabs.org>
  Peter Chen <peter.c...@freescale.com>
  Peter Oberparleiter <ober...@linux.vnet.ibm.com>
  Peter Zijlstra (Intel) <pet...@infradead.org>
  Prarit Bhargava <pra...@redhat.com>
  Prasun Maiti <prasunmait...@gmail.com>
  Radim Krčmář <rkrc...@redhat.com>
  Rafael J. Wysocki <rafael.j.wyso...@intel.com>
  Raghava Aditya Renukunta <raghavaaditya.renuku...@microsemi.com>
  Ralf Baechle <r...@linux-mips.org>
  Ray Jui <ray....@broadcom.com>
  Ricardo Ribalda Delgado <ricardo.riba...@gmail.com>
  Richard Weinberger <rich...@nod.at>
  Ricky Liang <jcli...@chromium.org>
  Rob Herring <r...@kernel.org>
  Robin Gong <b38...@freescale.com>
  Roger Quadros <rog...@ti.com>
  Roman Pen <roman.peny...@profitbricks.com>
  Ross Lagerwall <ross.lagerw...@citrix.com>
  Russell Currey <rus...@russell.cc>
  Russell King <rmk+ker...@armlinux.org.uk>
  Sachin Prabhu <spra...@redhat.com>
  Sander Eikelenboom <li...@eikelenboom.it>
  Sascha Hauer <s.ha...@pengutronix.de>
  Sasha Levin <sasha.le...@oracle.com>
  Schemmel Hans-Christoph <hans-christoph.schem...@gemalto.com>
  Sergei Shtylyov <sergei.shtyl...@cogentembedded.com>
  Seth Forshee <seth.fors...@canonical.com>
  Shaohua Li <s...@fb.com>
  Shyam Kaushik <sh...@zadarastorage.com>
  Simon Marchi <simon.mar...@ericsson.com>
  Srinivas Eeda <srinivas.e...@oracle.com>
  Srinivas Kandagatla <srinivas.kandaga...@linaro.org>
  Srinivas Pandruvada <srinivas.pandruv...@linux.intel.com>
  Stefan Metzmacher <me...@samba.org>
  Stefano Stabellini <sstabell...@kernel.org>
  Steve French <smfre...@gmail.com>
  Steve French <steve.fre...@primarydata.com>
  Steven Rostedt (Red Hat) <rost...@goodmis.org>
  Steven Rostedt <rost...@goodmis.org>
  Sugar Zhang <sugar.zh...@rock-chips.com>
  Takashi Iwai <ti...@suse.de>
  Tariq Saeed <tariq.x.sa...@oracle.com>
  Tejun Heo <t...@kernel.org>
  Theodore Ts'o <ty...@mit.edu>
  Thierry Reding <tred...@nvidia.com>
  Thomas Gleixner <t...@linutronix.de>
  Thomas Huth <th...@redhat.com>
  Tom Lendacky <thomas.lenda...@amd.com>
  Tomasz Figa <tomasz.f...@gmail.com>
  Tomáš Trnka <ttr...@mail.muni.cz>
  Tony Luck <tony.l...@intel.com>
  Tyler Hicks <tyhi...@canonical.com>
  Ujjal Roy <royuj...@gmail.com>
  Ulf Hansson <ulf.hans...@linaro.org>
  Vaibhav Jain <vaib...@linux.vnet.ibm.com>
  Vik Heyndrickx <vik.heyndri...@veribox.net>
  Ville Syrjälä <ville.syrj...@linux.intel.com>
  Vinod Koul <vinod.k...@intel.com>
  Vitaly Kuznetsov <vkuzn...@redhat.com>
  Vittorio Gambaletta (VittGam) <linux-wirel...@vittgam.net>
  Vittorio Gambaletta <linuxb...@vittgam.net>
  Vlastimil Babka <vba...@suse.cz>
  Wang YanQing <udkni...@gmail.com>
  Wanpeng Li <wanpeng...@hotmail.com>
  Will Deacon <will.dea...@arm.com>
  Wolfram Sang <w...@the-dreams.de>
  Yura Pakhuchiy <pakhuc...@gmail.com>
  Zhao Qiang <qiang.z...@nxp.com>

jobs:
 build-amd64-xsm                                              pass    
 build-armhf-xsm                                              broken  
 build-i386-xsm                                               pass    
 build-amd64                                                  pass    
 build-armhf                                                  broken  
 build-i386                                                   pass    
 build-amd64-libvirt                                          pass    
 build-armhf-libvirt                                          blocked 
 build-i386-libvirt                                           pass    
 build-amd64-pvops                                            pass    
 build-armhf-pvops                                            broken  
 build-i386-pvops                                             pass    
 build-amd64-rumpuserxen                                      broken  
 build-i386-rumpuserxen                                       fail    
 test-amd64-amd64-xl                                          pass    
 test-armhf-armhf-xl                                          blocked 
 test-amd64-i386-xl                                           pass    
 test-amd64-amd64-xl-qemut-debianhvm-amd64-xsm                pass    
 test-amd64-i386-xl-qemut-debianhvm-amd64-xsm                 pass    
 test-amd64-amd64-libvirt-qemuu-debianhvm-amd64-xsm           pass    
 test-amd64-i386-libvirt-qemuu-debianhvm-amd64-xsm            pass    
 test-amd64-amd64-xl-qemuu-debianhvm-amd64-xsm                pass    
 test-amd64-i386-xl-qemuu-debianhvm-amd64-xsm                 pass    
 test-amd64-amd64-xl-qemut-stubdom-debianhvm-amd64-xsm        pass    
 test-amd64-i386-xl-qemut-stubdom-debianhvm-amd64-xsm         pass    
 test-amd64-amd64-libvirt-xsm                                 pass    
 test-armhf-armhf-libvirt-xsm                                 blocked 
 test-amd64-i386-libvirt-xsm                                  pass    
 test-amd64-amd64-xl-xsm                                      pass    
 test-armhf-armhf-xl-xsm                                      blocked 
 test-amd64-i386-xl-xsm                                       pass    
 test-amd64-amd64-qemuu-nested-amd                            fail    
 test-amd64-amd64-xl-pvh-amd                                  fail    
 test-amd64-i386-qemut-rhel6hvm-amd                           pass    
 test-amd64-i386-qemuu-rhel6hvm-amd                           pass    
 test-amd64-amd64-xl-qemut-debianhvm-amd64                    pass    
 test-amd64-i386-xl-qemut-debianhvm-amd64                     pass    
 test-amd64-amd64-xl-qemuu-debianhvm-amd64                    pass    
 test-amd64-i386-xl-qemuu-debianhvm-amd64                     pass    
 test-amd64-i386-freebsd10-amd64                              pass    
 test-amd64-amd64-xl-qemuu-ovmf-amd64                         pass    
 test-amd64-i386-xl-qemuu-ovmf-amd64                          pass    
 test-amd64-amd64-rumpuserxen-amd64                           blocked 
 test-amd64-amd64-xl-qemut-win7-amd64                         fail    
 test-amd64-i386-xl-qemut-win7-amd64                          fail    
 test-amd64-amd64-xl-qemuu-win7-amd64                         fail    
 test-amd64-i386-xl-qemuu-win7-amd64                          fail    
 test-amd64-amd64-xl-credit2                                  pass    
 test-armhf-armhf-xl-credit2                                  blocked 
 test-amd64-i386-freebsd10-i386                               pass    
 test-amd64-i386-rumpuserxen-i386                             blocked 
 test-amd64-amd64-qemuu-nested-intel                          pass    
 test-amd64-amd64-xl-pvh-intel                                fail    
 test-amd64-i386-qemut-rhel6hvm-intel                         pass    
 test-amd64-i386-qemuu-rhel6hvm-intel                         pass    
 test-amd64-amd64-libvirt                                     pass    
 test-armhf-armhf-libvirt                                     blocked 
 test-amd64-i386-libvirt                                      pass    
 test-armhf-armhf-xl-midway                                   blocked 
 test-amd64-amd64-xl-multivcpu                                pass    
 test-armhf-armhf-xl-multivcpu                                blocked 
 test-amd64-amd64-pair                                        pass    
 test-amd64-i386-pair                                         pass    
 test-amd64-amd64-libvirt-pair                                pass    
 test-amd64-i386-libvirt-pair                                 pass    
 test-amd64-amd64-amd64-pvgrub                                pass    
 test-amd64-amd64-i386-pvgrub                                 pass    
 test-amd64-amd64-pygrub                                      pass    
 test-armhf-armhf-libvirt-qcow2                               blocked 
 test-amd64-amd64-xl-qcow2                                    pass    
 test-armhf-armhf-libvirt-raw                                 blocked 
 test-amd64-i386-xl-raw                                       pass    
 test-amd64-amd64-xl-rtds                                     pass    
 test-armhf-armhf-xl-rtds                                     blocked 
 test-amd64-i386-xl-qemut-winxpsp3-vcpus1                     pass    
 test-amd64-i386-xl-qemuu-winxpsp3-vcpus1                     pass    
 test-amd64-amd64-libvirt-vhd                                 pass    
 test-armhf-armhf-xl-vhd                                      blocked 
 test-amd64-amd64-xl-qemut-winxpsp3                           pass    
 test-amd64-i386-xl-qemut-winxpsp3                            pass    
 test-amd64-amd64-xl-qemuu-winxpsp3                           pass    
 test-amd64-i386-xl-qemuu-winxpsp3                            pass    


------------------------------------------------------------
sg-report-flight on osstest.xs.citrite.net
logs: /home/osstest/logs
images: /home/osstest/images

Logs, config files, etc. are available at
    http://osstest.xs.citrite.net/~osstest/testlogs/logs

Test harness code can be found at
    http://xenbits.xensource.com/gitweb?p=osstest.git;a=summary

broken build-amd64-rumpuserxen capture-logs !broken
broken-step build-amd64-rumpuserxen host-install(3)
broken-step build-armhf-pvops host-install(3)
broken build-armhf-pvops capture-logs !broken
broken build-armhf-xsm capture-logs !broken
broken-step build-armhf-xsm host-install(3)
broken-step build-armhf host-install(3)
broken build-armhf capture-logs !broken

Push not applicable.

(No revision log; it would be 6330 lines long.)

_______________________________________________
Xen-devel mailing list
Xen-devel@lists.xen.org
https://lists.xen.org/xen-devel

Reply via email to