flight 95836 linux-3.14 real [real] http://logs.test-lab.xenproject.org/osstest/logs/95836/
Regressions :-( Tests which did not succeed and are blocking, including tests which could not be run: test-amd64-i386-freebsd10-amd64 10 guest-start fail REGR. vs. 95164 test-amd64-amd64-qemuu-nested-intel 13 xen-boot/l1 fail REGR. vs. 95164 test-amd64-amd64-qemuu-nested-amd 13 xen-boot/l1 fail REGR. vs. 95164 Tests which are failing intermittently (not blocking): test-amd64-amd64-xl-qemut-debianhvm-amd64-xsm 3 host-install(3) broken pass in 95800 test-amd64-i386-xl-qemut-stubdom-debianhvm-amd64-xsm 3 host-install(3) broken pass in 95800 test-amd64-amd64-xl-qemuu-debianhvm-amd64-xsm 9 debian-hvm-install fail in 95800 pass in 95836 test-amd64-amd64-xl-qemuu-ovmf-amd64 6 xen-boot fail pass in 95800 Regressions which are regarded as allowable (not blocking): build-i386-rumpuserxen 6 xen-build fail like 95164 build-amd64-rumpuserxen 6 xen-build fail like 95164 test-amd64-amd64-xl-qemut-win7-amd64 16 guest-stop fail like 95164 test-amd64-i386-xl-qemut-win7-amd64 16 guest-stop fail like 95164 test-amd64-amd64-xl-qemuu-win7-amd64 16 guest-stop fail like 95164 test-amd64-i386-xl-qemuu-win7-amd64 16 guest-stop fail like 95164 Tests which did not succeed, but are not blocking: test-amd64-i386-rumpuserxen-i386 1 build-check(1) blocked n/a test-amd64-amd64-rumpuserxen-amd64 1 build-check(1) blocked n/a test-amd64-amd64-xl-pvh-intel 11 guest-start fail never pass test-amd64-amd64-libvirt-xsm 12 migrate-support-check fail never pass test-amd64-i386-libvirt-xsm 12 migrate-support-check fail never pass test-amd64-amd64-libvirt 12 migrate-support-check fail never pass test-amd64-i386-libvirt 12 migrate-support-check fail never pass test-amd64-amd64-xl-pvh-amd 11 guest-start fail never pass test-amd64-i386-libvirt-qemuu-debianhvm-amd64-xsm 10 migrate-support-check fail never pass test-amd64-amd64-libvirt-vhd 11 migrate-support-check fail never pass test-amd64-amd64-libvirt-qemuu-debianhvm-amd64-xsm 10 migrate-support-check fail never pass version targeted for testing: linux 022aafd04696a3c6b7ad47ab83a9650646287bf8 baseline version: linux f06cb456a442c7df95a4ba6e2f3a341cf925d7cf Last test of basis 95164 2016-06-01 19:46:34 Z 15 days Testing same since 95407 2016-06-08 00:46:14 Z 9 days 8 attempts ------------------------------------------------------------ People who touched revisions under test: Andrew Morton <a...@linux-foundation.org> Ben Hutchings <b...@decadent.org.uk> Bjorn Helgaas <bhelg...@google.com> Daniel Lezcano <daniel.lezc...@linaro.org> Daniel Vetter <daniel.vet...@ffwll.ch> Dave Chinner <da...@fromorbit.com> Dave Chinner <dchin...@redhat.com> Dave Gerlach <d-gerl...@ti.com> David Vrabel <david.vra...@citrix.com> Dmitry Torokhov <dmitry.torok...@gmail.com> Greg Kroah-Hartman <gre...@linuxfoundation.org> Hari Bathini <hbath...@linux.vnet.ibm.com> Itai Handler <itai_hand...@hotmail.com> J. Bruce Fields <bfie...@redhat.com> James Hogan <james.ho...@imgtec.com> Jeff Layton <jlay...@poochiereds.net> Joseph Salisbury <joseph.salisb...@canonical.com> Kalle Valo <kv...@codeaurora.org> Kalle Valo <kv...@qca.qualcomm.com> Larry Finger <larry.fin...@lwfinger.net> Linus Torvalds <torva...@linux-foundation.org> Lyude <cp...@redhat.com> Mahesh Salgaonkar <mah...@linux.vnet.ibm.com> Martin K. Petersen <martin.peter...@oracle.com> Matthias Schiffer <mschif...@universe-factory.net> Michael Ellerman <m...@ellerman.id.au> Nicolai Stange <nicsta...@gmail.com> Patrik Jakobsson <patrik.r.jakobs...@gmail.com> Paul Burton <paul.bur...@imgtec.com> Prarit Bhargava <pra...@redhat.com> Rafael J. Wysocki <rafael.j.wyso...@intel.com> Raghava Aditya Renukunta <raghavaaditya.renuku...@microsemi.com> Ralf Baechle <r...@linux-mips.org> Ricky Liang <jcli...@chromium.org> Ross Lagerwall <ross.lagerw...@citrix.com> Shyam Kaushik <sh...@zadarastorage.com> Theodore Ts'o <ty...@mit.edu> Tomáš Trnka <ttr...@mail.muni.cz> Ville Syrjälä <ville.syrj...@linux.intel.com> Wang YanQing <udkni...@gmail.com> jobs: build-amd64-xsm pass build-i386-xsm pass build-amd64 pass build-i386 pass build-amd64-libvirt pass build-i386-libvirt pass build-amd64-pvops pass build-i386-pvops pass build-amd64-rumpuserxen fail build-i386-rumpuserxen fail test-amd64-amd64-xl pass test-amd64-i386-xl pass test-amd64-amd64-xl-qemut-debianhvm-amd64-xsm broken test-amd64-i386-xl-qemut-debianhvm-amd64-xsm pass test-amd64-amd64-libvirt-qemuu-debianhvm-amd64-xsm pass test-amd64-i386-libvirt-qemuu-debianhvm-amd64-xsm pass test-amd64-amd64-xl-qemuu-debianhvm-amd64-xsm pass test-amd64-i386-xl-qemuu-debianhvm-amd64-xsm pass test-amd64-amd64-xl-qemut-stubdom-debianhvm-amd64-xsm pass test-amd64-i386-xl-qemut-stubdom-debianhvm-amd64-xsm broken test-amd64-amd64-libvirt-xsm pass test-amd64-i386-libvirt-xsm pass test-amd64-amd64-xl-xsm pass test-amd64-i386-xl-xsm pass test-amd64-amd64-qemuu-nested-amd fail test-amd64-amd64-xl-pvh-amd fail test-amd64-i386-qemut-rhel6hvm-amd pass test-amd64-i386-qemuu-rhel6hvm-amd pass test-amd64-amd64-xl-qemut-debianhvm-amd64 pass test-amd64-i386-xl-qemut-debianhvm-amd64 pass test-amd64-amd64-xl-qemuu-debianhvm-amd64 pass test-amd64-i386-xl-qemuu-debianhvm-amd64 pass test-amd64-i386-freebsd10-amd64 fail test-amd64-amd64-xl-qemuu-ovmf-amd64 fail test-amd64-i386-xl-qemuu-ovmf-amd64 pass test-amd64-amd64-rumpuserxen-amd64 blocked test-amd64-amd64-xl-qemut-win7-amd64 fail test-amd64-i386-xl-qemut-win7-amd64 fail test-amd64-amd64-xl-qemuu-win7-amd64 fail test-amd64-i386-xl-qemuu-win7-amd64 fail test-amd64-amd64-xl-credit2 pass test-amd64-i386-freebsd10-i386 pass test-amd64-i386-rumpuserxen-i386 blocked test-amd64-amd64-qemuu-nested-intel fail test-amd64-amd64-xl-pvh-intel fail test-amd64-i386-qemut-rhel6hvm-intel pass test-amd64-i386-qemuu-rhel6hvm-intel pass test-amd64-amd64-libvirt pass test-amd64-i386-libvirt pass test-amd64-amd64-xl-multivcpu pass test-amd64-amd64-pair pass test-amd64-i386-pair pass test-amd64-amd64-libvirt-pair pass test-amd64-i386-libvirt-pair pass test-amd64-amd64-amd64-pvgrub pass test-amd64-amd64-i386-pvgrub pass test-amd64-amd64-pygrub pass test-amd64-amd64-xl-qcow2 pass test-amd64-i386-xl-raw pass test-amd64-amd64-xl-rtds pass test-amd64-i386-xl-qemut-winxpsp3-vcpus1 pass test-amd64-i386-xl-qemuu-winxpsp3-vcpus1 pass test-amd64-amd64-libvirt-vhd pass test-amd64-amd64-xl-qemut-winxpsp3 pass test-amd64-i386-xl-qemut-winxpsp3 pass test-amd64-amd64-xl-qemuu-winxpsp3 pass test-amd64-i386-xl-qemuu-winxpsp3 pass ------------------------------------------------------------ sg-report-flight on osstest.test-lab.xenproject.org logs: /home/logs/logs images: /home/logs/images Logs, config files, etc. are available at http://logs.test-lab.xenproject.org/osstest/logs Explanation of these reports, and of osstest in general, is at http://xenbits.xen.org/gitweb/?p=osstest.git;a=blob;f=README.email;hb=master http://xenbits.xen.org/gitweb/?p=osstest.git;a=blob;f=README;hb=master Test harness code can be found at http://xenbits.xen.org/gitweb?p=osstest.git;a=summary broken-step test-amd64-amd64-xl-qemut-debianhvm-amd64-xsm host-install(3) broken-step test-amd64-i386-xl-qemut-stubdom-debianhvm-amd64-xsm host-install(3) Not pushing. (No revision log; it would be 711 lines long.)
_______________________________________________ Xen-devel mailing list Xen-devel@lists.xen.org http://lists.xen.org/xen-devel