flight 95768 libvirt real [real] http://logs.test-lab.xenproject.org/osstest/logs/95768/
Failures and problems with tests :-( Tests which did not succeed and are blocking, including tests which could not be run: test-amd64-amd64-libvirt-qemuu-debianhvm-amd64-xsm 3 host-install(3) broken REGR. vs. 95460 test-amd64-amd64-libvirt-vhd 3 host-install(3) broken REGR. vs. 95460 Tests which did not succeed, but are not blocking: test-armhf-armhf-libvirt-xsm 12 migrate-support-check fail never pass test-armhf-armhf-libvirt-xsm 14 guest-saverestore fail never pass test-armhf-armhf-libvirt 14 guest-saverestore fail never pass test-armhf-armhf-libvirt 12 migrate-support-check fail never pass test-amd64-amd64-libvirt 12 migrate-support-check fail never pass test-armhf-armhf-libvirt-qcow2 11 migrate-support-check fail never pass test-armhf-armhf-libvirt-qcow2 13 guest-saverestore fail never pass test-amd64-i386-libvirt-xsm 12 migrate-support-check fail never pass test-amd64-i386-libvirt 12 migrate-support-check fail never pass test-amd64-amd64-libvirt-xsm 12 migrate-support-check fail never pass test-amd64-i386-libvirt-qemuu-debianhvm-amd64-xsm 10 migrate-support-check fail never pass test-armhf-armhf-libvirt-raw 13 guest-saverestore fail never pass test-armhf-armhf-libvirt-raw 11 migrate-support-check fail never pass version targeted for testing: libvirt 8ce58b0081e301375913c9147ae4daeed01fd37e baseline version: libvirt 1a41ed5af5e1704dd9b0bdca40df5c9cacbdabfc Last test of basis 95460 2016-06-09 05:57:15 Z 6 days Failing since 95520 2016-06-10 18:36:19 Z 5 days 5 attempts Testing same since 95768 2016-06-15 08:39:15 Z 0 days 1 attempts ------------------------------------------------------------ People who touched revisions under test: Chunyan Liu <cy...@suse.com> Daniel P. Berrange <berra...@redhat.com> Guido Günther <a...@sigxcpu.org> Jim Fehlig <jfeh...@suse.com> Jingjing Shao <jis...@redhat.com> Jiri Denemark <jdene...@redhat.com> John Ferlan <jfer...@redhat.com> Ján Tomko <jto...@redhat.com> Martin Kletzander <mklet...@redhat.com> Maxim Nestratov <mnestra...@virtuozzo.com> Michal Privoznik <mpriv...@redhat.com> Mikhail Feoktistov <mfeoktis...@virtuozzo.com> Nikolay Shirokovskiy <nshirokovs...@virtuozzo.com> Pavel Hrdina <phrd...@redhat.com> Riku Voipio <riku.voi...@linaro.org> Roman Bogorodskiy <bogorods...@gmail.com> Wang Yufei <james.wangyu...@huawei.com> Wei Liu <wei.l...@citrix.com> jobs: build-amd64-xsm pass build-armhf-xsm pass build-i386-xsm pass build-amd64 pass build-armhf pass build-i386 pass build-amd64-libvirt pass build-armhf-libvirt pass build-i386-libvirt pass build-amd64-pvops pass build-armhf-pvops pass build-i386-pvops pass test-amd64-amd64-libvirt-qemuu-debianhvm-amd64-xsm broken test-amd64-i386-libvirt-qemuu-debianhvm-amd64-xsm pass test-amd64-amd64-libvirt-xsm pass test-armhf-armhf-libvirt-xsm fail test-amd64-i386-libvirt-xsm pass test-amd64-amd64-libvirt pass test-armhf-armhf-libvirt fail test-amd64-i386-libvirt pass test-amd64-amd64-libvirt-pair pass test-amd64-i386-libvirt-pair pass test-armhf-armhf-libvirt-qcow2 fail test-armhf-armhf-libvirt-raw fail test-amd64-amd64-libvirt-vhd broken ------------------------------------------------------------ sg-report-flight on osstest.test-lab.xenproject.org logs: /home/logs/logs images: /home/logs/images Logs, config files, etc. are available at http://logs.test-lab.xenproject.org/osstest/logs Explanation of these reports, and of osstest in general, is at http://xenbits.xen.org/gitweb/?p=osstest.git;a=blob;f=README.email;hb=master http://xenbits.xen.org/gitweb/?p=osstest.git;a=blob;f=README;hb=master Test harness code can be found at http://xenbits.xen.org/gitweb?p=osstest.git;a=summary broken-step test-amd64-amd64-libvirt-qemuu-debianhvm-amd64-xsm host-install(3) broken-step test-amd64-amd64-libvirt-vhd host-install(3) Not pushing. (No revision log; it would be 1541 lines long.)
_______________________________________________ Xen-devel mailing list Xen-devel@lists.xen.org http://lists.xen.org/xen-devel