flight 94958 ovmf real [real] http://logs.test-lab.xenproject.org/osstest/logs/94958/
Regressions :-( Tests which did not succeed and are blocking, including tests which could not be run: test-amd64-i386-xl-qemuu-ovmf-amd64 17 guest-start/debianhvm.repeat fail REGR. vs. 94748 test-amd64-amd64-xl-qemuu-ovmf-amd64 17 guest-start/debianhvm.repeat fail REGR. vs. 94748 version targeted for testing: ovmf 3ab7066e8d8ae43d9cdee76600b90918f8bee5d9 baseline version: ovmf dc99315b8732b6e3032d01319d3f534d440b43d0 Last test of basis 94748 2016-05-24 22:43:25 Z 5 days Failing since 94750 2016-05-25 03:43:08 Z 5 days 17 attempts Testing same since 94958 2016-05-30 13:43:03 Z 0 days 1 attempts ------------------------------------------------------------ People who touched revisions under test: Cohen, Eugene <eug...@hp.com> Dandan Bi <dandan...@intel.com> Darbin Reyes <darbin.emm.re...@hpe.com> Eugene Cohen <eug...@hp.com> Gary Lin <g...@suse.com> Hao Wu <hao.a...@intel.com> Jeff Fan <jeff....@intel.com> Jiaxin Wu <jiaxin...@intel.com> Katie Dellaquila <katie.dellaqu...@hp.com> Laszlo Ersek <ler...@redhat.com> Liming Gao <liming....@intel.com> Marvin H?user <marvin.haeu...@outlook.com> Marvin Haeuser <marvin.haeu...@outlook.com> Maurice Ma <maurice...@intel.com> Michael Zimmermann <sigmaepsilo...@gmail.com> Star Zeng <star.z...@intel.com> Yonghong Zhu <yonghong....@intel.com> jobs: build-amd64-xsm pass build-i386-xsm pass build-amd64 pass build-i386 pass build-amd64-libvirt pass build-i386-libvirt pass build-amd64-pvops pass build-i386-pvops pass test-amd64-amd64-xl-qemuu-ovmf-amd64 fail test-amd64-i386-xl-qemuu-ovmf-amd64 fail ------------------------------------------------------------ sg-report-flight on osstest.test-lab.xenproject.org logs: /home/logs/logs images: /home/logs/images Logs, config files, etc. are available at http://logs.test-lab.xenproject.org/osstest/logs Explanation of these reports, and of osstest in general, is at http://xenbits.xen.org/gitweb/?p=osstest.git;a=blob;f=README.email;hb=master http://xenbits.xen.org/gitweb/?p=osstest.git;a=blob;f=README;hb=master Test harness code can be found at http://xenbits.xen.org/gitweb?p=osstest.git;a=summary Not pushing. (No revision log; it would be 683 lines long.) _______________________________________________ Xen-devel mailing list Xen-devel@lists.xen.org http://lists.xen.org/xen-devel