flight 94729 linux-4.1 real [real]
http://logs.test-lab.xenproject.org/osstest/logs/94729/

Failures :-/ but no regressions.

Regressions which are regarded as allowable (not blocking):
 build-amd64-rumpuserxen       6 xen-build                    fail   like 94034
 build-i386-rumpuserxen        6 xen-build                    fail   like 94034
 test-armhf-armhf-xl-credit2  15 guest-start/debian.repeat    fail   like 94034
 test-armhf-armhf-xl-cubietruck 15 guest-start/debian.repeat    fail like 94034
 test-armhf-armhf-xl-multivcpu 15 guest-start/debian.repeat    fail  like 94034
 test-amd64-amd64-xl-qemuu-win7-amd64 16 guest-stop             fail like 94034
 test-amd64-amd64-xl-qemut-win7-amd64 16 guest-stop             fail like 94034
 test-amd64-i386-xl-qemut-win7-amd64 16 guest-stop              fail like 94034
 test-amd64-i386-xl-qemuu-win7-amd64 16 guest-stop              fail like 94034
 test-armhf-armhf-xl-rtds     15 guest-start/debian.repeat    fail   like 94034
 test-armhf-armhf-xl-vhd       9 debian-di-install            fail   like 94034

Tests which did not succeed, but are not blocking:
 test-amd64-i386-rumpuserxen-i386  1 build-check(1)               blocked  n/a
 test-amd64-amd64-rumpuserxen-amd64  1 build-check(1)               blocked n/a
 test-amd64-amd64-xl-pvh-intel 14 guest-saverestore            fail  never pass
 test-amd64-amd64-xl-pvh-amd  11 guest-start                  fail   never pass
 test-armhf-armhf-libvirt-xsm 12 migrate-support-check        fail   never pass
 test-armhf-armhf-libvirt-xsm 14 guest-saverestore            fail   never pass
 test-amd64-i386-libvirt-xsm  12 migrate-support-check        fail   never pass
 test-armhf-armhf-libvirt     14 guest-saverestore            fail   never pass
 test-armhf-armhf-libvirt     12 migrate-support-check        fail   never pass
 test-amd64-amd64-libvirt     12 migrate-support-check        fail   never pass
 test-amd64-amd64-libvirt-xsm 12 migrate-support-check        fail   never pass
 test-amd64-i386-libvirt      12 migrate-support-check        fail   never pass
 test-armhf-armhf-xl-arndale  12 migrate-support-check        fail   never pass
 test-armhf-armhf-xl-arndale  13 saverestore-support-check    fail   never pass
 test-amd64-amd64-qemuu-nested-amd 16 debian-hvm-install/l1/l2  fail never pass
 test-amd64-amd64-libvirt-qemuu-debianhvm-amd64-xsm 10 migrate-support-check 
fail never pass
 test-armhf-armhf-xl-credit2  13 saverestore-support-check    fail   never pass
 test-armhf-armhf-xl-credit2  12 migrate-support-check        fail   never pass
 test-armhf-armhf-xl          12 migrate-support-check        fail   never pass
 test-armhf-armhf-xl          13 saverestore-support-check    fail   never pass
 test-armhf-armhf-xl-cubietruck 12 migrate-support-check        fail never pass
 test-armhf-armhf-xl-cubietruck 13 saverestore-support-check    fail never pass
 test-amd64-i386-libvirt-qemuu-debianhvm-amd64-xsm 10 migrate-support-check 
fail never pass
 test-armhf-armhf-xl-multivcpu 13 saverestore-support-check    fail  never pass
 test-armhf-armhf-xl-multivcpu 12 migrate-support-check        fail  never pass
 test-amd64-amd64-libvirt-vhd 11 migrate-support-check        fail   never pass
 test-armhf-armhf-xl-xsm      13 saverestore-support-check    fail   never pass
 test-armhf-armhf-xl-xsm      12 migrate-support-check        fail   never pass
 test-armhf-armhf-xl-rtds     13 saverestore-support-check    fail   never pass
 test-armhf-armhf-xl-rtds     12 migrate-support-check        fail   never pass
 test-armhf-armhf-libvirt-qcow2 11 migrate-support-check        fail never pass
 test-armhf-armhf-libvirt-qcow2 13 guest-saverestore            fail never pass
 test-armhf-armhf-libvirt-raw  9 debian-di-install            fail   never pass

version targeted for testing:
 linux                e429f243df2823451c92227317e5fce5f310b674
baseline version:
 linux                648d744eff1aedea4ffe49dfca07aa465669e1f4

Last test of basis    94034  2016-05-11 15:50:32 Z   12 days
Testing same since    94729  2016-05-23 21:47:14 Z    0 days    1 attempts

------------------------------------------------------------
People who touched revisions under test:
  "Eric W. Biederman" <ebied...@xmission.com>
  Al Viro <v...@zeniv.linux.org.uk>
  Alex Deucher <alexander.deuc...@amd.com>
  Alexander Shishkin <alexander.shish...@linux.intel.com>
  Andrew Donnellan <andrew.donnel...@au1.ibm.com>
  Andrew Morton <a...@linux-foundation.org>
  Andy Lutomirski <l...@kernel.org> # On a Dell XPS 13 9350
  Anton Blanchard <an...@samba.org>
  Arindam Nath <arindam.n...@amd.com>
  Aristeu Rozanski <a...@redhat.com>
  Arnaldo Carvalho de Melo <a...@redhat.com>
  Bob Moore <robert.mo...@intel.com>
  Bobi Mihalca <bobbymiha...@touchtech.ro>
  Borislav Petkov <b...@suse.de>
  Chen Yu <yu.c.c...@intel.com>
  Chris Wilson <ch...@chris-wilson.co.uk>
  Christopher Oo <t-chr...@microsoft.com>
  Chunyu Hu <ch...@redhat.com>
  Conrad Kostecki <ck+linuxker...@bl4ckb0x.de>
  cp...@redhat.com <cp...@redhat.com>
  Daniel Lezcano <daniel.lezc...@linaro.org>
  Daniel Vetter <daniel.vet...@ffwll.ch>
  Daniel Vetter <daniel.vet...@intel.com>
  Dave Airlie <airl...@redhat.com>
  David S. Miller <da...@davemloft.net>
  Dexuan Cui <de...@microsoft.com>
  Dinh Nguyen <dingu...@opensource.altera.com>
  Dmitry Torokhov <dmitry.torok...@gmail.com>
  Dmitry V. Levin <l...@altlinux.org>
  Doug Ledford <dledf...@redhat.com>
  Emmanuel Grumbach <emmanuel.grumb...@intel.com>
  Eric Dumazet <eric.duma...@gmail.com>
  Eric W. Biederman <ebied...@xmission.com>
  Greg Kroah-Hartman <gre...@linuxfoundation.org>
  Gregor Boirie <gregor.boi...@parrot.com>
  Hans Verkuil <hans.verk...@cisco.com>
  Hans Verkuil <hverk...@xs4all.nl>
  Helge Deller <del...@gmx.de>
  Herbert Xu <herb...@gondor.apana.org.au>
  Hugh Dickins <hu...@google.com>
  Ian Munsie <imun...@au1.ibm.com>
  Imre Deak <imre.d...@intel.com>
  Ingo Molnar <mi...@kernel.org>
  Jack Pham <ja...@codeaurora.org>
  James Morse <james.mo...@arm.com>
  Jani Nikula <jani.nik...@intel.com>
  Jasem Mutlaq <mutla...@ikarustech.com>
  Jason Gunthorpe <jguntho...@obsidianresearch.com>
  Javier Martinez Canillas <jav...@osg.samsung.com>
  Johan Hovold <jo...@kernel.org>
  Jonathan Cameron <ji...@kernel.org>
  Joonsoo Kim <iamjoonsoo....@lge.com>
  Junxiao Bi <junxiao...@oracle.com>
  K. Y. Srinivasan <k...@microsoft.com>
  Kaho Ng <ngkaho1...@gmail.com>
  Kevin Hilman <khil...@baylibre.com>
  Kirill A. Shutemov <kirill.shute...@linux.intel.com>
  Konstantin Khlebnikov <koc...@gmail.com>
  Krzysztof Kozlowski <k.kozlow...@samsung.com>
  Laszlo Ersek <ler...@redhat.com>
  Linus Torvalds <torva...@linux-foundation.org>
  Lorenzo Pieralisi <lorenzo.pieral...@arm.com>
  Lv Zheng <lv.zh...@intel.com>
  Lyude <cp...@redhat.com>
  Maarten Lankhorst <maarten.lankho...@linux.intel.com>
  Marek Szyprowski <m.szyprow...@samsung.com>
  Mark Brown <broo...@kernel.org>
  Matt Fleming <m...@codeblueprint.co.uk>
  Mauro Carvalho Chehab <mche...@osg.samsung.com>
  Maxim Patlasov <mpatla...@virtuozzo.com>
  Michael Ellerman <m...@ellerman.id.au>
  Michael Neuling <mi...@neuling.org>
  Mike Manning <mich...@bsch.com.au>
  Miklos Szeredi <mszer...@redhat.com>
  Minchan Kim <minc...@kernel.org>
  Namhyung Kim <namhy...@kernel.org>
  Naoya Horiguchi <n-horigu...@ah.jp.nec.com>
  Peter Zijlstra (Intel) <pet...@infradead.org>
  Prarit Bhargava <pra...@redhat.com>
  Rafael J. Wysocki <rafael.j.wyso...@intel.com>
  Roman Pen <roman.peny...@profitbricks.com>
  Sascha Hauer <s.ha...@pengutronix.de>
  Sasha Levin <sasha.le...@oracle.com>
  Seth Forshee <seth.fors...@canonical.com>
  Shaohua Li <s...@fb.com>
  Srinivas Eeda <srinivas.e...@oracle.com>
  Srinivas Kandagatla <srinivas.kandaga...@linaro.org>
  Steven Rostedt <rost...@goodmis.org>
  Sugar Zhang <sugar.zh...@rock-chips.com>
  Takashi Iwai <ti...@suse.de>
  Tariq Saeed <tariq.x.sa...@oracle.com>
  Tejun Heo <t...@kernel.org>
  Thomas Gleixner <t...@linutronix.de>
  Tony Luck <tony.l...@intel.com>
  Vaibhav Jain <vaib...@linux.vnet.ibm.com>
  Ville Syrjälä <ville.syrj...@linux.intel.com>
  Vitaly Kuznetsov <vkuzn...@redhat.com>
  Vitaly Prosyak <vitaly.pros...@amd.com>
  Vlastimil Babka <vba...@suse.cz>
  Wang YanQing <udkni...@gmail.com>
  Wanpeng Li <wanpeng...@hotmail.com>
  Yura Pakhuchiy <pakhuc...@gmail.com>

jobs:
 build-amd64-xsm                                              pass    
 build-armhf-xsm                                              pass    
 build-i386-xsm                                               pass    
 build-amd64                                                  pass    
 build-armhf                                                  pass    
 build-i386                                                   pass    
 build-amd64-libvirt                                          pass    
 build-armhf-libvirt                                          pass    
 build-i386-libvirt                                           pass    
 build-amd64-pvops                                            pass    
 build-armhf-pvops                                            pass    
 build-i386-pvops                                             pass    
 build-amd64-rumpuserxen                                      fail    
 build-i386-rumpuserxen                                       fail    
 test-amd64-amd64-xl                                          pass    
 test-armhf-armhf-xl                                          pass    
 test-amd64-i386-xl                                           pass    
 test-amd64-amd64-xl-qemut-debianhvm-amd64-xsm                pass    
 test-amd64-i386-xl-qemut-debianhvm-amd64-xsm                 pass    
 test-amd64-amd64-libvirt-qemuu-debianhvm-amd64-xsm           pass    
 test-amd64-i386-libvirt-qemuu-debianhvm-amd64-xsm            pass    
 test-amd64-amd64-xl-qemuu-debianhvm-amd64-xsm                pass    
 test-amd64-i386-xl-qemuu-debianhvm-amd64-xsm                 pass    
 test-amd64-amd64-xl-qemut-stubdom-debianhvm-amd64-xsm        pass    
 test-amd64-i386-xl-qemut-stubdom-debianhvm-amd64-xsm         pass    
 test-amd64-amd64-libvirt-xsm                                 pass    
 test-armhf-armhf-libvirt-xsm                                 fail    
 test-amd64-i386-libvirt-xsm                                  pass    
 test-amd64-amd64-xl-xsm                                      pass    
 test-armhf-armhf-xl-xsm                                      pass    
 test-amd64-i386-xl-xsm                                       pass    
 test-amd64-amd64-qemuu-nested-amd                            fail    
 test-amd64-amd64-xl-pvh-amd                                  fail    
 test-amd64-i386-qemut-rhel6hvm-amd                           pass    
 test-amd64-i386-qemuu-rhel6hvm-amd                           pass    
 test-amd64-amd64-xl-qemut-debianhvm-amd64                    pass    
 test-amd64-i386-xl-qemut-debianhvm-amd64                     pass    
 test-amd64-amd64-xl-qemuu-debianhvm-amd64                    pass    
 test-amd64-i386-xl-qemuu-debianhvm-amd64                     pass    
 test-amd64-i386-freebsd10-amd64                              pass    
 test-amd64-amd64-xl-qemuu-ovmf-amd64                         pass    
 test-amd64-i386-xl-qemuu-ovmf-amd64                          pass    
 test-amd64-amd64-rumpuserxen-amd64                           blocked 
 test-amd64-amd64-xl-qemut-win7-amd64                         fail    
 test-amd64-i386-xl-qemut-win7-amd64                          fail    
 test-amd64-amd64-xl-qemuu-win7-amd64                         fail    
 test-amd64-i386-xl-qemuu-win7-amd64                          fail    
 test-armhf-armhf-xl-arndale                                  pass    
 test-amd64-amd64-xl-credit2                                  pass    
 test-armhf-armhf-xl-credit2                                  fail    
 test-armhf-armhf-xl-cubietruck                               fail    
 test-amd64-i386-freebsd10-i386                               pass    
 test-amd64-i386-rumpuserxen-i386                             blocked 
 test-amd64-amd64-qemuu-nested-intel                          pass    
 test-amd64-amd64-xl-pvh-intel                                fail    
 test-amd64-i386-qemut-rhel6hvm-intel                         pass    
 test-amd64-i386-qemuu-rhel6hvm-intel                         pass    
 test-amd64-amd64-libvirt                                     pass    
 test-armhf-armhf-libvirt                                     fail    
 test-amd64-i386-libvirt                                      pass    
 test-amd64-amd64-xl-multivcpu                                pass    
 test-armhf-armhf-xl-multivcpu                                fail    
 test-amd64-amd64-pair                                        pass    
 test-amd64-i386-pair                                         pass    
 test-amd64-amd64-libvirt-pair                                pass    
 test-amd64-i386-libvirt-pair                                 pass    
 test-amd64-amd64-amd64-pvgrub                                pass    
 test-amd64-amd64-i386-pvgrub                                 pass    
 test-amd64-amd64-pygrub                                      pass    
 test-armhf-armhf-libvirt-qcow2                               fail    
 test-amd64-amd64-xl-qcow2                                    pass    
 test-armhf-armhf-libvirt-raw                                 fail    
 test-amd64-i386-xl-raw                                       pass    
 test-amd64-amd64-xl-rtds                                     pass    
 test-armhf-armhf-xl-rtds                                     fail    
 test-amd64-i386-xl-qemut-winxpsp3-vcpus1                     pass    
 test-amd64-i386-xl-qemuu-winxpsp3-vcpus1                     pass    
 test-amd64-amd64-libvirt-vhd                                 pass    
 test-armhf-armhf-xl-vhd                                      fail    
 test-amd64-amd64-xl-qemut-winxpsp3                           pass    
 test-amd64-i386-xl-qemut-winxpsp3                            pass    
 test-amd64-amd64-xl-qemuu-winxpsp3                           pass    
 test-amd64-i386-xl-qemuu-winxpsp3                            pass    


------------------------------------------------------------
sg-report-flight on osstest.test-lab.xenproject.org
logs: /home/logs/logs
images: /home/logs/images

Logs, config files, etc. are available at
    http://logs.test-lab.xenproject.org/osstest/logs

Explanation of these reports, and of osstest in general, is at
    http://xenbits.xen.org/gitweb/?p=osstest.git;a=blob;f=README.email;hb=master
    http://xenbits.xen.org/gitweb/?p=osstest.git;a=blob;f=README;hb=master

Test harness code can be found at
    http://xenbits.xen.org/gitweb?p=osstest.git;a=summary


Pushing revision :

+ branch=linux-4.1
+ revision=e429f243df2823451c92227317e5fce5f310b674
+ . ./cri-lock-repos
++ . ./cri-common
+++ . ./cri-getconfig
+++ umask 002
+++ getrepos
++++ getconfig Repos
++++ perl -e '
                use Osstest;
                readglobalconfig();
                print $c{"Repos"} or die $!;
        '
+++ local repos=/home/osstest/repos
+++ '[' -z /home/osstest/repos ']'
+++ '[' '!' -d /home/osstest/repos ']'
+++ echo /home/osstest/repos
++ repos=/home/osstest/repos
++ repos_lock=/home/osstest/repos/lock
++ '[' x '!=' x/home/osstest/repos/lock ']'
++ OSSTEST_REPOS_LOCK_LOCKED=/home/osstest/repos/lock
++ exec with-lock-ex -w /home/osstest/repos/lock ./ap-push linux-4.1 
e429f243df2823451c92227317e5fce5f310b674
+ branch=linux-4.1
+ revision=e429f243df2823451c92227317e5fce5f310b674
+ . ./cri-lock-repos
++ . ./cri-common
+++ . ./cri-getconfig
+++ umask 002
+++ getrepos
++++ getconfig Repos
++++ perl -e '
                use Osstest;
                readglobalconfig();
                print $c{"Repos"} or die $!;
        '
+++ local repos=/home/osstest/repos
+++ '[' -z /home/osstest/repos ']'
+++ '[' '!' -d /home/osstest/repos ']'
+++ echo /home/osstest/repos
++ repos=/home/osstest/repos
++ repos_lock=/home/osstest/repos/lock
++ '[' x/home/osstest/repos/lock '!=' x/home/osstest/repos/lock ']'
+ . ./cri-common
++ . ./cri-getconfig
++ umask 002
+ select_xenbranch
+ case "$branch" in
+ tree=linux
+ xenbranch=xen-unstable
+ '[' xlinux = xlinux ']'
+ linuxbranch=linux-4.1
+ '[' x = x ']'
+ qemuubranch=qemu-upstream-unstable
+ select_prevxenbranch
++ ./cri-getprevxenbranch xen-unstable
+ prevxenbranch=xen-4.6-testing
+ '[' xe429f243df2823451c92227317e5fce5f310b674 = x ']'
+ : tested/2.6.39.x
+ . ./ap-common
++ : osst...@xenbits.xen.org
+++ getconfig OsstestUpstream
+++ perl -e '
                use Osstest;
                readglobalconfig();
                print $c{"OsstestUpstream"} or die $!;
        '
++ :
++ : git://xenbits.xen.org/xen.git
++ : osst...@xenbits.xen.org:/home/xen/git/xen.git
++ : git://xenbits.xen.org/qemu-xen-traditional.git
++ : git://git.kernel.org
++ : git://git.kernel.org/pub/scm/linux/kernel/git
++ : git
++ : git://xenbits.xen.org/libvirt.git
++ : osst...@xenbits.xen.org:/home/xen/git/libvirt.git
++ : git://xenbits.xen.org/libvirt.git
++ : git://xenbits.xen.org/rumpuser-xen.git
++ : git
++ : git://xenbits.xen.org/rumpuser-xen.git
++ : osst...@xenbits.xen.org:/home/xen/git/rumpuser-xen.git
+++ besteffort_repo https://github.com/rumpkernel/rumpkernel-netbsd-src
+++ local repo=https://github.com/rumpkernel/rumpkernel-netbsd-src
+++ cached_repo https://github.com/rumpkernel/rumpkernel-netbsd-src 
'[fetch=try]'
+++ local repo=https://github.com/rumpkernel/rumpkernel-netbsd-src
+++ local 'options=[fetch=try]'
++++ getconfig GitCacheProxy
++++ perl -e '
                use Osstest;
                readglobalconfig();
                print $c{"GitCacheProxy"} or die $!;
        '
+++ local cache=git://cache:9419/
+++ '[' xgit://cache:9419/ '!=' x ']'
+++ echo 
'git://cache:9419/https://github.com/rumpkernel/rumpkernel-netbsd-src%20[fetch=try]'
++ : 
'git://cache:9419/https://github.com/rumpkernel/rumpkernel-netbsd-src%20[fetch=try]'
++ : git
++ : git://git.seabios.org/seabios.git
++ : osst...@xenbits.xen.org:/home/xen/git/osstest/seabios.git
++ : git://xenbits.xen.org/osstest/seabios.git
++ : https://github.com/tianocore/edk2.git
++ : osst...@xenbits.xen.org:/home/xen/git/osstest/ovmf.git
++ : git://xenbits.xen.org/osstest/ovmf.git
++ : git://xenbits.xen.org/osstest/linux-firmware.git
++ : osst...@xenbits.xen.org:/home/osstest/ext/linux-firmware.git
++ : git://git.kernel.org/pub/scm/linux/kernel/git/firmware/linux-firmware.git
++ : osst...@xenbits.xen.org:/home/xen/git/linux-pvops.git
++ : git://xenbits.xen.org/linux-pvops.git
++ : tested/linux-3.14
++ : tested/linux-arm-xen
++ '[' xgit://git.kernel.org/pub/scm/linux/kernel/git/stable/linux-stable.git = 
x ']'
++ '[' xgit://git.kernel.org/pub/scm/linux/kernel/git/stable/linux-stable.git = 
x ']'
++ : git://git.kernel.org/pub/scm/linux/kernel/git/konrad/xen.git
++ : tested/2.6.39.x
++ : daily-cron.linux-4.1
++ : daily-cron.linux-4.1
++ : daily-cron.linux-4.1
++ : daily-cron.linux-4.1
++ : daily-cron.linux-4.1
++ : daily-cron.linux-4.1
++ : http://hg.uk.xensource.com/carbon/trunk/linux-2.6.27
++ : git://xenbits.xen.org/qemu-xen.git
++ : osst...@xenbits.xen.org:/home/xen/git/qemu-xen.git
++ : daily-cron.linux-4.1
++ : git://xenbits.xen.org/qemu-xen.git
++ : git://git.qemu.org/qemu.git
+ TREE_LINUX=osst...@xenbits.xen.org:/home/xen/git/linux-pvops.git
+ TREE_QEMU_UPSTREAM=osst...@xenbits.xen.org:/home/xen/git/qemu-xen.git
+ TREE_XEN=osst...@xenbits.xen.org:/home/xen/git/xen.git
+ TREE_LIBVIRT=osst...@xenbits.xen.org:/home/xen/git/libvirt.git
+ TREE_RUMPUSERXEN=osst...@xenbits.xen.org:/home/xen/git/rumpuser-xen.git
+ TREE_SEABIOS=osst...@xenbits.xen.org:/home/xen/git/osstest/seabios.git
+ TREE_OVMF=osst...@xenbits.xen.org:/home/xen/git/osstest/ovmf.git
+ info_linux_tree linux-4.1
+ case $1 in
+ : git://git.kernel.org/pub/scm/linux/kernel/git/stable/linux-stable.git
+ : linux-4.1.y
+ : linux-4.1.y
+ : git
+ : git
+ : git://xenbits.xen.org/linux-pvops.git
+ : osst...@xenbits.xen.org:/home/xen/git/linux-pvops.git
+ : tested/linux-4.1
+ : refs/heads/tested/linux-4.1
+ return 0
+ cd /home/osstest/repos/linux
+ git push osst...@xenbits.xen.org:/home/xen/git/linux-pvops.git 
e429f243df2823451c92227317e5fce5f310b674:refs/heads/tested/linux-4.1
To osst...@xenbits.xen.org:/home/xen/git/linux-pvops.git
   648d744..e429f243 e429f243df2823451c92227317e5fce5f310b674 -> 
tested/linux-4.1
+ exit 0

_______________________________________________
Xen-devel mailing list
Xen-devel@lists.xen.org
http://lists.xen.org/xen-devel

Reply via email to