This run is configured for baseline tests only. flight 44417 qemu-mainline real [real] http://osstest.xs.citrite.net/~osstest/testlogs/logs/44417/
Regressions :-( Tests which did not succeed and are blocking, including tests which could not be run: build-armhf-xsm 4 capture-logs !broken [st=!broken!] build-armhf-pvops 4 capture-logs !broken [st=!broken!] build-armhf 4 capture-logs !broken [st=!broken!] build-armhf-xsm 3 host-install(3) broken REGR. vs. 44402 build-armhf-pvops 3 host-install(3) broken REGR. vs. 44402 build-armhf 3 host-install(3) broken REGR. vs. 44402 test-amd64-amd64-libvirt 11 guest-start fail REGR. vs. 44402 test-amd64-amd64-amd64-pvgrub 10 guest-start fail REGR. vs. 44402 Regressions which are regarded as allowable (not blocking): test-amd64-amd64-qemuu-nested-intel 13 xen-boot/l1 fail like 44402 test-amd64-amd64-qemuu-nested-intel 14 capture-logs/l1(14) fail like 44402 Tests which did not succeed, but are not blocking: build-armhf-libvirt 1 build-check(1) blocked n/a test-armhf-armhf-libvirt-xsm 1 build-check(1) blocked n/a test-armhf-armhf-libvirt 1 build-check(1) blocked n/a test-armhf-armhf-libvirt-raw 1 build-check(1) blocked n/a test-armhf-armhf-xl-credit2 1 build-check(1) blocked n/a test-armhf-armhf-xl-xsm 1 build-check(1) blocked n/a test-armhf-armhf-xl-midway 1 build-check(1) blocked n/a test-armhf-armhf-xl-multivcpu 1 build-check(1) blocked n/a test-armhf-armhf-xl 1 build-check(1) blocked n/a test-armhf-armhf-xl-rtds 1 build-check(1) blocked n/a test-armhf-armhf-xl-vhd 1 build-check(1) blocked n/a test-armhf-armhf-libvirt-qcow2 1 build-check(1) blocked n/a test-amd64-amd64-xl-pvh-intel 11 guest-start fail never pass test-amd64-amd64-xl-pvh-amd 11 guest-start fail never pass test-amd64-i386-libvirt 12 migrate-support-check fail never pass test-amd64-amd64-libvirt-xsm 12 migrate-support-check fail never pass test-amd64-amd64-qemuu-nested-amd 16 debian-hvm-install/l1/l2 fail never pass test-amd64-i386-libvirt-xsm 12 migrate-support-check fail never pass test-amd64-amd64-libvirt-qemuu-debianhvm-amd64-xsm 10 migrate-support-check fail never pass test-amd64-i386-xl-qemuu-win7-amd64 16 guest-stop fail never pass test-amd64-amd64-xl-qemuu-win7-amd64 16 guest-stop fail never pass test-amd64-amd64-libvirt-vhd 11 migrate-support-check fail never pass test-amd64-i386-libvirt-qemuu-debianhvm-amd64-xsm 10 migrate-support-check fail never pass version targeted for testing: qemuu 70f87e0f0aa04f764dabaeb3ed71ff195748076a baseline version: qemuu 860a3b34854d8abe9af9f1eb584691de926ce897 Last test of basis 44402 2016-05-10 21:54:42 Z 4 days Testing same since 44417 2016-05-14 23:28:33 Z 0 days 1 attempts ------------------------------------------------------------ People who touched revisions under test: Alberto Garcia <be...@igalia.com> Alex Bennée <alex.ben...@linaro.org> Aurelien Jarno <aurel...@aurel32.net> Changlong Xie <xiecl.f...@cn.fujitsu.com> Cole Robinson <crobi...@redhat.com> Daniel P. Berrange <berra...@redhat.com> David Gibson <da...@gibson.dropbear.id.au> Denis V. Lunev <d...@openvz.org> Edgar E. Iglesias <edgar.igles...@xilinx.com> Emilio G. Cota <c...@braap.org> Eric Blake <ebl...@redhat.com> Fam Zheng <f...@redhat.com> Gerd Hoffmann <kra...@redhat.com> Gonglei <arei.gong...@huawei.com> Isaac Lozano <109loza...@gmail.com> Janne Karhunen <janne.karhu...@gmail.com> Jean-Christophe Dubois <j...@tribudubois.net> Kevin Wolf <kw...@redhat.com> Leon Alrae <leon.al...@imgtec.com> Markus Armbruster <arm...@redhat.com> Max Reitz <mre...@redhat.com> Md Haris Iqbal <haris.p...@gmail.com> Michael S. Tsirkin <m...@redhat.com> Paolo Bonzini <pbonz...@redhat.com> Peter Maydell <peter.mayd...@linaro.org> Pooja Dhannawat <dhannawatpoo...@gmail.com> Ren Kimura <rkx1209...@gmail.com> Richard Henderson <r...@twiddle.net> Roman Kagan <rka...@virtuozzo.com> Sascha Silbe <si...@linux.vnet.ibm.com> Sergey Fedorov <serge.f...@gmail.com> Sergey Fedorov <sergey.fedo...@linaro.org> Sergey Sorokin <afaral...@yandex.ru> Shannon Zhao <shannon.z...@linaro.org> Stefan Hajnoczi <stefa...@redhat.com> Stefan Weil <s...@weilnetz.de> Sylvain Garrigues <sylv...@sylvaingarrigues.com> Wei Jiangang <weijg.f...@cn.fujitsu.com> Wen Congyang <we...@cn.fujitsu.com> xiaoqiang zhao <zxq_yx_...@163.com> xiaoqiang.zhao <zxq_yx_...@163.com> zhanghailiang <zhang.zhanghaili...@huawei.com> Zhou Jie <zhoujie2...@cn.fujitsu.com> jobs: build-amd64-xsm pass build-armhf-xsm broken build-i386-xsm pass build-amd64 pass build-armhf broken build-i386 pass build-amd64-libvirt pass build-armhf-libvirt blocked build-i386-libvirt pass build-amd64-pvops pass build-armhf-pvops broken build-i386-pvops pass test-amd64-amd64-xl pass test-armhf-armhf-xl blocked test-amd64-i386-xl pass test-amd64-amd64-libvirt-qemuu-debianhvm-amd64-xsm pass test-amd64-i386-libvirt-qemuu-debianhvm-amd64-xsm pass test-amd64-amd64-xl-qemuu-debianhvm-amd64-xsm pass test-amd64-i386-xl-qemuu-debianhvm-amd64-xsm pass test-amd64-amd64-libvirt-xsm pass test-armhf-armhf-libvirt-xsm blocked test-amd64-i386-libvirt-xsm pass test-amd64-amd64-xl-xsm pass test-armhf-armhf-xl-xsm blocked test-amd64-i386-xl-xsm pass test-amd64-amd64-qemuu-nested-amd fail test-amd64-amd64-xl-pvh-amd fail test-amd64-i386-qemuu-rhel6hvm-amd pass test-amd64-amd64-xl-qemuu-debianhvm-amd64 pass test-amd64-i386-xl-qemuu-debianhvm-amd64 pass test-amd64-i386-freebsd10-amd64 pass test-amd64-amd64-xl-qemuu-ovmf-amd64 pass test-amd64-i386-xl-qemuu-ovmf-amd64 pass test-amd64-amd64-xl-qemuu-win7-amd64 fail test-amd64-i386-xl-qemuu-win7-amd64 fail test-amd64-amd64-xl-credit2 pass test-armhf-armhf-xl-credit2 blocked test-amd64-i386-freebsd10-i386 pass test-amd64-amd64-qemuu-nested-intel fail test-amd64-amd64-xl-pvh-intel fail test-amd64-i386-qemuu-rhel6hvm-intel pass test-amd64-amd64-libvirt fail test-armhf-armhf-libvirt blocked test-amd64-i386-libvirt pass test-armhf-armhf-xl-midway blocked test-amd64-amd64-xl-multivcpu pass test-armhf-armhf-xl-multivcpu blocked test-amd64-amd64-pair pass test-amd64-i386-pair pass test-amd64-amd64-libvirt-pair pass test-amd64-i386-libvirt-pair pass test-amd64-amd64-amd64-pvgrub fail test-amd64-amd64-i386-pvgrub pass test-amd64-amd64-pygrub pass test-armhf-armhf-libvirt-qcow2 blocked test-amd64-amd64-xl-qcow2 pass test-armhf-armhf-libvirt-raw blocked test-amd64-i386-xl-raw pass test-amd64-amd64-xl-rtds pass test-armhf-armhf-xl-rtds blocked test-amd64-i386-xl-qemuu-winxpsp3-vcpus1 pass test-amd64-amd64-libvirt-vhd pass test-armhf-armhf-xl-vhd blocked test-amd64-amd64-xl-qemuu-winxpsp3 pass test-amd64-i386-xl-qemuu-winxpsp3 pass ------------------------------------------------------------ sg-report-flight on osstest.xs.citrite.net logs: /home/osstest/logs images: /home/osstest/images Logs, config files, etc. are available at http://osstest.xs.citrite.net/~osstest/testlogs/logs Test harness code can be found at http://xenbits.xensource.com/gitweb?p=osstest.git;a=summary broken build-armhf-xsm capture-logs !broken broken-step build-armhf-xsm host-install(3) broken-step build-armhf-pvops host-install(3) broken build-armhf-pvops capture-logs !broken broken-step build-armhf host-install(3) broken build-armhf capture-logs !broken Push not applicable. (No revision log; it would be 3888 lines long.)
_______________________________________________ Xen-devel mailing list Xen-devel@lists.xen.org http://lists.xen.org/xen-devel