flight 94083 linux-3.18 real [real] http://logs.test-lab.xenproject.org/osstest/logs/94083/
Regressions :-( Tests which did not succeed and are blocking, including tests which could not be run: build-armhf 5 xen-build fail REGR. vs. 92982 build-armhf-xsm 5 xen-build fail REGR. vs. 92982 test-armhf-armhf-xl-xsm 15 guest-start/debian.repeat fail in 94035 REGR. vs. 92982 Tests which are failing intermittently (not blocking): test-armhf-armhf-xl-cubietruck 15 guest-start/debian.repeat fail in 94035 pass in 94056 test-amd64-i386-xl-qemuu-debianhvm-amd64-xsm 14 guest-saverestore.2 fail in 94035 pass in 94083 test-amd64-amd64-xl-qemut-win7-amd64 16 guest-stop fail in 94035 pass in 94083 test-armhf-armhf-xl-xsm 6 xen-boot fail in 94056 pass in 94035 test-amd64-amd64-xl-qemuu-debianhvm-amd64 9 debian-hvm-install fail in 94056 pass in 94083 test-amd64-i386-qemut-rhel6hvm-intel 9 redhat-install fail pass in 94056 test-amd64-i386-xl-qemuu-debianhvm-amd64 9 debian-hvm-install fail pass in 94056 Regressions which are regarded as allowable (not blocking): build-amd64-rumpuserxen 6 xen-build fail like 92982 build-i386-rumpuserxen 6 xen-build fail like 92982 test-amd64-i386-xl-qemuu-win7-amd64 16 guest-stop fail like 92982 test-amd64-i386-xl-qemut-win7-amd64 16 guest-stop fail like 92982 test-amd64-amd64-xl-qemuu-win7-amd64 16 guest-stop fail like 92982 Tests which did not succeed, but are not blocking: test-amd64-amd64-rumpuserxen-amd64 1 build-check(1) blocked n/a test-amd64-i386-rumpuserxen-i386 1 build-check(1) blocked n/a test-armhf-armhf-libvirt 1 build-check(1) blocked n/a test-armhf-armhf-xl-xsm 1 build-check(1) blocked n/a test-armhf-armhf-libvirt-qcow2 1 build-check(1) blocked n/a test-armhf-armhf-libvirt-raw 1 build-check(1) blocked n/a test-armhf-armhf-libvirt-xsm 1 build-check(1) blocked n/a build-armhf-libvirt 1 build-check(1) blocked n/a test-armhf-armhf-xl-arndale 1 build-check(1) blocked n/a test-armhf-armhf-xl 1 build-check(1) blocked n/a test-armhf-armhf-xl-cubietruck 1 build-check(1) blocked n/a test-armhf-armhf-xl-credit2 1 build-check(1) blocked n/a test-armhf-armhf-xl-multivcpu 1 build-check(1) blocked n/a test-armhf-armhf-xl-rtds 1 build-check(1) blocked n/a test-armhf-armhf-xl-vhd 1 build-check(1) blocked n/a test-armhf-armhf-xl-xsm 13 saverestore-support-check fail in 94035 never pass test-armhf-armhf-xl-xsm 12 migrate-support-check fail in 94035 never pass test-armhf-armhf-libvirt 14 guest-saverestore fail in 94056 never pass test-armhf-armhf-libvirt 12 migrate-support-check fail in 94056 never pass test-armhf-armhf-libvirt-qcow2 11 migrate-support-check fail in 94056 never pass test-armhf-armhf-libvirt-qcow2 13 guest-saverestore fail in 94056 never pass test-armhf-armhf-libvirt-raw 13 guest-saverestore fail in 94056 never pass test-armhf-armhf-libvirt-raw 11 migrate-support-check fail in 94056 never pass test-armhf-armhf-libvirt-xsm 12 migrate-support-check fail in 94056 never pass test-armhf-armhf-libvirt-xsm 14 guest-saverestore fail in 94056 never pass test-armhf-armhf-xl-arndale 12 migrate-support-check fail in 94056 never pass test-armhf-armhf-xl-arndale 13 saverestore-support-check fail in 94056 never pass test-armhf-armhf-xl 12 migrate-support-check fail in 94056 never pass test-armhf-armhf-xl 13 saverestore-support-check fail in 94056 never pass test-armhf-armhf-xl-cubietruck 12 migrate-support-check fail in 94056 never pass test-armhf-armhf-xl-cubietruck 13 saverestore-support-check fail in 94056 never pass test-armhf-armhf-xl-credit2 13 saverestore-support-check fail in 94056 never pass test-armhf-armhf-xl-credit2 12 migrate-support-check fail in 94056 never pass test-armhf-armhf-xl-multivcpu 13 saverestore-support-check fail in 94056 never pass test-armhf-armhf-xl-multivcpu 12 migrate-support-check fail in 94056 never pass test-armhf-armhf-xl-rtds 13 saverestore-support-check fail in 94056 never pass test-armhf-armhf-xl-rtds 12 migrate-support-check fail in 94056 never pass test-armhf-armhf-xl-vhd 11 migrate-support-check fail in 94056 never pass test-armhf-armhf-xl-vhd 12 saverestore-support-check fail in 94056 never pass test-amd64-amd64-xl-pvh-intel 14 guest-saverestore fail never pass test-amd64-amd64-xl-pvh-amd 11 guest-start fail never pass test-amd64-i386-libvirt 12 migrate-support-check fail never pass test-amd64-i386-libvirt-xsm 12 migrate-support-check fail never pass test-amd64-amd64-libvirt 12 migrate-support-check fail never pass test-amd64-amd64-libvirt-xsm 12 migrate-support-check fail never pass test-amd64-amd64-qemuu-nested-amd 16 debian-hvm-install/l1/l2 fail never pass test-amd64-i386-libvirt-qemuu-debianhvm-amd64-xsm 10 migrate-support-check fail never pass test-amd64-amd64-libvirt-qemuu-debianhvm-amd64-xsm 10 migrate-support-check fail never pass test-amd64-amd64-libvirt-vhd 11 migrate-support-check fail never pass version targeted for testing: linux 6b12ebc0ecce75d7bd3660cd85f8b47a615c2071 baseline version: linux 834125557e0a4e5afafee3caf79696078d0820ae Last test of basis 92982 2016-04-27 16:21:58 Z 16 days Testing same since 94035 2016-05-11 15:51:18 Z 2 days 3 attempts ------------------------------------------------------------ People who touched revisions under test: Alex Deucher <alexander.deuc...@amd.com> Andrew Morton <a...@linux-foundation.org> Aneesh Kumar K.V <aneesh.ku...@linux.vnet.ibm.com> Anton Blanchard <an...@samba.org> Dave Airlie <airl...@redhat.com> Dmitry Ivanov <d...@ubnt.com> Dmitry Ivanov <dmitrijs.ivan...@ubnt.com> Dmitry Torokhov <dmitry.torok...@gmail.com> Dominik Dingel <din...@linux.vnet.ibm.com> Herbert Xu <herb...@gondor.apana.org.au> Huacai Chen <che...@lemote.com> Ingo Molnar <mi...@kernel.org> Jan Beulich <jbeul...@suse.com> Johannes Berg <johannes.b...@intel.com> Jérôme Glisse <jgli...@redhat.com> Linus Torvalds <torva...@linux-foundation.org> Martin Schwidefsky <schwidef...@de.ibm.com> Mauro Carvalho Chehab <mche...@osg.samsung.com> Maxim Sheviakov <mrader3...@yandex.ru> Michael Ellerman <m...@ellerman.id.au> Patrick Geary <patri...@supermicro.com> Sasha Levin <sasha.le...@oracle.com> Sebastian Andrzej Siewior <bige...@linutronix.de> Takashi Iwai <ti...@suse.de> Thomas Gleixner <t...@linutronix.de> Tim Chen <tim.c.c...@linux.intel.com> Tom Lendacky <thomas.lenda...@amd.com> Tony Luck <tony.l...@intel.com> Vladis Dronov <vdro...@redhat.com> Xiaodong Liu <xiaodong....@intel.com> jobs: build-amd64-xsm pass build-armhf-xsm fail build-i386-xsm pass build-amd64 pass build-armhf fail build-i386 pass build-amd64-libvirt pass build-armhf-libvirt blocked build-i386-libvirt pass build-amd64-pvops pass build-armhf-pvops pass build-i386-pvops pass build-amd64-rumpuserxen fail build-i386-rumpuserxen fail test-amd64-amd64-xl pass test-armhf-armhf-xl blocked test-amd64-i386-xl pass test-amd64-amd64-xl-qemut-debianhvm-amd64-xsm pass test-amd64-i386-xl-qemut-debianhvm-amd64-xsm pass test-amd64-amd64-libvirt-qemuu-debianhvm-amd64-xsm pass test-amd64-i386-libvirt-qemuu-debianhvm-amd64-xsm pass test-amd64-amd64-xl-qemuu-debianhvm-amd64-xsm pass test-amd64-i386-xl-qemuu-debianhvm-amd64-xsm pass test-amd64-amd64-xl-qemut-stubdom-debianhvm-amd64-xsm pass test-amd64-i386-xl-qemut-stubdom-debianhvm-amd64-xsm pass test-amd64-amd64-libvirt-xsm pass test-armhf-armhf-libvirt-xsm blocked test-amd64-i386-libvirt-xsm pass test-amd64-amd64-xl-xsm pass test-armhf-armhf-xl-xsm blocked test-amd64-i386-xl-xsm pass test-amd64-amd64-qemuu-nested-amd fail test-amd64-amd64-xl-pvh-amd fail test-amd64-i386-qemut-rhel6hvm-amd pass test-amd64-i386-qemuu-rhel6hvm-amd pass test-amd64-amd64-xl-qemut-debianhvm-amd64 pass test-amd64-i386-xl-qemut-debianhvm-amd64 pass test-amd64-amd64-xl-qemuu-debianhvm-amd64 pass test-amd64-i386-xl-qemuu-debianhvm-amd64 fail test-amd64-i386-freebsd10-amd64 pass test-amd64-amd64-xl-qemuu-ovmf-amd64 pass test-amd64-i386-xl-qemuu-ovmf-amd64 pass test-amd64-amd64-rumpuserxen-amd64 blocked test-amd64-amd64-xl-qemut-win7-amd64 pass test-amd64-i386-xl-qemut-win7-amd64 fail test-amd64-amd64-xl-qemuu-win7-amd64 fail test-amd64-i386-xl-qemuu-win7-amd64 fail test-armhf-armhf-xl-arndale blocked test-amd64-amd64-xl-credit2 pass test-armhf-armhf-xl-credit2 blocked test-armhf-armhf-xl-cubietruck blocked test-amd64-i386-freebsd10-i386 pass test-amd64-i386-rumpuserxen-i386 blocked test-amd64-amd64-qemuu-nested-intel pass test-amd64-amd64-xl-pvh-intel fail test-amd64-i386-qemut-rhel6hvm-intel fail test-amd64-i386-qemuu-rhel6hvm-intel pass test-amd64-amd64-libvirt pass test-armhf-armhf-libvirt blocked test-amd64-i386-libvirt pass test-amd64-amd64-xl-multivcpu pass test-armhf-armhf-xl-multivcpu blocked test-amd64-amd64-pair pass test-amd64-i386-pair pass test-amd64-amd64-libvirt-pair pass test-amd64-i386-libvirt-pair pass test-amd64-amd64-amd64-pvgrub pass test-amd64-amd64-i386-pvgrub pass test-amd64-amd64-pygrub pass test-armhf-armhf-libvirt-qcow2 blocked test-amd64-amd64-xl-qcow2 pass test-armhf-armhf-libvirt-raw blocked test-amd64-i386-xl-raw pass test-amd64-amd64-xl-rtds pass test-armhf-armhf-xl-rtds blocked test-amd64-i386-xl-qemut-winxpsp3-vcpus1 pass test-amd64-i386-xl-qemuu-winxpsp3-vcpus1 pass test-amd64-amd64-libvirt-vhd pass test-armhf-armhf-xl-vhd blocked test-amd64-amd64-xl-qemut-winxpsp3 pass test-amd64-i386-xl-qemut-winxpsp3 pass test-amd64-amd64-xl-qemuu-winxpsp3 pass test-amd64-i386-xl-qemuu-winxpsp3 pass ------------------------------------------------------------ sg-report-flight on osstest.test-lab.xenproject.org logs: /home/logs/logs images: /home/logs/images Logs, config files, etc. are available at http://logs.test-lab.xenproject.org/osstest/logs Explanation of these reports, and of osstest in general, is at http://xenbits.xen.org/gitweb/?p=osstest.git;a=blob;f=README.email;hb=master http://xenbits.xen.org/gitweb/?p=osstest.git;a=blob;f=README;hb=master Test harness code can be found at http://xenbits.xen.org/gitweb?p=osstest.git;a=summary Not pushing. (No revision log; it would be 523 lines long.)
_______________________________________________ Xen-devel mailing list Xen-devel@lists.xen.org http://lists.xen.org/xen-devel