This run is configured for baseline tests only. flight 44388 linux-3.14 real [real] http://osstest.xs.citrite.net/~osstest/testlogs/logs/44388/
Regressions :-( Tests which did not succeed and are blocking, including tests which could not be run: test-amd64-i386-qemut-rhel6hvm-amd 9 redhat-install fail REGR. vs. 44353 test-amd64-i386-libvirt-qemuu-debianhvm-amd64-xsm 9 debian-hvm-install fail REGR. vs. 44353 Regressions which are regarded as allowable (not blocking): build-amd64-rumpuserxen 6 xen-build fail like 44353 build-i386-rumpuserxen 6 xen-build fail like 44353 test-amd64-amd64-xl-qemuu-win7-amd64 16 guest-stop fail like 44353 test-amd64-amd64-xl-qemut-win7-amd64 16 guest-stop fail like 44353 test-amd64-i386-xl-qemuu-win7-amd64 16 guest-stop fail like 44353 Tests which did not succeed, but are not blocking: test-amd64-i386-rumpuserxen-i386 1 build-check(1) blocked n/a test-amd64-amd64-rumpuserxen-amd64 1 build-check(1) blocked n/a test-amd64-amd64-xl-pvh-amd 11 guest-start fail never pass test-amd64-amd64-xl-pvh-intel 11 guest-start fail never pass test-amd64-amd64-libvirt 12 migrate-support-check fail never pass test-amd64-amd64-libvirt-xsm 12 migrate-support-check fail never pass test-amd64-i386-libvirt-xsm 12 migrate-support-check fail never pass test-amd64-i386-libvirt 12 migrate-support-check fail never pass test-amd64-amd64-qemuu-nested-amd 16 debian-hvm-install/l1/l2 fail never pass test-amd64-amd64-libvirt-qemuu-debianhvm-amd64-xsm 10 migrate-support-check fail never pass test-amd64-i386-xl-qemut-win7-amd64 16 guest-stop fail never pass test-amd64-amd64-libvirt-vhd 11 migrate-support-check fail never pass version targeted for testing: linux 48763742b1bceb119b04656b8dd06e0617dfa89a baseline version: linux 2ba480453d5acb3d9d5635358c6af84201d70939 Last test of basis 44353 2016-04-21 22:08:41 Z 13 days Testing same since 44388 2016-05-05 04:53:57 Z 0 days 1 attempts ------------------------------------------------------------ People who touched revisions under test: Alan Stern <st...@rowland.harvard.edu> Alexander Kochetkov <al.koc...@gmail.com> Alexandre Belloni <alexandre.bell...@free-electrons.com> Andrew Morton <a...@linux-foundation.org> Andy Lutomirski <l...@kernel.org> Aristeu Rozanski <a...@redhat.com> Arnaldo Carvalho de Melo <a...@redhat.com> Arnd Bergmann <a...@arndb.de> Ben Hutchings <b...@decadent.org.uk> Borislav Petkov <b...@suse.de> Chas Williams <3ch...@gmail.com> Daniel Lezcano <daniel.lezc...@linaro.org> David Howells <dhowe...@redhat.com> David S. Miller <da...@davemloft.net> Davidlohr Bueso <d...@stgolabs.net> Davidlohr Bueso <dbu...@suse.de> Dmitry Ivanov <d...@ubnt.com> Dmitry Ivanov <dmitrijs.ivan...@ubnt.com> Dmitry Torokhov <dmitry.torok...@gmail.com> Eryu Guan <guane...@gmail.com> Fabio Estevam <fabio.este...@nxp.com> Geert Uytterhoeven <geert+rene...@glider.be> Geert Uytterhoeven <ge...@linux-m68k.org> Greg Kroah-Hartman <gre...@linuxfoundation.org> Guo-Fu Tseng <coolda...@cooldavid.org> Herbert Xu <herb...@gondor.apana.org.au> Ignat Korchagin <ignat.korcha...@gmail.com> Ingo Molnar <mi...@kernel.org> J. Bruce Fields <bfie...@redhat.com> Jani Nikula <jani.nik...@intel.com> Javier Martinez Canillas <jav...@osg.samsung.com> Jerome Marchand <jmarc...@redhat.com> Johannes Berg <johannes.b...@intel.com> John Keeping <j...@metanate.com> K. Y. Srinivasan <k...@microsoft.com> Kamal Mostafa <ka...@canonical.com> Keerthy <j-keer...@ti.com> Laszlo Ersek <ler...@redhat.com> Linus Torvalds <torva...@linux-foundation.org> Linus Walleij <linus.wall...@linaro.org> Lokesh Vutla <lokeshvu...@ti.com> Lu Baolu <baolu...@linux.intel.com> Mark Brown <broo...@kernel.org> Mathias Nyman <mathias.ny...@linux.intel.com> Matt Fleming <m...@codeblueprint.co.uk> Mauro Carvalho Chehab <mche...@osg.samsung.com> Michael Ellerman <m...@ellerman.id.au> Michael Hennerich <michael.henner...@analog.com> NeilBrown <ne...@suse.com> Olof Johansson <o...@lixom.net> Pali Rohár <pali.ro...@gmail.com> Paul Gortmaker <paul.gortma...@windriver.com> Paul Walmsley <p...@pwsan.com> Robert Dobrowolski <robert.dobrowol...@linux.intel.com> Roman Pen <roman.peny...@profitbricks.com> Rui Salvaterra <rsalvate...@gmail.com> Shawn Guo <shawn...@kernel.org> Sugar Zhang <sugar.zh...@rock-chips.com> Sushaanth Srirangapathi <sushaant...@ti.com> Tejun Heo <t...@kernel.org> Tero Kristo <t-kri...@ti.com> Theodore Ts'o <ty...@mit.edu> Thomas Gleixner <t...@linutronix.de> Tom Lendacky <thomas.lenda...@amd.com> Tomi Valkeinen <tomi.valkei...@ti.com> Tony Lindgren <t...@atomide.com> Tony Luck <tony.l...@intel.com> Vasily Kulikov <seg...@openwall.com> Vitaly Kuznetsov <vkuzn...@redhat.com> Vladis Dronov <vdro...@redhat.com> Wolfram Sang <w...@the-dreams.de> jobs: build-amd64-xsm pass build-i386-xsm pass build-amd64 pass build-i386 pass build-amd64-libvirt pass build-i386-libvirt pass build-amd64-pvops pass build-i386-pvops pass build-amd64-rumpuserxen fail build-i386-rumpuserxen fail test-amd64-amd64-xl pass test-amd64-i386-xl pass test-amd64-amd64-xl-qemut-debianhvm-amd64-xsm pass test-amd64-i386-xl-qemut-debianhvm-amd64-xsm pass test-amd64-amd64-libvirt-qemuu-debianhvm-amd64-xsm pass test-amd64-i386-libvirt-qemuu-debianhvm-amd64-xsm fail test-amd64-amd64-xl-qemuu-debianhvm-amd64-xsm pass test-amd64-i386-xl-qemuu-debianhvm-amd64-xsm pass test-amd64-amd64-xl-qemut-stubdom-debianhvm-amd64-xsm pass test-amd64-i386-xl-qemut-stubdom-debianhvm-amd64-xsm pass test-amd64-amd64-libvirt-xsm pass test-amd64-i386-libvirt-xsm pass test-amd64-amd64-xl-xsm pass test-amd64-i386-xl-xsm pass test-amd64-amd64-qemuu-nested-amd fail test-amd64-amd64-xl-pvh-amd fail test-amd64-i386-qemut-rhel6hvm-amd fail test-amd64-i386-qemuu-rhel6hvm-amd pass test-amd64-amd64-xl-qemut-debianhvm-amd64 pass test-amd64-i386-xl-qemut-debianhvm-amd64 pass test-amd64-amd64-xl-qemuu-debianhvm-amd64 pass test-amd64-i386-xl-qemuu-debianhvm-amd64 pass test-amd64-i386-freebsd10-amd64 pass test-amd64-amd64-xl-qemuu-ovmf-amd64 pass test-amd64-i386-xl-qemuu-ovmf-amd64 pass test-amd64-amd64-rumpuserxen-amd64 blocked test-amd64-amd64-xl-qemut-win7-amd64 fail test-amd64-i386-xl-qemut-win7-amd64 fail test-amd64-amd64-xl-qemuu-win7-amd64 fail test-amd64-i386-xl-qemuu-win7-amd64 fail test-amd64-amd64-xl-credit2 pass test-amd64-i386-freebsd10-i386 pass test-amd64-i386-rumpuserxen-i386 blocked test-amd64-amd64-qemuu-nested-intel pass test-amd64-amd64-xl-pvh-intel fail test-amd64-i386-qemut-rhel6hvm-intel pass test-amd64-i386-qemuu-rhel6hvm-intel pass test-amd64-amd64-libvirt pass test-amd64-i386-libvirt pass test-amd64-amd64-xl-multivcpu pass test-amd64-amd64-pair pass test-amd64-i386-pair pass test-amd64-amd64-libvirt-pair pass test-amd64-i386-libvirt-pair pass test-amd64-amd64-amd64-pvgrub pass test-amd64-amd64-i386-pvgrub pass test-amd64-amd64-pygrub pass test-amd64-amd64-xl-qcow2 pass test-amd64-i386-xl-raw pass test-amd64-amd64-xl-rtds pass test-amd64-i386-xl-qemut-winxpsp3-vcpus1 pass test-amd64-i386-xl-qemuu-winxpsp3-vcpus1 pass test-amd64-amd64-libvirt-vhd pass test-amd64-amd64-xl-qemut-winxpsp3 pass test-amd64-i386-xl-qemut-winxpsp3 pass test-amd64-amd64-xl-qemuu-winxpsp3 pass test-amd64-i386-xl-qemuu-winxpsp3 pass ------------------------------------------------------------ sg-report-flight on osstest.xs.citrite.net logs: /home/osstest/logs images: /home/osstest/images Logs, config files, etc. are available at http://osstest.xs.citrite.net/~osstest/testlogs/logs Test harness code can be found at http://xenbits.xensource.com/gitweb?p=osstest.git;a=summary Push not applicable. (No revision log; it would be 1145 lines long.)
_______________________________________________ Xen-devel mailing list Xen-devel@lists.xen.org http://lists.xen.org/xen-devel