This run is configured for baseline tests only.

flight 44372 linux-3.4 real [real]
http://osstest.xs.citrite.net/~osstest/testlogs/logs/44372/

Regressions :-(

Tests which did not succeed and are blocking,
including tests which could not be run:
 test-amd64-i386-xl-qemuu-debianhvm-amd64  6 xen-boot      fail REGR. vs. 44273
 test-amd64-i386-xl-raw       18 guest-start/debian.repeat fail REGR. vs. 44273

Regressions which are regarded as allowable (not blocking):
 build-i386-rumpuserxen        6 xen-build                    fail   like 44273
 build-amd64-rumpuserxen       6 xen-build                    fail   like 44273

Tests which did not succeed, but are not blocking:
 test-amd64-i386-rumpuserxen-i386  1 build-check(1)               blocked  n/a
 test-amd64-amd64-rumpuserxen-amd64  1 build-check(1)               blocked n/a
 test-amd64-amd64-xl-pvh-amd  11 guest-start                  fail   never pass
 test-amd64-amd64-xl-pvh-intel 11 guest-start                  fail  never pass
 test-amd64-i386-libvirt-xsm  12 migrate-support-check        fail   never pass
 test-amd64-i386-libvirt      12 migrate-support-check        fail   never pass
 test-amd64-amd64-libvirt     12 migrate-support-check        fail   never pass
 test-amd64-amd64-libvirt-xsm 12 migrate-support-check        fail   never pass
 test-amd64-i386-libvirt-qemuu-debianhvm-amd64-xsm 10 migrate-support-check 
fail never pass
 test-amd64-amd64-qemuu-nested-amd 16 debian-hvm-install/l1/l2  fail never pass
 test-amd64-amd64-libvirt-qemuu-debianhvm-amd64-xsm 10 migrate-support-check 
fail never pass
 test-amd64-amd64-xl-qemuu-win7-amd64 16 guest-stop             fail never pass
 test-amd64-i386-xl-qemuu-win7-amd64 16 guest-stop              fail never pass
 test-amd64-i386-xl-qemut-win7-amd64 16 guest-stop              fail never pass
 test-amd64-amd64-xl-qemut-win7-amd64 16 guest-stop             fail never pass
 test-amd64-amd64-qemuu-nested-intel 16 debian-hvm-install/l1/l2 fail never pass
 test-amd64-amd64-libvirt-vhd 11 migrate-support-check        fail   never pass

version targeted for testing:
 linux                343a5fbeef08baf2097b8cf4e26137cebe3cfef4
baseline version:
 linux                3389604d77540abf738b486d650c1745b2d663ca

Last test of basis    44273  2016-03-22 11:52:37 Z   38 days
Testing same since    44372  2016-04-29 15:54:02 Z    0 days    1 attempts

------------------------------------------------------------
People who touched revisions under test:
  Alan Stern <st...@rowland.harvard.edu>
  Alex Deucher <alexander.deuc...@amd.com>
  Alexander Duyck <alexander.h.du...@redhat.com>
  Alexey Klimov <alexey.kli...@linaro.org>
  Andreas Schwab <sch...@linux-m68k.org>
  Andrew Morton <a...@linux-foundation.org>
  Andrey Ryabinin <aryabi...@odin.com>
  Andy Lutomirski <luto <at> kernel.org>
  Andy Lutomirski <l...@kernel.org>
  Ard Biesheuvel <ard.biesheu...@linaro.org>
  Arnaldo Carvalho de Melo <a...@redhat.com>
  Ben Hutchings <b...@decadent.org.uk>
  Ben Skeggs <bske...@redhat.com>
  Bjorn Helgaas <bhelg...@google.com>
  Bob Copeland <m...@bobcopeland.com>
  Borislav Petkov <b...@suse.de>
  Cathy Avery <cathy.av...@oracle.com>
  Charles Keepax <ckee...@opensource.wolfsonmicro.com>
  Christian Zander <christ...@nervanasys.com>
  Christoph Biedl <linux-kernel.b...@manchmal.in-ulm.de>
  Christoph Hellwig <h...@lst.de>
  Christophe Leroy <christophe.le...@c-s.fr>
  Chuck Lever <chuck.le...@oracle.com>
  Dan Carpenter <dan.carpen...@oracle.com>
  Dave Airlie <airl...@gmail.com>
  David Daney <david.da...@cavium.com>
  David Härdeman <da...@hardeman.nu>
  David Vrabel <david.vra...@citrix.com>
  David Woodhouse <david.woodho...@intel.com>
  David Woodhouse <dw...@infradead.org>
  Doron Tsur <dor...@mellanox.com>
  Doug Ledford <dledf...@redhat.com>
  Dāvis Mosāns <davis...@gmail.com>
  Felix Fietkau <n...@openwrt.org>
  G. Richard Bellamy <rbell...@pteradigm.com>
  Geert Uytterhoeven <ge...@linux-m68k.org>
  Grant Likely <grant.lik...@linaro.org>
  Grazvydas Ignotas <nota...@gmail.com>
  Greg Kroah-Hartman <gre...@linuxfoundation.org>
  Guenter Roeck <li...@roeck-us.net>
  H. Nikolaus Schaller <h...@goldelico.com>
  Herbert Xu <herb...@gondor.apana.org.au>
  Hin-Tak Leung <ht...@users.sourceforge.net>
  Ilia Mirkin <imir...@alum.mit.edu>
  Ingo Molnar <mi...@kernel.org>
  J. Bruce Fields <bfie...@redhat.com>
  James Bottomley <jbottom...@odin.com>
  James Hogan <james.ho...@imgtec.com>
  Jan Kara <j...@suse.com>
  Jann Horn <j...@thejh.net>
  Jarkko Nikula <jarkko.nik...@linux.intel.com>
  Jeff Mahoney <je...@suse.com>
  Jeffery Miller <jmil...@neverware.com>
  Jens Axboe <ax...@fb.com>
  Jesse Jones <jjo...@cococorp.com>
  Joe Thornber <thorn...@redhat.com>
  Joerg Roedel <jroe...@suse.de>
  Johan Hovold <jo...@kernel.org>
  Johannes Berg <johannes.b...@intel.com>
  John Stultz <john.stu...@linaro.org>
  Joseph Qi <joseph...@huawei.com>
  Kalle Valo <kv...@codeaurora.org>
  Kamal Mostafa <kamal <at> canonical.com>
  Kees Cook <keesc...@chromium.org>
  Konrad Rzeszutek Wilk <konrad.w...@oracle.com>
  Kosuke Tatsukawa <ta...@ab.jp.nec.com>
  Laura Abbott <labb...@fedoraproject.org>
  Linus Torvalds <torva...@linux-foundation.org>
  Luca Coelho <luciano.coe...@intel.com>
  Malcolm Crossley <malcolm.cross...@citrix.com>
  Mark Brown <broo...@kernel.org>
  Mark Rustad <mark.d.rus...@intel.com>
  Masahiro Yamada <yamada.masah...@socionext.com>
  Matan Barak <mat...@mellanox.com>
  Mathias Nyman <mathias.ny...@linux.intel.com>
  Matthijs Kooijman <matth...@stdin.nl>
  Mauro Carvalho Chehab <mche...@osg.samsung.com>
  Mel Gorman <mgor...@techsingularity.net>
  Michael Ellerman <m...@ellerman.id.au>
  Mike Snitzer <snit...@redhat.com>
  Mikulas Patocka <miku...@twibright.com>
  Mikulas Patocka <mpato...@redhat.com>
  Namhyung Kim <namhy...@kernel.org>
  Nate Dailey <nate.dai...@stratus.com>
  NeilBrown <ne...@suse.com>
  Nicolas Pitre <n...@linaro.org>
  Noa Osherovich <no...@mellanox.com>
  Or Gerlitz <ogerl...@mellanox.com>
  Paolo Bonzini <pbonz...@redhat.com>
  Paul Bolle <pebo...@tiscali.nl>
  Paul Mackerras <pau...@ozlabs.org>
  Paul Mackerras <pau...@samba.org>
  Paul Moore <p...@paul-moore.com>
  Peter Chen <peter.c...@freescale.com>
  Peter Seiderer <ps.rep...@gmx.net>
  Peter Zijlstra (Intel) <pet...@infradead.org>
  Peter Zijlstra <pet...@infradead.org>
  Ralf Baechle <r...@linux-mips.org>
  Ricardo Ribalda Delgado <ricardo.riba...@gmail.com>
  Richard Weinberger <rich...@nod.at>
  Rob Herring <r...@kernel.org>
  Robert Jarzmik <robert.jarz...@free.fr>
  Roger Quadros <rog...@ti.com>
  Russell King <rmk+ker...@arm.linux.org.uk>
  Rusty Russell <ru...@rustcorp.com.au>
  Serge Hallyn <serge.hal...@canonical.com>
  Sergei Antonov <sap...@gmail.com>
  Shachar Raindel <rain...@mellanox.com>
  Shani Michaeli <sha...@mellanox.com>
  Shaohua Li <s...@fb.com>
  Sheng Yong <shengyo...@huawei.com>
  shengyong <shengyo...@huawei.com>
  Steffen Klassert <steffen.klass...@secunet.com>
  Stephen Chandler Paul <cp...@redhat.com>
  Steve French <smfre...@gmail.com>
  Sudip Mukherjee <su...@vectorindia.org>
  Sudip Mukherjee <sudipm.mukher...@gmail.com>
  T.J. Purtell <t...@mobisocial.us>
  Takashi Iwai <ti...@suse.de>
  Tan, Jui Nee <jui.nee....@intel.com>
  Tejun Heo <t...@kernel.org>
  Thomas Gleixner <t...@linutronix.de>
  Thomas Huth <th...@redhat.com>
  Tony Lindgren <t...@atomide.com>
  Trond Myklebust <trond.mykleb...@primarydata.com>
  Tyler Hicks <tyhi...@canonical.com>
  Vasant Hegde <hegdevas...@linux.vnet.ibm.com>
  Vincent Palatin <vpala...@chromium.org>
  Vincent Pelletier <plr.vinc...@gmail.com>
  Wolfram Sang <wsa+rene...@sang-engineering.com>
  Yao-Wen Mao <yao...@google.com>
  Yishai Hadas <yish...@mellanox.com>
  Zefan Li <lize...@huawei.com>

jobs:
 build-amd64-xsm                                              pass    
 build-i386-xsm                                               pass    
 build-amd64                                                  pass    
 build-i386                                                   pass    
 build-amd64-libvirt                                          pass    
 build-i386-libvirt                                           pass    
 build-amd64-pvops                                            pass    
 build-i386-pvops                                             pass    
 build-amd64-rumpuserxen                                      fail    
 build-i386-rumpuserxen                                       fail    
 test-amd64-amd64-xl                                          pass    
 test-amd64-i386-xl                                           pass    
 test-amd64-amd64-xl-qemut-debianhvm-amd64-xsm                pass    
 test-amd64-i386-xl-qemut-debianhvm-amd64-xsm                 pass    
 test-amd64-amd64-libvirt-qemuu-debianhvm-amd64-xsm           pass    
 test-amd64-i386-libvirt-qemuu-debianhvm-amd64-xsm            pass    
 test-amd64-amd64-xl-qemuu-debianhvm-amd64-xsm                pass    
 test-amd64-i386-xl-qemuu-debianhvm-amd64-xsm                 pass    
 test-amd64-amd64-xl-qemut-stubdom-debianhvm-amd64-xsm        pass    
 test-amd64-i386-xl-qemut-stubdom-debianhvm-amd64-xsm         pass    
 test-amd64-amd64-libvirt-xsm                                 pass    
 test-amd64-i386-libvirt-xsm                                  pass    
 test-amd64-amd64-xl-xsm                                      pass    
 test-amd64-i386-xl-xsm                                       pass    
 test-amd64-amd64-qemuu-nested-amd                            fail    
 test-amd64-amd64-xl-pvh-amd                                  fail    
 test-amd64-i386-qemut-rhel6hvm-amd                           pass    
 test-amd64-i386-qemuu-rhel6hvm-amd                           pass    
 test-amd64-amd64-xl-qemut-debianhvm-amd64                    pass    
 test-amd64-i386-xl-qemut-debianhvm-amd64                     pass    
 test-amd64-amd64-xl-qemuu-debianhvm-amd64                    pass    
 test-amd64-i386-xl-qemuu-debianhvm-amd64                     fail    
 test-amd64-i386-freebsd10-amd64                              pass    
 test-amd64-amd64-xl-qemuu-ovmf-amd64                         pass    
 test-amd64-i386-xl-qemuu-ovmf-amd64                          pass    
 test-amd64-amd64-rumpuserxen-amd64                           blocked 
 test-amd64-amd64-xl-qemut-win7-amd64                         fail    
 test-amd64-i386-xl-qemut-win7-amd64                          fail    
 test-amd64-amd64-xl-qemuu-win7-amd64                         fail    
 test-amd64-i386-xl-qemuu-win7-amd64                          fail    
 test-amd64-amd64-xl-credit2                                  pass    
 test-amd64-i386-freebsd10-i386                               pass    
 test-amd64-i386-rumpuserxen-i386                             blocked 
 test-amd64-amd64-qemuu-nested-intel                          fail    
 test-amd64-amd64-xl-pvh-intel                                fail    
 test-amd64-i386-qemut-rhel6hvm-intel                         pass    
 test-amd64-i386-qemuu-rhel6hvm-intel                         pass    
 test-amd64-amd64-libvirt                                     pass    
 test-amd64-i386-libvirt                                      pass    
 test-amd64-amd64-xl-multivcpu                                pass    
 test-amd64-amd64-pair                                        pass    
 test-amd64-i386-pair                                         pass    
 test-amd64-amd64-libvirt-pair                                pass    
 test-amd64-i386-libvirt-pair                                 pass    
 test-amd64-amd64-amd64-pvgrub                                pass    
 test-amd64-amd64-i386-pvgrub                                 pass    
 test-amd64-amd64-pygrub                                      pass    
 test-amd64-amd64-xl-qcow2                                    pass    
 test-amd64-i386-xl-raw                                       fail    
 test-amd64-amd64-xl-rtds                                     pass    
 test-amd64-i386-xl-qemut-winxpsp3-vcpus1                     pass    
 test-amd64-i386-xl-qemuu-winxpsp3-vcpus1                     pass    
 test-amd64-amd64-libvirt-vhd                                 pass    
 test-amd64-amd64-xl-qemut-winxpsp3                           pass    
 test-amd64-i386-xl-qemut-winxpsp3                            pass    
 test-amd64-amd64-xl-qemuu-winxpsp3                           pass    
 test-amd64-i386-xl-qemuu-winxpsp3                            pass    


------------------------------------------------------------
sg-report-flight on osstest.xs.citrite.net
logs: /home/osstest/logs
images: /home/osstest/images

Logs, config files, etc. are available at
    http://osstest.xs.citrite.net/~osstest/testlogs/logs

Test harness code can be found at
    http://xenbits.xensource.com/gitweb?p=osstest.git;a=summary


Push not applicable.

(No revision log; it would be 2860 lines long.)

_______________________________________________
Xen-devel mailing list
Xen-devel@lists.xen.org
http://lists.xen.org/xen-devel

Reply via email to